-- Table structure for table `jos_content_frontpage`
--

CREATE TABLE `jos_content_frontpage` (
  `content_id` int(11) NOT NULL DEFAULT '0',
  `ordering` int(11) NOT NULL DEFAULT '0',
  PRIMARY KEY (`content_id`)
) ENGINE=MyISAM DEFAULT CHARSET=utf8;

--
-- Dumping data for table `jos_content_frontpage`
--

INSERT INTO `jos_content_frontpage` VALUES (1,2),(15,1);

--
-- Table structure for table `jos_content_rating`
--

CREATE TABLE `jos_content_rating` (
  `content_id` int(11) NOT NULL DEFAULT '0',
  `rating_sum` int(11) unsigned NOT NULL DEFAULT '0',
  `rating_count` int(11) unsigned NOT NULL DEFAULT '0',
  `lastip` varchar(50) NOT NULL DEFAULT '',
  PRIMARY KEY (`content_id`)
) ENGINE=MyISAM DEFAULT CHARSET=utf8;

--
-- Dumping data for table `jos_content_rating`
--


--
-- Table structure for table `jos_core_acl_aro`
--

CREATE TABLE `jos_core_acl_aro` (
  `id` int(11) NOT NULL AUTO_INCREMENT,
  `section_value` varchar(240) NOT NULL DEFAULT '0',
  `value` varchar(240) NOT NULL DEFAULT '',
  `order_value` int(11) NOT NULL DEFAULT '0',
  `name` varchar(255) NOT NULL DEFAULT '',
  `hidden` int(11) NOT NULL DEFAULT '0',
  PRIMARY KEY (`id`),
  UNIQUE KEY `jos_section_value_value_aro` (`section_value`(100),`value`(100)),
  KEY `jos_gacl_hidden_aro` (`hidden`)
) ENGINE=MyISAM AUTO_INCREMENT=356 DEFAULT CHARSET=utf8;

--
-- Dumping data for table `jos_core_acl_aro`
--

INSERT INTO `jos_core_acl_aro` VALUES (10,'users','62',0,'Administrator',0),(19,'users','71',0,'Raphaël Zerr',0),(15,'users','67',0,'Vincent',0),(13,'users','65',0,'Hervald',0),(20,'users','72',0,'Jocelyn Thiery',0),(22,'users','74',0,'Alban Caseiro',0),(28,'users','80',0,'Schneider',0),(24,'users','76',0,'Cédric Grebenieff',0),(41,'users','93',0,'Lise Colin',0),(40,'users','92',0,'Matthieu Neff',0),(42,'users','94',0,'Sébastien Roux',0),(36,'users','88',0,'Cécile',0),(38,'users','90',0,'Olivier BASTIEN',0),(70,'users','122',0,'Barbara Enderlen',0),(92,'users','144',0,'Argan Dubois',0),(51,'users','103',0,'Guise',0),(50,'users','102',0,'Gaelle Fantin',0),(271,'users','323',0,'mainguy samuel',0),(79,'users','131',0,'Virginie',0),(89,'users','141',0,'ysobel',0),(118,'users','170',0,'Schubnel',0),(123,'users','175',0,'Pierre-Marie Gruss',0),(149,'users','201',0,'Anthony Ragonnet',0),(334,'users','386',0,'badonnel',0),(335,'users','387',0,'Dominique Faure',0),(285,'users','337',0,'Gaël Coureau',0),(289,'users','341',0,'fanny Binard',0),(290,'users','342',0,'Romain Perello',0),(291,'users','343',0,'asbjorn',0),(298,'users','350',0,'ERB',0),(299,'users','351',0,'Frederic Boillot',0),(304,'users','356',0,'Jacques Boillot',0),(305,'users','357',0,'La doloyre',0),(306,'users','358',0,'Jeldrick',0),(307,'users','359',0,'Aurélien Grateau',0),(336,'users','388',0,'Eloise Micossi',0),(324,'users','376',0,'Pierrat Hassoun Simon',0),(310,'users','362',0,'Jérémy Sirguey',0),(312,'users','364',0,'Romary Valdenaire',0),(313,'users','365',0,'Christophe Bourrelier',0),(333,'users','385',0,'Jessica LONGIN',0),(321,'users','373',0,'Cécilia',0),(316,'users','368',0,'laurèn Hafis',0),(317,'users','369',0,'Rozie',0),(318,'users','370',0,'Florian Chays',0),(319,'users','371',0,'administrateur bibliothèque',0),(320,'users','372',0,'Arnaud Enderlen',0),(323,'users','375',0,'Mélanie Woirin',0),(337,'users','389',0,'Sophie Brugnoni',0),(326,'users','378',0,'de Brébisson',0),(327,'users','379',0,'La belette',0),(328,'users','380',0,'Olivier Lachavanne',0),(329,'users','381',0,'Leila El Khessassi',0),(330,'users','382',0,'Gaby',0),(331,'users','383',0,'Chantal',0),(332,'users','384',0,'Thevenot',0),(340,'users','392',0,'Damien Frapy',0),(341,'users','393',0,'Victor Voisin',0),(342,'users','394',0,'Johanna Vienot',0),(343,'users','395',0,'Laurent Vienot',0),(344,'users','396',0,'Bertrand Michaud',0),(345,'users','397',0,'Christophe Chaillet',0),(346,'users','398',0,'Louis Marline',0),(347,'users','399',0,'Nicolas Roy',0),(348,'users','400',0,'Gérard Mierzwa',0),(355,'users','407',0,'Franck Poirel',0);

--
-- Table structure for table `jos_core_acl_aro_groups`
--

CREATE TABLE `jos_core_acl_aro_groups` (
  `id` int(11) NOT NULL AUTO_INCREMENT,
  `parent_id` int(11) NOT NULL DEFAULT '0',
  `name` varchar(255) NOT NULL DEFAULT '',
  `lft` int(11) NOT NULL DEFAULT '0',
  `rgt` int(11) NOT NULL DEFAULT '0',
  `value` varchar(255) NOT NULL DEFAULT '',
  PRIMARY KEY (`id`),
  KEY `jos_gacl_parent_id_aro_groups` (`parent_id`),
  KEY `jos_gacl_lft_rgt_aro_groups` (`lft`,`rgt`)
) ENGINE=MyISAM AUTO_INCREMENT=33 DEFAULT CHARSET=utf8;

--
-- Dumping data for table `jos_core_acl_aro_groups`
--

INSERT INTO `jos_core_acl_aro_groups` VALUES (17,0,'ROOT',1,26,'ROOT'),(28,17,'USERS',2,25,'USERS'),(29,28,'Public Frontend',3,16,'Public Frontend'),(18,29,'Registered',4,15,'Registered'),(19,18,'Author',5,12,'Author'),(20,19,'Editor',6,9,'Editor'),(21,20,'Publisher',7,8,'Publisher'),(30,28,'Public Backend',17,24,'Public Backend'),(23,30,'Manager',18,23,'Manager'),(24,23,'Administrator',19,22,'Administrator'),(25,24,'Super Administrator',20,21,'Super Administrator'),(31,19,'membres CEFC',10,11,'membres CEFC'),(32,18,'groupe test',13,14,'groupe test');

--
-- Table structure for table `jos_core_acl_aro_map`
--

CREATE TABLE `jos_core_acl_aro_map` (
  `acl_id` int(11) NOT NULL DEFAULT '0',
  `section_value` varchar(230) NOT NULL DEFAULT '0',
  `value` varchar(100) NOT NULL,
  PRIMARY KEY (`acl_id`,`section_value`,`value`)
) ENGINE=MyISAM DEFAULT CHARSET=utf8;

--
-- Dumping data for table `jos_core_acl_aro_map`
--


--
-- Table structure for table `jos_core_acl_aro_sections`
--

CREATE TABLE `jos_core_acl_aro_sections` (
  `id` int(11) NOT NULL AUTO_INCREMENT,
  `value` varchar(230) NOT NULL DEFAULT '',
  `order_value` int(11) NOT NULL DEFAULT '0',
  `name` varchar(230) NOT NULL DEFAULT '',
  `hidden` int(11) NOT NULL DEFAULT '0',
  PRIMARY KEY (`id`),
  UNIQUE KEY `jos_gacl_value_aro_sections` (`value`),
  KEY `jos_gacl_hidden_aro_sections` (`hidden`)
) ENGINE=MyISAM AUTO_INCREMENT=11 DEFAULT CHARSET=utf8;

--
-- Dumping data for table `jos_core_acl_aro_sections`
--

INSERT INTO `jos_core_acl_aro_sections` VALUES (10,'users',1,'Users',0);

--
-- Table structure for table `jos_core_acl_groups_aro_map`
--

CREATE TABLE `jos_core_acl_groups_aro_map` (
  `group_id` int(11) NOT NULL DEFAULT '0',
  `section_value` varchar(240) NOT NULL DEFAULT '',
  `aro_id` int(11) NOT NULL DEFAULT '0',
  UNIQUE KEY `group_id_aro_id_groups_aro_map` (`group_id`,`section_value`,`aro_id`)
) ENGINE=MyISAM DEFAULT CHARSET=utf8;

--
-- Dumping data for table `jos_core_acl_groups_aro_map`
--

INSERT INTO `jos_core_acl_groups_aro_map` VALUES (18,'',36),(18,'',51),(18,'',79),(18,'',89),(18,'',118),(18,'',149),(18,'',271),(18,'',289),(18,'',291),(18,'',298),(18,'',299),(18,'',304),(18,'',305),(18,'',306),(18,'',307),(18,'',316),(18,'',318),(18,'',321),(18,'',323),(18,'',324),(18,'',326),(18,'',327),(18,'',329),(18,'',331),(18,'',332),(18,'',333),(18,'',334),(18,'',335),(18,'',336),(18,'',337),(18,'',340),(18,'',341),(23,'',19),(23,'',319),(25,'',10),(25,'',13),(25,'',15),(31,'',20),(31,'',22),(31,'',24),(31,'',28),(31,'',38),(31,'',40),(31,'',41),(31,'',42),(31,'',50),(31,'',70),(31,'',92),(31,'',123),(31,'',285),(31,'',290),(31,'',310),(31,'',312),(31,'',313),(31,'',317),(31,'',320),(31,'',328),(31,'',330),(31,'',342),(31,'',343),(31,'',344),(31,'',345),(31,'',346),(31,'',347),(31,'',348),(31,'',355);

--
-- Table structure for table `jos_core_log_items`
--

CREATE TABLE `jos_core_log_items` (
  `time_stamp` date NOT NULL DEFAULT '0000-00-00',
  `item_table` varchar(50) NOT NULL DEFAULT '',
  `item_id` int(11) unsigned NOT NULL DEFAULT '0',
  `hits` int(11) unsigned NOT NULL DEFAULT '0'
) ENGINE=MyISAM DEFAULT CHARSET=utf8;

--
-- Dumping data for table `jos_core_log_items`
--


--
-- Table structure for table `jos_core_log_searches`
--

CREATE TABLE `jos_core_log_searches` (
  `search_term` varchar(128) NOT NULL DEFAULT '',
  `hits` int(11) unsigned NOT NULL DEFAULT '0'
) ENGINE=MyISAM DEFAULT CHARSET=utf8;

--
-- Dumping data for table `jos_core_log_searches`
--


--
-- Table structure for table `jos_groups`
--

CREATE TABLE `jos_groups` (
  `id` tinyint(3) unsigned NOT NULL DEFAULT '0',
  `name` varchar(50) NOT NULL DEFAULT '',
  PRIMARY KEY (`id`)
) ENGINE=MyISAM DEFAULT CHARSET=utf8;

--
-- Dumping data for table `jos_groups`
--

INSERT INTO `jos_groups` VALUES (0,'Public'),(1,'Registered'),(2,'Special');

--
-- Table structure for table `jos_jcalpro2_calendars`
--

CREATE TABLE `jos_jcalpro2_calendars` (
  `cal_id` int(11) NOT NULL AUTO_INCREMENT,
  `cal_parent` int(11) NOT NULL DEFAULT '0',
  `cal_name` varchar(150) NOT NULL DEFAULT '',
  `owner_id` int(11) NOT NULL DEFAULT '0',
  `description` text NOT NULL,
  `options` tinyint(4) DEFAULT '0',
  `level` varchar(255) DEFAULT '0',
  `published` tinyint(1) DEFAULT '0',
  `checked_out` int(11) unsigned NOT NULL DEFAULT '0',
  `checked_out_time` datetime NOT NULL DEFAULT '0000-00-00 00:00:00',
  PRIMARY KEY (`cal_id`)
) ENGINE=MyISAM AUTO_INCREMENT=3 DEFAULT CHARSET=utf8;

--
-- Dumping data for table `jos_jcalpro2_calendars`
--

INSERT INTO `jos_jcalpro2_calendars` VALUES (1,0,'cefc all events - public',62,'tous les évènements concernant CEFC : animation, stages, ateliers, ... avec une description publique',0,'public frontend',1,0,'0000-00-00 00:00:00'),(2,0,'cefc all events - private',0,'tous les évènements CEFC avec une description privée',0,'public frontend',1,0,'0000-00-00 00:00:00');

--
-- Table structure for table `jos_jcalpro2_categories`
--

CREATE TABLE `jos_jcalpro2_categories` (
  `cat_id` int(11) NOT NULL AUTO_INCREMENT,
  `cat_parent` int(11) NOT NULL DEFAULT '0',
  `cat_name` varchar(150) NOT NULL DEFAULT '',
  `description` text NOT NULL,
  `color` varchar(10) DEFAULT '#000000',
  `bgcolor` varchar(10) DEFAULT '#EEF0F0',
  `options` tinyint(4) DEFAULT '0',
  `level` varchar(255) DEFAULT '0',
  `published` tinyint(1) DEFAULT '0',
  `checked_out` int(11) unsigned NOT NULL DEFAULT '0',
  `checked_out_time` datetime NOT NULL DEFAULT '0000-00-00 00:00:00',
  PRIMARY KEY (`cat_id`)
) ENGINE=MyISAM AUTO_INCREMENT=6 DEFAULT CHARSET=utf8;

--
-- Dumping data for table `jos_jcalpro2_categories`
--

INSERT INTO `jos_jcalpro2_categories` VALUES (1,0,'Animations','','#339900','#EEF0F0',0,'public frontend',1,0,'0000-00-00 00:00:00'),(2,0,'Rassemblements','','#FF9900','#EEF0F0',0,'public frontend',1,0,'0000-00-00 00:00:00'),(3,0,'Stages','','#990099','#EEF0F0',0,'public frontend',1,0,'0000-00-00 00:00:00'),(4,0,'Autres','','#CC0000','#EEF0F0',0,'public frontend',1,0,'0000-00-00 00:00:00'),(5,0,'Visites','','#0066FF','#EEF0F0',0,'public frontend',1,0,'0000-00-00 00:00:00');

--
-- Table structure for table `jos_jcalpro2_config`
--

CREATE TABLE `jos_jcalpro2_config` (
  `name` varchar(40) NOT NULL DEFAULT '',
  `value` varchar(255) NOT NULL DEFAULT '',
  `checked_out` int(11) unsigned NOT NULL DEFAULT '0',
  `checked_out_time` datetime NOT NULL DEFAULT '0000-00-00 00:00:00',
  PRIMARY KEY (`name`)
) ENGINE=MyISAM DEFAULT CHARSET=utf8;

--
-- Dumping data for table `jos_jcalpro2_config`
--

INSERT INTO `jos_jcalpro2_config` VALUES ('cookie_name','cefcjcalpro2',0,'0000-00-00 00:00:00'),('cookie_path','/',0,'0000-00-00 00:00:00'),('debug_mode','0',0,'0000-00-00 00:00:00'),('events_per_page','10',0,'0000-00-00 00:00:00'),('calendar_name','JCal Pro Calendar',0,'0000-00-00 00:00:00'),('calendar_admin_email','webmaster@cefc.asso.fr',0,'0000-00-00 00:00:00'),('calendar_description','Your online events calendar',0,'0000-00-00 00:00:00'),('lang','english',0,'0000-00-00 00:00:00'),('charset','language file',0,'0000-00-00 00:00:00'),('main_table_width','100%',0,'0000-00-00 00:00:00'),('max_tabs','12',0,'0000-00-00 00:00:00'),('theme','',0,'0000-00-00 00:00:00'),('timezone','-5',0,'0000-00-00 00:00:00'),('time_format_24hours','1',0,'0000-00-00 00:00:00'),('auto_daylight_saving','1',0,'0000-00-00 00:00:00'),('default_view','',0,'0000-00-00 00:00:00'),('popup_event_mode','0',0,'0000-00-00 00:00:00'),('popup_event_width','550',0,'0000-00-00 00:00:00'),('popup_event_height','300',0,'0000-00-00 00:00:00'),('add_event_view','1',0,'0000-00-00 00:00:00'),('cats_view','1',0,'0000-00-00 00:00:00'),('daily_view','1',0,'0000-00-00 00:00:00'),('weekly_view','1',0,'0000-00-00 00:00:00'),('monthly_view','1',0,'0000-00-00 00:00:00'),('flyer_view','1',0,'0000-00-00 00:00:00'),('search_view','1',0,'0000-00-00 00:00:00'),('day_start','0',0,'0000-00-00 00:00:00'),('archive','1',0,'0000-00-00 00:00:00'),('flyer_show_picture','1',0,'0000-00-00 00:00:00'),('addevent_allow_html','1',0,'0000-00-00 00:00:00'),('addevent_allow_contact','1',0,'0000-00-00 00:00:00'),('addevent_allow_email','1',0,'0000-00-00 00:00:00'),('addevent_allow_url','1',0,'0000-00-00 00:00:00'),('new_post_notification','1',0,'0000-00-00 00:00:00'),('cal_view_max_chars','10000',0,'0000-00-00 00:00:00'),('flyer_view_max_chars','10000',0,'0000-00-00 00:00:00'),('weekly_view_max_chars','10000',0,'0000-00-00 00:00:00'),('daily_view_max_chars','10000',0,'0000-00-00 00:00:00'),('cats_view_max_chars','10000',0,'0000-00-00 00:00:00'),('mini_cal_def_picture','def_pic.gif',0,'0000-00-00 00:00:00'),('mini_cal_diplay_options','1',0,'0000-00-00 00:00:00'),('release_name','Mambo Version of 2.0 Beta 1',0,'0000-00-00 00:00:00'),('release_version','Mambo Version of 2.00.25',0,'0000-00-00 00:00:00'),('release_type','Unique MamboServer Version',0,'0000-00-00 00:00:00'),('sort_order','ta',0,'0000-00-00 00:00:00'),('allow_user_registration','1',0,'0000-00-00 00:00:00'),('reg_email_verify','1',0,'0000-00-00 00:00:00'),('reg_duplicate_emails','0',0,'0000-00-00 00:00:00'),('calendar_status','1',0,'0000-00-00 00:00:00'),('show_recurrent_events','1',0,'0000-00-00 00:00:00'),('multi_day_events','start',0,'0000-00-00 00:00:00'),('cal_view_show_week','1',0,'0000-00-00 00:00:00'),('mail_method','mail',0,'0000-00-00 00:00:00'),('mail_smtp_host','smtp.myhost.com',0,'0000-00-00 00:00:00'),('mail_smtp_auth','0',0,'0000-00-00 00:00:00'),('mail_smtp_username','',0,'0000-00-00 00:00:00'),('mail_smtp_password','',0,'0000-00-00 00:00:00'),('url_target_for_events','_blank',0,'0000-00-00 00:00:00'),('capitalize_event_titles','1',0,'0000-00-00 00:00:00'),('show_top_navigation_bar','1',0,'0000-00-00 00:00:00'),('who_can_add_events','registered',0,'0000-00-00 00:00:00'),('who_can_edit_events','manager',0,'0000-00-00 00:00:00'),('who_can_delete_events','manager',0,'0000-00-00 00:00:00'),('who_can_approve_events','manager',0,'0000-00-00 00:00:00'),('show_recurrence_info_event_view','1',0,'0000-00-00 00:00:00'),('show_recurrence_info_category_view','1',0,'0000-00-00 00:00:00'),('sort_category_view_by','date_desc',0,'0000-00-00 00:00:00'),('show_only_start_times','0',0,'0000-00-00 00:00:00'),('show_event_times_in_monthly_view','0',0,'0000-00-00 00:00:00'),('show_event_times_in_flat_view','1',0,'0000-00-00 00:00:00'),('show_event_times_in_weekly_view','1',0,'0000-00-00 00:00:00'),('show_event_times_in_daily_view','1',0,'0000-00-00 00:00:00'),('show_overlapping_recurrences_monthlyview','1',0,'0000-00-00 00:00:00'),('show_overlapping_recurrences_flatview','0',0,'0000-00-00 00:00:00'),('show_overlapping_recurrences_weeklyview','0',0,'0000-00-00 00:00:00'),('show_overlapping_recurrences_dailyview','0',0,'0000-00-00 00:00:00'),('allow_javascript_in_event_urls','0',0,'0000-00-00 00:00:00'),('default_calendar','1',0,'0000-00-00 00:00:00'),('enable_multiple_calendars','1',0,'0000-00-00 00:00:00'),('default_owner_id','62',0,'0000-00-00 00:00:00'),('update_detached_with_series','0',0,'0000-00-00 00:00:00'),('enable_ajax_features','1',0,'0000-00-00 00:00:00'),('site_timezone','Europe/Paris',0,'0000-00-00 00:00:00'),('enable_feeds','1',0,'0000-00-00 00:00:00'),('show_event_times_in_cat_view','1',0,'0000-00-00 00:00:00');

--
-- Table structure for table `jos_jcalpro2_events`
--

CREATE TABLE `jos_jcalpro2_events` (
  `extid` int(11) NOT NULL AUTO_INCREMENT,
  `common_event_id` varchar(32) NOT NULL DEFAULT '',
  `cal_id` int(11) NOT NULL DEFAULT '0',
  `rec_id` int(11) NOT NULL DEFAULT '0',
  `detached_from_rec` tinyint(1) NOT NULL DEFAULT '0',
  `owner_id` int(11) NOT NULL DEFAULT '0',
  `title` varchar(255) NOT NULL DEFAULT '',
  `description` text NOT NULL,
  `contact` text NOT NULL,
  `url` varchar(100) NOT NULL DEFAULT '',
  `registration_url` varchar(100) NOT NULL DEFAULT '',
  `email` varchar(120) NOT NULL DEFAULT '',
  `picture` varchar(100) NOT NULL DEFAULT '',
  `cat` int(11) NOT NULL DEFAULT '0',
  `day` tinyint(2) NOT NULL DEFAULT '0',
  `month` smallint(2) NOT NULL DEFAULT '0',
  `year` smallint(4) NOT NULL DEFAULT '0',
  `approved` tinyint(1) NOT NULL DEFAULT '0',
  `private` tinyint(1) NOT NULL DEFAULT '0',
  `start_date` datetime NOT NULL DEFAULT '0000-00-00 00:00:00',
  `end_date` datetime DEFAULT '0000-00-00 00:00:00',
  `recur_type` varchar(16) DEFAULT NULL,
  `recur_val` tinyint(4) DEFAULT '0',
  `recur_end_type` tinyint(1) unsigned NOT NULL DEFAULT '0',
  `recur_count` tinyint(3) unsigned NOT NULL DEFAULT '0',
  `recur_until` datetime DEFAULT '0000-00-00 00:00:00',
  `rec_type_select` tinyint(1) NOT NULL DEFAULT '0',
  `rec_daily_period` smallint(6) NOT NULL DEFAULT '0',
  `rec_weekly_period` smallint(6) NOT NULL DEFAULT '0',
  `rec_weekly_on_monday` tinyint(1) NOT NULL DEFAULT '0',
  `rec_weekly_on_tuesday` tinyint(1) NOT NULL DEFAULT '0',
  `rec_weekly_on_wednesday` tinyint(1) NOT NULL DEFAULT '0',
  `rec_weekly_on_thursday` tinyint(1) NOT NULL DEFAULT '0',
  `rec_weekly_on_friday` tinyint(1) NOT NULL DEFAULT '0',
  `rec_weekly_on_saturday` tinyint(1) NOT NULL DEFAULT '0',
  `rec_weekly_on_sunday` tinyint(1) NOT NULL DEFAULT '0',
  `rec_monthly_period` smallint(6) NOT NULL DEFAULT '0',
  `rec_monthly_type` tinyint(1) NOT NULL DEFAULT '0',
  `rec_monthly_day_number` smallint(6) NOT NULL DEFAULT '0',
  `rec_monthly_day_list` varchar(100) DEFAULT '',
  `rec_monthly_day_order` tinyint(1) NOT NULL DEFAULT '0',
  `rec_monthly_day_type` tinyint(1) NOT NULL DEFAULT '0',
  `rec_yearly_period` smallint(6) NOT NULL DEFAULT '0',
  `rec_yearly_on_month` tinyint(1) NOT NULL DEFAULT '0',
  `rec_yearly_on_month_list` varchar(50) DEFAULT '',
  `rec_yearly_type` tinyint(1) NOT NULL DEFAULT '0',
  `rec_yearly_day_number` smallint(6) NOT NULL DEFAULT '0',
  `rec_yearly_day_order` tinyint(1) NOT NULL DEFAULT '0',
  `rec_yearly_day_type` tinyint(1) NOT NULL DEFAULT '0',
  `last_updated` datetime NOT NULL DEFAULT '0000-00-00 00:00:00',
  `published` tinyint(1) DEFAULT '0',
  `checked_out` int(11) unsigned NOT NULL DEFAULT '0',
  `checked_out_time` datetime NOT NULL DEFAULT '0000-00-00 00:00:00',
  PRIMARY KEY (`extid`),
  KEY `start_date` (`start_date`),
  KEY `cal_id` (`cal_id`),
  KEY `rec_id` (`rec_id`),
  KEY `owner_id` (`owner_id`),
  KEY `private` (`private`),
  KEY `common_event_id` (`common_event_id`),
  KEY `last_updated` (`last_updated`)
) ENGINE=MyISAM AUTO_INCREMENT=37 DEFAULT CHARSET=utf8;

--
-- Dumping data for table `jos_jcalpro2_events`
--

INSERT INTO `jos_jcalpro2_events` VALUES (1,'efd7a183552c7413b63da2e3f94450d9',1,0,0,65,'Animation d\'un repas médiéval','<ul>\r\n<li>Nous devons assurer l\'animation d\'un repas médiéval entre 11h30 et 14h00, à l\'école V. Schoelcher.</li>\r\n</ul>\r\n<ul>\r\n<li>Nb de personnes requis : au moins 3</li>\r\n</ul>','','','','','',1,16,6,2007,1,0,'2007-06-16 10:30:00','2007-06-16 14:30:00','',0,1,2,'2007-06-16 00:00:00',0,1,1,0,0,0,0,0,0,0,1,0,1,'',1,0,1,0,'',0,1,1,0,'2009-03-24 10:20:04',1,0,'0000-00-00 00:00:00'),(2,'0ba8e10568ced2ab341730c945aa8400',1,0,0,65,'Fête médiévale de Rougemont le Château','<p>Nous nous rendons à la fête en costume mais en tant que \"touristes\". Le but est de contacter les officiels pour parler d\'une éventuelle participation pour l\'édition de 2009.</p>\r\n<p>Nb personnes requises : au moins 4.</p>','','','','','',5,3,6,2007,1,0,'2007-06-03 10:00:00','0000-00-00 00:00:01','',0,1,2,'2007-06-03 00:00:00',0,1,1,0,0,0,0,0,0,0,1,0,1,'',1,0,1,0,'',0,1,1,0,'2009-03-24 10:19:14',1,0,'0000-00-00 00:00:00'),(3,'66c81d6cb5b3b2237cdf9a6098d3cb0b',1,0,0,65,'Fête médiévale de Fontenoy - 2007','<ul>\r\n<li>Animation classique avec ateliers (maille, armes, vie quotidienne, cuir ) et deux démonstrations de combat.</li>\r\n</ul>\r\n<ul>\r\n<li>Pour les photos, cliquez <a href=\"index.php?option=com_expose&album=2&playslideshow=yes\">ici</a></li>\r\n</ul>\r\n<br />','','','','','',1,23,6,2007,1,0,'2007-06-23 10:00:00','0000-00-00 00:00:01','',0,1,2,'2007-06-23 00:00:00',0,1,1,0,0,0,0,0,0,0,1,0,1,'',1,0,1,0,'',0,1,1,0,'2009-05-13 06:22:11',1,0,'0000-00-00 00:00:00'),(4,'24957c82f027a58544ff17dfd40c6acf',1,0,0,65,'Fête médiévale d\'Oricourt','<ul>\r\n<li>Balade de fin de semaine afin de profiter du marché de la fête.</li>\r\n</ul>\r\n<ul>\r\n<li>Nb de personne requis : indéfini.</li>\r\n</ul>','','','','','',5,30,6,2007,1,0,'2007-06-30 07:00:00','2007-07-02 07:00:00','',0,1,2,'2007-06-30 00:00:00',0,1,1,0,0,0,0,0,0,0,1,0,1,'',1,0,1,0,'',0,1,1,0,'2009-03-24 10:20:28',1,0,'0000-00-00 00:00:00'),(5,'4558e540348d6393dcd1acbe824ab4d9',2,0,0,65,'4ème rassemblement Exca-Rhône','<ul>\r\n<li>Rassemblement inter association à St Pierre de Chandieu</li>\r\n</ul>\r\n<ul>\r\n<li>Nb de personnes requis : vient qui veut.</li>\r\n</ul>','','','','','',2,24,5,2007,1,0,'2007-05-24 07:00:00','2007-05-28 07:00:00','',0,1,2,'2007-05-24 00:00:00',0,1,1,0,0,0,0,0,0,0,1,0,1,'',1,0,1,0,'',0,1,1,0,'2009-05-15 09:29:08',1,0,'0000-00-00 00:00:00'),(6,'580cb4a1a4bbc10988c5b4ff947010ea',2,0,0,65,'Stage sur le combat à travers l\'histoire','<ul>\r\n<li>Olivo viendra nous présenter une synthèse du combat armé au travers de traités historiques et leur mise en pratique.</li>\r\n</ul>\r\n<ul>\r\n<li>Nb personnes requises : vient qui veut.</li>\r\n</ul>\r\n<ul>\r\n<li>Frais participatifs exceptionnels : 10 euros.</li>\r\n</ul>\r\n<ul>\r\n<li>Programme :  \r\n<ul>\r\n<li>samedi matin : exposé,</li>\r\n<li>samedi après-midi et dimanche : mise en pratique</li>\r\n</ul>\r\n</li>\r\n</ul>','','','','','',3,30,6,2007,1,0,'2007-06-30 07:00:00','2007-07-02 07:00:00','',0,1,2,'2007-06-30 00:00:00',0,1,1,0,0,0,0,0,0,0,1,0,1,'',1,0,1,0,'',0,1,1,0,'2009-05-15 09:29:49',1,0,'0000-00-00 00:00:00'),(7,'a4e0bdf3bc17d6c98f885cc02e0b5fdb',2,0,0,65,'700 ans de Belfort','<ul>\r\n<li>Balade de fin de semaine en costume à l\'occasion des 700 ans.</li>\r\n</ul>\r\n<ul>\r\n<li>Nb personnes requis : vient qui veux.</li>\r\n</ul>\r\n<ul>\r\n<li>Rendez-vous chez Lise et Olivier.</li>\r\n</ul>','','','','','',5,15,9,2007,1,0,'2007-09-15 07:00:00','2007-09-17 07:00:00','',0,1,2,'2007-09-15 00:00:00',0,1,1,0,0,0,0,0,0,0,1,0,1,'',1,0,1,0,'',0,1,1,0,'2009-05-15 09:30:10',1,0,'0000-00-00 00:00:00'),(8,'6fcf366d6f23f3f878da204b1296c44f',1,0,0,65,'Virades de l\'espoir 2007','<ul>\r\n<li>Deux démonstrations en costume prévues.</li>\r\n</ul>\r\n<ul>\r\n<li>Nb personnes requis : au moins 4</li>\r\n</ul>\r\n<ul>\r\n<li>Rendez-vous : centre Benoît Frachon, à 14h30.</li>\r\n</ul>','','','','','',1,30,9,2007,1,0,'2007-09-30 13:30:00','2007-09-30 15:30:00','',0,1,2,'2007-09-30 00:00:00',0,1,1,0,0,0,0,0,0,0,1,0,1,'',1,0,1,0,'',0,1,1,0,'2009-03-24 09:29:51',1,0,'0000-00-00 00:00:00'),(9,'988f786f71b1cf2e3983be65a5c2a77e',1,0,0,65,'Fête médiévale à l\'abbaye de Mormant','<ul>\r\n<li>Animation avec 4 ateliers (maille, vie quotidienne, musique et armes) et deux démonstrations de combat.</li>\r\n</ul>\r\n<ul>\r\n<li>Pour les photos, cliquez <a href=\"index.php?option=com_expose&album=16&playslideshow=yes\">ici</a></li>\r\n</ul>\r\n<ul>\r\n<li>Lieu : abbaye de Mormant, à 3km du village de Leffonds (52210 France)</li>\r\n</ul>\r\n{mosmap width=\'400\'|height=\'300\'|lat=\'\'|lon=\'\'|address=\'abbaye leffonds\'|zoom=\'14\'|zoomType=\'Large\'|zoomNew=\'0\'|mapType=\'Normal\'|showMaptype=\'0\'|overview=\'0\'|text=\'Abbaye de Mormant\'|tooltip=\'Abbaye de Mormant\'|marker=\'1\'|align=\'center\'}','','','','','',1,17,8,2008,1,0,'2008-08-17 07:00:00','0000-00-00 00:00:01','',0,1,2,'2008-08-17 00:00:00',0,1,1,0,0,0,0,0,0,0,1,0,1,'',1,0,1,0,'',0,1,1,0,'2009-05-13 06:59:47',1,0,'0000-00-00 00:00:00'),(10,'be595f2269374303c03803694d649825',1,0,0,65,'Charivarines 2007','<ul>\r\n<li>Animation assurée par Exca Rhône mais avec notre \"généreuse\" intervention.</li>\r\n</ul>\r\n<ul>\r\n<li>Nb de personnes requis : vient qui veut.</li>\r\n</ul>\r\n<ul>\r\n<li>Les animations devant public se tiennent le 21-22 et 28-29.</li>\r\n<li>Le reste du temps est du \"quartier libre\".</li>\r\n</ul>','','','','','',1,21,7,2007,1,0,'2007-07-21 07:00:00','2007-07-30 07:00:00','',0,1,2,'2007-07-21 00:00:00',0,1,1,0,0,0,0,0,0,0,1,0,1,'',1,0,1,0,'',0,1,1,0,'2009-03-24 09:36:46',1,0,'0000-00-00 00:00:00'),(11,'5a735f4703b453f59307e24b0f3bb888',2,0,0,65,'5ème rassemblement Exca-Rhône','<ul>\r\n<li>Rassemblement inter-association au Parc Salva Terre, à Haute-Rivoire.</li>\r\n</ul>\r\n<ul>\r\n<li>Nb personnes requis : vient qui veut.</li>\r\n</ul>\r\n<ul>\r\n<li>Départ et montage du campement le 8 pour ceux qui peuvent.</li>\r\n</ul>\r\n<ul>\r\n<li>pour s\'organiser, allez <a href=\"http://cefc.asso.fr/board/viewtopic.php?p=2#2\">ici</a></li>\r\n</ul>','','','','','',2,8,5,2008,1,0,'2008-05-08 07:00:00','2008-05-13 07:00:00','',0,1,2,'2008-05-08 00:00:00',0,1,1,0,0,0,0,0,0,0,1,0,1,'',1,0,1,0,'',0,1,1,0,'2009-05-15 09:28:46',1,0,'0000-00-00 00:00:00'),(12,'aba84db803bcfe1783b656bfe2932afc',1,0,0,65,'Fête médiévo-renaissance à Luxeuil-les-Bains','<ul>\r\n<li>Animation avec 4 ateliers (maille, musique, vie quotidienne, armes) et deux démonstrations de combat.</li>\r\n</ul>\r\n<ul>\r\n<li>Pour les photos, cliquez <a href=\"index.php?option=com_expose&album=15&playslideshow=yes\">ici</a></li>\r\n</ul>','','','','','',1,21,9,2010,1,0,'2010-09-21 10:00:00','2010-09-21 18:00:00','',0,1,2,'2010-09-21 00:00:00',0,1,1,0,0,0,0,0,0,0,1,0,1,'',1,0,1,0,'',0,1,1,0,'2015-09-16 14:38:37',1,0,'0000-00-00 00:00:00'),(26,'117086bb37c1719ece66b13c8316dfe5',2,0,0,65,'Fête médiévale à l\'abbaye de Mormant','<ul>\r\n<li>Animation avec 4 ateliers (maille, vie quotidienne, musique et armes) et deux démonstrations de combat.</li>\r\n</ul>\r\n<ul>\r\n<li>Nb personnes requis : au moins 8</li>\r\n</ul>\r\n<ul>\r\n<li>Départ et montage du camp le 16.</li>\r\n</ul>\r\n[ NB : Mormant se trouve entre Langres et Chaumont, près de Leffonds ]','','','','','',1,17,8,2008,1,0,'2008-08-17 07:00:00','0000-00-00 00:00:01','',0,1,2,'2008-08-17 00:00:00',0,1,1,0,0,0,0,0,0,0,1,0,1,'',1,0,1,0,'',0,1,1,0,'2009-05-13 06:18:28',1,0,'0000-00-00 00:00:00'),(13,'6bd495b158fbc48fb5aca39e897f5d21',1,0,0,65,'Troll penché - édition 2008','<ul>\r\n<li>Présentation de la compagnie et stand d\'armes.</li>\r\n</ul>\r\n<ul>\r\n<li>Nb de personnes requis : 2</li>\r\n</ul>','','','','','',1,2,2,2008,1,0,'2008-02-02 14:00:00','2008-02-02 18:00:00','',0,1,2,'2008-02-02 00:00:00',0,1,1,0,0,0,0,0,0,0,1,0,1,'',1,0,1,0,'',0,1,1,0,'2009-03-24 09:47:36',1,0,'0000-00-00 00:00:00'),(14,'dfa042f912e9ca7af40a8db1a52bfc24',1,0,0,65,'Animation à Mantes la jolie','<ul>\r\n<li>Animation dans le cadre de la semaine bleue à Mantes, dans la maison de retraite Léopold Galland.</li>\r\n</ul>\r\n<ul>\r\n<li>Atelier de calligraphie, musique et petite démonstration de combat.</li>\r\n</ul>\r\n<ul>\r\n<li>Nb personnes requis : 4</li>\r\n</ul>','','','','','',1,20,10,2007,1,0,'2007-10-20 07:00:00','0000-00-00 00:00:01','',0,1,2,'2007-10-20 00:00:00',0,1,1,0,0,0,0,0,0,0,1,0,1,'',1,0,1,0,'',0,1,1,0,'2009-03-24 09:50:23',1,0,'0000-00-00 00:00:00'),(15,'e823fb64a800263efb0b9514ea462943',1,0,0,65,'Vendredi de la Douce - 2007','<ul>\r\n<li>Atelier combat à l\'épée bois avec des enfants et démonstration de combat.</li>\r\n</ul>\r\n<ul>\r\n<li>Nb personnes requis : 5</li>\r\n</ul>','','','','','',1,6,7,2007,1,0,'2007-07-06 13:00:00','2007-07-06 17:00:00','',0,1,2,'2007-07-06 00:00:00',0,1,1,0,0,0,0,0,0,0,1,0,1,'',1,0,1,0,'',0,1,1,0,'2009-03-24 09:52:41',1,0,'0000-00-00 00:00:00'),(16,'dc62a56a71c10c816027017ea3fb1fdc',2,0,0,65,'Fête médiévale des Aynans','<ul>\r\n<li>Balade dominicale.</li>\r\n</ul>\r\n<ul>\r\n<li>Nb personnes requis : vient qui veut.</li>\r\n</ul>','','','','','',5,1,6,2008,1,0,'2008-06-01 07:00:00','0000-00-00 00:00:01','',0,1,2,'2008-06-01 00:00:00',0,1,1,0,0,0,0,0,0,0,1,0,1,'',1,0,1,0,'',0,1,1,0,'2009-05-15 09:28:25',1,0,'0000-00-00 00:00:00'),(17,'e75aa3e90e07ac0e2ffc48434dea074c',2,0,0,65,'Atelier cuisine médiévale','<ul>\r\n<li>Gaëlle propose une journée d\'initiation à la préparation de recettes médéivales.</li>\r\n</ul>\r\n<ul>\r\n<li>Nb personnes requis : vient qui veut.</li>\r\n</ul>\r\n<ul>\r\n<li>Repas du soir pour ceux qui veulent rester avec le résultat de l\'initiation.</li>\r\n</ul>','','','','','',3,8,6,2008,1,0,'2008-06-08 07:00:00','0000-00-00 00:00:01','',0,1,2,'2008-06-08 00:00:00',0,1,1,0,0,0,0,0,0,0,1,0,1,'',1,0,1,0,'',0,1,1,0,'2009-05-15 09:37:46',1,0,'0000-00-00 00:00:00'),(18,'8d0a4d81178eb458e0b727db0741e9a0',2,0,0,65,'6ème rassemblement Exca-Rhône','<ul>\r\n<li>Rassemblement inter-associatif, de nouveau à St Pierre de Chandieu.</li>\r\n</ul>\r\n<ul>\r\n<li>Nb personnes requis : vient qui veut</li>\r\n</ul>\r\n<ul>\r\n<li>Départ et montage le jeudi 21 pour ceux qui peuvent.</li>\r\n</ul>\r\n<ul>\r\n<li>Pour s\'organiser, allez <a href=\"phpBB3/viewtopic.php?f=1&t=45\">ici</a>.</li>\r\n</ul>','','xkrhone.free.fr/Rassemblement/index.htm','','','',2,21,5,2009,1,2,'2009-05-21 07:00:00','2009-05-25 07:00:00','',0,1,2,'2009-05-21 00:00:00',0,1,1,0,0,0,0,0,0,0,1,0,1,'',1,0,1,0,'',0,1,1,0,'2009-05-12 19:35:11',1,0,'0000-00-00 00:00:00'),(19,'0c4ad49519f3ea23462e7c9c1bbc4781',1,0,0,65,'Animation de foire à Ambérieu en Bugey','<ul>\r\n<li>Animation avec 4 ateliers (maille, musique, vie quotidienne, armes) et 2 démonstrations de combat.</li>\r\n</ul>\r\n<ul>\r\n<li>Le cadre est une zone industrielle/commerçante, la foire étant organisée par l\'association \"Les amis du Champ d\'Army\". Nous sommes donc l\'élément décalé de cette foire !</li>\r\n</ul>\r\n<ul>\r\n<li>Lieu de l\'évènement : rue Albert de Dion, à Ambérieu-en-Bugey</li>\r\n</ul>\r\n{mosmap width=\'400\'|height=\'300\'|lat=\'\'|lon=\'\'|address=\'ambérieu bugey albert dion\'|zoom=\'12\'|zoomType=\'Large\'|zoomNew=\'0\'|mapType=\'Normal\'|showMaptype=\'0\'|overview=\'0\'|text=\'Foire du Champ d\'Army\'|tooltip=\'Foire du Champ darmy\'|marker=\'1\'|align=\'center\'}','','','','','',1,6,6,2009,1,2,'2009-06-06 07:00:00','0000-00-00 00:00:01','',0,1,2,'2009-06-06 00:00:00',0,1,1,0,0,0,0,0,0,0,1,0,1,'',1,0,1,0,'',0,1,1,0,'2009-05-13 06:49:48',1,0,'0000-00-00 00:00:00'),(21,'04ac05d14e00a646d4e1d3edcdfdacde',1,0,0,67,'Château Hohlandsbourg','','','','','','',1,12,6,2009,1,0,'2009-06-12 16:30:00','2009-06-12 17:30:00','',0,1,2,'2009-06-12 00:00:00',0,1,1,0,0,0,0,0,0,0,1,0,1,'',1,0,1,0,'',0,1,1,0,'2009-05-06 08:10:11',1,0,'0000-00-00 00:00:00'),(22,'f1705dbffe5ec5014b6e3f04c562e9c1',2,0,0,67,'Atelier \"nettoyage de printemps\"','Nettoyage du matériel associatif + fabrication matériel de campement + atelier couture.','','','','','',4,1,5,2009,1,0,'2009-05-01 07:00:00','2009-05-03 07:00:00','',0,1,2,'2009-05-01 00:00:00',0,1,1,0,0,0,0,0,0,0,1,0,1,'',1,0,1,0,'',0,1,1,0,'2009-05-12 19:35:25',1,0,'0000-00-00 00:00:00'),(23,'f49cdd85c1d6ae8140eea0ca6b62ea63',2,0,0,67,'Château Hohlandsbourg','<ul>\r\n<li>Animation d\'une soirée d\'entreprise (Kimoce) avec démonstrations de combat et spectacle de feu.</li>\r\n</ul>\r\n<ul>\r\n<li>Nb personnes requis : 5 (Vincent, Alban, Olivier, Lise, Sam, Steph)</li>\r\n</ul>\r\n<ul>\r\n<li>Départ le vendredi en milieu d\'après-midi, pour ceux qui peuvent.</li>\r\n</ul>\r\n<ul>\r\n<li>Le cadre est le château du Hohlandsbourg que l\'entreprise loue pour l\'occasion</li>\r\n</ul>\r\n<ul>\r\n<li>On sera en trinome avec deux autres associations : Guerre et Chevalerie et Art-Thémis.</li>\r\n</ul>','','','','','',1,12,6,2009,1,0,'2009-06-12 16:30:00','2009-06-12 22:30:00','',0,1,2,'2009-06-12 00:00:00',0,1,1,0,0,0,0,0,0,0,1,0,1,'',1,0,1,0,'',0,1,1,0,'2009-05-12 19:34:41',1,0,'0000-00-00 00:00:00'),(24,'8c3b7dc2bdfd6317ebf4a07a01751f11',2,0,0,65,'Animation de foire à Ambérieu en Bugey','<ul>\r\n<li>Animation avec 4 ateliers (maille, musique, vie quotidienne, armes) et 2 démonstrations de combat.</li>\r\n</ul>\r\n<ul>\r\n<li>Nb personnes requis : au moins 8</li>\r\n</ul>\r\n<ul>\r\n<li>Départ et montage le vendredi 5 après-midi, pour ceux qui peuvent.</li>\r\n</ul>\r\n<ul>\r\n<li>Pour s\'organiser, allez <a href=\"phpBB3/viewtopic.php?f=1&t=53\">ici</a>.</li>\r\n</ul>\r\n<ul>\r\n<li>Le cadre est une zone industrielle/commerçante. Nous sommes donc l\'élément décalé de cette foire !</li>\r\n</ul>\r\n{mosmap width=\'400\'|height=\'300\'|lat=\'\'|lon=\'\'|address=\'ambérieu bugey albert dion\'|zoom=\'12\'|zoomType=\'Large\'|zoomNew=\'0\'|mapType=\'Normal\'|showMaptype=\'0\'|overview=\'0\'|text=\'Foire du Champ d\'Army\'|tooltip=\'Foire du Champ darmy\'|marker=\'1\'|align=\'center\'}','','','','','',1,6,6,2009,1,0,'2009-06-06 07:00:00','0000-00-00 00:00:01','',0,1,2,'2009-06-06 00:00:00',0,1,1,0,0,0,0,0,0,0,1,0,1,'',1,0,1,0,'',0,1,1,0,'2009-05-13 06:50:57',1,0,'0000-00-00 00:00:00'),(25,'a711ae37f8369d3ec1121550d913ae8f',2,0,0,65,'Fête médiévo-renaissance à Luxeuil-les-Bains','<ul>\r\n<li>Animation avec 4 ateliers (maille, musique, vie quotidienne, armes) et deux démonstrations de combat.</li>\r\n</ul>\r\n<ul>\r\n<li>Nb personnes requis : au moins 8.</li>\r\n</ul>\r\n<ul>\r\n<li>Départ et montage le 20.</li>\r\n</ul>\r\n<ul>\r\n<li>Pour s\'organiser, allez <a href=\"board/viewtopic.php?p=4#4\">ici</a></li>\r\n</ul>','','','','','',1,21,9,2010,1,0,'2010-09-21 10:00:00','2010-09-21 18:00:00','',0,1,2,'2010-09-21 00:00:00',0,1,1,0,0,0,0,0,0,0,1,0,1,'',1,0,1,0,'',0,1,1,0,'2015-09-16 14:38:52',1,0,'0000-00-00 00:00:00'),(27,'ff1e1a050dba9561665c57c27b099049',2,0,0,65,'Fête médiévale de Fontenoy - 2007','<ul>\r\n<li>Animation classique avec ateliers (maille, armes, vie quotidienne, cuir ) et deux démonstrations de combat.</li>\r\n</ul>\r\n<ul>\r\n<li>Nb personnes requis : au moins 8</li>\r\n</ul>\r\n<ul>\r\n<li>Départ de Belfort et arrivée le 22 juin,</li>\r\n<li>le 23 : animation,</li>\r\n<li>le 24 : visite du chantier de Guédelon.</li>\r\n</ul>\r\n[ NB : <a href=\"http://maps.google.fr/maps?f=q&source=s_q&hl=fr&q=89520+Fontenoy,+Yonne,+Bourgogne&sll=47.15984,2.988281&sspn=18.058856,46.230469&ie=UTF8&cd=2&geocode=FckP1wId8XgyAA&split=0&z=13&iwloc=addr\">Fontenoy</a> se trouve près d\'Auxerre ]\r\n<p>Fontenoy se trouve près d\'Auxerre</p>','','','','','',1,23,6,2007,1,0,'2007-06-23 10:00:00','0000-00-00 00:00:01','',0,1,2,'2007-06-23 00:00:00',0,1,1,0,0,0,0,0,0,0,1,0,1,'',1,0,1,0,'',0,1,1,0,'2009-05-13 06:21:24',1,0,'0000-00-00 00:00:00'),(28,'19cc4f73667d6654001285de479e0691',1,0,0,65,'Fête historique à Luxueil-les-Bains','<ul>\r\n<li>Animation avec 4 ateliers (maille, musique, vie quotidienne, armes) et deux démonstrations de combat.</li>\r\n</ul>\r\n<ul>\r\n<li>Notre intervention se fera le samedi après-midi et le dimanche</li>\r\n</ul>\r\n<ul>\r\n<li>La galerie photo est désormais en ligne <a href=\"index.php?option=com_expose&album=24&playslideshow=yes\">ici</a>.</li>\r\n</ul>','','','','','',1,19,9,2009,1,0,'2009-09-19 10:00:00','2009-09-20 18:00:00','',0,1,2,'2009-09-19 00:00:00',0,1,1,0,0,0,0,0,0,0,1,0,1,'',1,0,1,0,'',0,1,1,0,'2009-09-30 10:16:09',1,0,'0000-00-00 00:00:00'),(29,'ee0135f460f3975c5ec34e564d079cef',2,0,0,65,'Fête médiévo-renaissance à Luxueil-les-Bains','<ul>\r\n<li>Animation avec 4 ateliers (maille, musique, vie quotidienne, armes) et trois démonstrations de combat (une le samedi après-midi spécialement pour la délégation américaine et deux le dimanche)</li>\r\n</ul>\r\n<ul>\r\n<li>Nb personnes requis : au moins 8.</li>\r\n</ul>\r\n<ul>\r\n<li>Départ et montage le 19 au petit matin, enfin disons vers 9h00.</li>\r\n</ul>\r\n<ul>\r\n<li>Pour s\'organiser, allez <a href=\"phpBB3/viewtopic.php?f=1&t=86\">ici</a></li>\r\n</ul>','','','','','',1,19,9,2009,1,0,'2009-09-19 10:00:00','2009-09-20 18:00:00','',0,1,2,'2009-09-19 00:00:00',0,1,1,0,0,0,0,0,0,0,1,0,1,'',1,0,1,0,'',0,1,1,0,'2009-08-30 19:14:21',1,0,'0000-00-00 00:00:00'),(30,'d1360ea02c62ea20031df9d6ca97fb44',1,0,0,67,'Château de Montby','<ul>\r\n<li>Fête du château de Montby</li>\r\n</ul>\r\n<ul>\r\n<li>Animations : atelier maille, armes et musique ainsi qu\'une démonstration de combat.</li>\r\n</ul>\r\n<ul>\r\n<li>La galerie de photos est en ligne <a href=\"index.php?option=com_expose&album=25&playslideshow=yes\">ici</a>.</li>\r\n</ul>','','','','','',1,14,6,2009,1,0,'2009-06-14 08:00:00','2009-06-15 08:00:00','',0,1,2,'2009-06-14 00:00:00',0,1,1,0,0,0,0,0,0,0,1,0,1,'',1,0,1,0,'',0,1,1,0,'2009-09-30 13:10:22',1,0,'0000-00-00 00:00:00'),(31,'98e31d26e373ff8205942712c5f1611d',1,0,0,65,'Montby 2010','Animation au chateau de Gondenans-Montby (au sud de l\'isle sur le doubs) :<br />\r\n<ul>\r\n<li>atelier des armes,</li>\r\n<li>atelier du haubergier</li>\r\n<li>démonstration de combat</li>\r\n</ul>\r\n<br /><br />','','','','','',1,13,6,2010,1,0,'2010-06-13 07:00:00','0000-00-00 00:00:01','',0,1,2,'2010-06-13 00:00:00',0,1,1,0,0,0,0,0,0,0,1,0,1,'',1,0,1,0,'',0,1,1,0,'2010-05-27 08:41:32',1,0,'0000-00-00 00:00:00'),(32,'e72c84e35a9cf49875f799aa04aedc2b',2,0,0,65,'Montby 2010','Animation au chateau de Gondenans-Montby (au sud de l\'isle sur le doubs) :<br /> \r\n<ul>\r\n<li>atelier des armes,</li>\r\n<li>atelier du haubergier</li>\r\n<li>démonstration de combat</li>\r\n</ul>\r\n<br /><br />','','','','','',1,13,6,2010,1,0,'2010-06-13 07:00:00','0000-00-00 00:00:01','',0,1,2,'2010-06-13 00:00:00',0,1,1,0,0,0,0,0,0,0,1,0,1,'',1,0,1,0,'',0,1,1,0,'2010-05-27 08:42:04',1,0,'0000-00-00 00:00:00'),(33,'2ee8432508f92218f9b99bfdb308fea2',1,0,0,65,'Fête historique à Luxueil-les-Bains','<ul>\r\n<li>Animation avec ateliers : cotte de maille, musique, vie quotidienne (cuisine, épices, tressage aux cartes, ...), armes, fabrication de bougie</li>\r\n</ul>\r\n<ul>\r\n<li>Démonstrations de combat : le samedi à 16h30, le dimanche à 15h00 et 16h30</li>\r\n</ul>\r\n<ul>\r\n<li>\r\n<div style=\"text-align: justify;\">Quizz primé : visitez Luxeuil ainsi que notre campement, répondez juste aux questions du quizz et gagnez peut être une dague médiévale, un ouvrage sur Luxeuil ou encore une dégustation d\'hypocras.</div>\r\n</li>\r\n</ul>\r\n<br />','','','','','',1,18,9,2010,1,0,'2010-09-18 10:00:00','2010-09-19 18:00:00','',0,1,2,'2010-09-18 00:00:00',0,1,1,0,0,0,0,0,0,0,1,0,1,'',1,0,1,0,'',0,1,1,0,'2010-09-02 14:55:43',1,0,'0000-00-00 00:00:00'),(34,'f4900fa4b424c032ef287d747ce70d11',2,0,0,65,'Fête historique à Luxueil-les-Bains','<ul>\r\n<li>Animation avec ateliers : cotte de maille, musique, vie quotidienne (cuisine, épices, tressage aux cartes, ...), armes, fabrication de bougie</li>\r\n</ul>\r\n<ul>\r\n<li>Démonstrations de combat : le samedi à 16h30, le dimanche à 15h00 et 16h30</li>\r\n</ul>\r\n<ul>\r\n<li>\r\n<div style=\"text-align: justify;\">Quizz primé : visitez Luxeuil ainsi que notre campement, répondez juste aux questions du quizz et gagnez peut être une dague médiévale, un ouvrage sur Luxeuil ou encore une dégustation d\'hypocras. Plus d\'infos dès que le QCM sera prêt.<br /></div>\r\n</li>\r\n</ul>\r\n<ul>\r\n<li>Rendez-vous entre 9h30 et 10h00 le samedi 18 pour monter le campement. S\'il y a des bonnes volontés pour m\'aider à charger vendredi soir, ce n\'est pas de refus.</li>\r\n</ul>\r\n<ul>\r\n<li>Pour s\'organiser, aller <a target=\"_blank\" href=\"phpBB3/viewtopic.php?f=1&t=308\">ici</a></li>\r\n</ul>\r\n<br />','','','','','',1,18,9,2010,1,0,'2010-09-18 10:00:00','2010-09-19 18:00:00','',0,1,2,'2010-09-18 00:00:00',0,1,1,0,0,0,0,0,0,0,1,0,1,'',1,0,1,0,'',0,1,1,0,'2010-09-02 14:59:41',1,0,'0000-00-00 00:00:00'),(35,'5c7c4445d841d81e5ee292a1bebae644',1,0,0,67,'Fête médiévale à Montby','http://chateaudemontby.com/default.aspx','','','','','',1,12,6,2011,1,0,'2011-06-12 06:00:00','2011-06-13 06:00:00','',0,1,2,'2011-06-12 00:00:00',0,1,1,0,0,0,0,0,0,0,1,0,1,'',1,0,1,0,'',0,1,1,0,'2012-05-14 08:00:18',1,0,'0000-00-00 00:00:00'),(36,'c36e1a838dc39bd6e03e001836f85061',1,0,0,67,'Tournoi de chevalerie à Moncley','http://tournoi.franchecomte.free.fr/','','','','','',1,18,6,2011,1,0,'2011-06-17 22:00:00','2011-06-18 22:00:00','',0,1,2,'2011-06-17 00:00:00',0,1,1,0,0,0,0,0,0,0,1,0,1,'',1,0,1,0,'',0,1,1,0,'2011-05-11 07:38:56',1,0,'0000-00-00 00:00:00');

--
-- Table structure for table `jos_jcalpro2_remotes`
--

CREATE TABLE `jos_jcalpro2_remotes` (
  `id` int(11) unsigned NOT NULL AUTO_INCREMENT,
  `remote_url` varchar(255) NOT NULL,
  `server_key` varchar(64) NOT NULL,
  `server_pw` varchar(64) NOT NULL,
  `remote_cat` int(10) unsigned NOT NULL,
  `local_cal` int(10) unsigned NOT NULL,
  `local_cat` int(10) unsigned NOT NULL,
  `cache_life` int(10) unsigned NOT NULL,
  PRIMARY KEY (`id`)
) ENGINE=MyISAM DEFAULT CHARSET=utf8;

--
-- Dumping data for table `jos_jcalpro2_remotes`
--


--
-- Table structure for table `jos_jcalpro2_themes`
--

CREATE TABLE `jos_jcalpro2_themes` (
  `id` int(11) NOT NULL AUTO_INCREMENT,
  `name` varchar(100) NOT NULL DEFAULT '',
  `theme` varchar(100) NOT NULL DEFAULT '',
  `type` varchar(100) NOT NULL DEFAULT 'plugins',
  `icon` varchar(255) NOT NULL DEFAULT '',
  `published` tinyint(3) NOT NULL DEFAULT '0',
  `editable` tinyint(3) NOT NULL DEFAULT '1',
  `elements` varchar(255) NOT NULL DEFAULT '',
  `iscore` tinyint(3) NOT NULL DEFAULT '0',
  `client_id` tinyint(3) NOT NULL DEFAULT '0',
  `checked_out` int(11) unsigned NOT NULL DEFAULT '0',
  `checked_out_time` datetime NOT NULL DEFAULT '0000-00-00 00:00:00',
  `params` text NOT NULL,
  PRIMARY KEY (`id`),
  UNIQUE KEY `plugin` (`theme`)
) ENGINE=MyISAM AUTO_INCREMENT=2 DEFAULT CHARSET=utf8;

--
-- Dumping data for table `jos_jcalpro2_themes`
--

INSERT INTO `jos_jcalpro2_themes` VALUES (1,'default','default','theme','default',1,1,'',1,0,0,'0000-00-00 00:00:00','');

--
-- Table structure for table `jos_jcalpro_categories`
--

CREATE TABLE `jos_jcalpro_categories` (
  `cat_id` int(11) NOT NULL AUTO_INCREMENT,
  `cat_parent` int(11) NOT NULL DEFAULT '0',
  `cat_name` varchar(150) NOT NULL DEFAULT '',
  `description` text NOT NULL,
  `color` varchar(10) DEFAULT '#000000',
  `bgcolor` varchar(10) DEFAULT '#EEF0F0',
  `options` tinyint(4) DEFAULT '0',
  `level` varchar(255) DEFAULT '0',
  `published` tinyint(1) DEFAULT '0',
  `checked_out` int(11) unsigned NOT NULL DEFAULT '0',
  `checked_out_time` datetime NOT NULL DEFAULT '0000-00-00 00:00:00',
  PRIMARY KEY (`cat_id`)
) ENGINE=MyISAM AUTO_INCREMENT=6 DEFAULT CHARSET=utf8;

--
-- Dumping data for table `jos_jcalpro_categories`
--

INSERT INTO `jos_jcalpro_categories` VALUES (1,0,'Animations','','#339900','#EEF0F0',0,'public frontend',1,0,'0000-00-00 00:00:00'),(2,0,'Rassemblements','','#FF9900','#EEF0F0',0,'public frontend',1,0,'0000-00-00 00:00:00'),(3,0,'Stages','','#990099','#EEF0F0',0,'public frontend',1,0,'0000-00-00 00:00:00'),(4,0,'Autres','','#CC0000','#EEF0F0',0,'public frontend',1,0,'0000-00-00 00:00:00'),(5,0,'Visites','','#0066FF','#EEF0F0',0,'public frontend',1,0,'0000-00-00 00:00:00');

--
-- Table structure for table `jos_jcalpro_config`
--

CREATE TABLE `jos_jcalpro_config` (
  `name` varchar(40) NOT NULL DEFAULT '',
  `value` varchar(255) NOT NULL DEFAULT '',
  `checked_out` int(11) unsigned NOT NULL DEFAULT '0',
  `checked_out_time` datetime NOT NULL DEFAULT '0000-00-00 00:00:00',
  PRIMARY KEY (`name`)
) ENGINE=MyISAM DEFAULT CHARSET=utf8;

--
-- Dumping data for table `jos_jcalpro_config`
--

INSERT INTO `jos_jcalpro_config` VALUES ('cookie_name','excaljcal',0,'0000-00-00 00:00:00'),('cookie_path','/',0,'0000-00-00 00:00:00'),('debug_mode','0',0,'0000-00-00 00:00:00'),('events_per_page','10',0,'0000-00-00 00:00:00'),('calendar_name','Calendrier CEFC',0,'0000-00-00 00:00:00'),('calendar_admin_email','webmaster@cefc.asso.fr',0,'0000-00-00 00:00:00'),('calendar_description','calendrier des évènements de CEFC',0,'0000-00-00 00:00:00'),('lang','english',0,'0000-00-00 00:00:00'),('charset','language file',0,'0000-00-00 00:00:00'),('main_table_width','100%',0,'0000-00-00 00:00:00'),('max_tabs','12',0,'0000-00-00 00:00:00'),('theme','',0,'0000-00-00 00:00:00'),('timezone','-5',0,'0000-00-00 00:00:00'),('time_format_24hours','0',0,'0000-00-00 00:00:00'),('auto_daylight_saving','1',0,'0000-00-00 00:00:00'),('default_view','2',0,'0000-00-00 00:00:00'),('popup_event_mode','0',0,'0000-00-00 00:00:00'),('popup_event_width','550',0,'0000-00-00 00:00:00'),('popup_event_height','300',0,'0000-00-00 00:00:00'),('add_event_view','0',0,'0000-00-00 00:00:00'),('cats_view','1',0,'0000-00-00 00:00:00'),('daily_view','1',0,'0000-00-00 00:00:00'),('weekly_view','1',0,'0000-00-00 00:00:00'),('monthly_view','1',0,'0000-00-00 00:00:00'),('flyer_view','1',0,'0000-00-00 00:00:00'),('search_view','1',0,'0000-00-00 00:00:00'),('day_start','0',0,'0000-00-00 00:00:00'),('archive','0',0,'0000-00-00 00:00:00'),('flyer_show_picture','1',0,'0000-00-00 00:00:00'),('addevent_allow_html','1',0,'0000-00-00 00:00:00'),('addevent_allow_contact','1',0,'0000-00-00 00:00:00'),('addevent_allow_email','1',0,'0000-00-00 00:00:00'),('addevent_allow_url','1',0,'0000-00-00 00:00:00'),('new_post_notification','1',0,'0000-00-00 00:00:00'),('cal_view_max_chars','10000',0,'0000-00-00 00:00:00'),('flyer_view_max_chars','10000',0,'0000-00-00 00:00:00'),('weekly_view_max_chars','10000',0,'0000-00-00 00:00:00'),('daily_view_max_chars','10000',0,'0000-00-00 00:00:00'),('cats_view_max_chars','10000',0,'0000-00-00 00:00:00'),('mini_cal_def_picture','def_pic.gif',0,'0000-00-00 00:00:00'),('mini_cal_diplay_options','1',0,'0000-00-00 00:00:00'),('release_name','Mambo Version of 2.0 Beta 1',0,'0000-00-00 00:00:00'),('release_version','Mambo Version of 2.00.25',0,'0000-00-00 00:00:00'),('release_type','Unique MamboServer Version',0,'0000-00-00 00:00:00'),('sort_order','ta',0,'0000-00-00 00:00:00'),('allow_user_registration','1',0,'0000-00-00 00:00:00'),('reg_email_verify','1',0,'0000-00-00 00:00:00'),('reg_duplicate_emails','0',0,'0000-00-00 00:00:00'),('calendar_status','1',0,'0000-00-00 00:00:00'),('show_recurrent_events','1',0,'0000-00-00 00:00:00'),('multi_day_events','all',0,'0000-00-00 00:00:00'),('cal_view_show_week','1',0,'0000-00-00 00:00:00'),('mail_method','mail',0,'0000-00-00 00:00:00'),('mail_smtp_host','smtp.myhost.com',0,'0000-00-00 00:00:00'),('mail_smtp_auth','0',0,'0000-00-00 00:00:00'),('mail_smtp_username','',0,'0000-00-00 00:00:00'),('mail_smtp_password','',0,'0000-00-00 00:00:00'),('url_target_for_events','_blank',0,'0000-00-00 00:00:00'),('capitalize_event_titles','1',0,'0000-00-00 00:00:00'),('show_top_navigation_bar','1',0,'0000-00-00 00:00:00'),('who_can_add_events','administrateur',0,'0000-00-00 00:00:00'),('who_can_edit_events','public frontend',0,'0000-00-00 00:00:00'),('who_can_delete_events','public frontend',0,'0000-00-00 00:00:00'),('who_can_approve_events','public frontend',0,'0000-00-00 00:00:00'),('show_recurrence_info_event_view','1',0,'0000-00-00 00:00:00'),('show_recurrence_info_category_view','1',0,'0000-00-00 00:00:00'),('sort_category_view_by','date_asc',0,'0000-00-00 00:00:00'),('show_only_start_times','1',0,'0000-00-00 00:00:00'),('show_event_times_in_monthly_view','0',0,'0000-00-00 00:00:00'),('show_event_times_in_flat_view','1',0,'0000-00-00 00:00:00'),('show_event_times_in_weekly_view','1',0,'0000-00-00 00:00:00'),('show_event_times_in_daily_view','1',0,'0000-00-00 00:00:00'),('show_overlapping_recurrences_monthlyview','1',0,'0000-00-00 00:00:00'),('show_overlapping_recurrences_flatview','0',0,'0000-00-00 00:00:00'),('show_overlapping_recurrences_weeklyview','0',0,'0000-00-00 00:00:00'),('show_overlapping_recurrences_dailyview','0',0,'0000-00-00 00:00:00'),('allow_javascript_in_event_urls','0',0,'0000-00-00 00:00:00');

--
-- Table structure for table `jos_jcalpro_events`
--

CREATE TABLE `jos_jcalpro_events` (
  `extid` int(11) NOT NULL AUTO_INCREMENT,
  `title` varchar(255) NOT NULL DEFAULT '',
  `description` text NOT NULL,
  `contact` text NOT NULL,
  `url` varchar(100) NOT NULL DEFAULT '',
  `email` varchar(120) NOT NULL DEFAULT '',
  `picture` varchar(100) NOT NULL DEFAULT '',
  `cat` tinyint(2) NOT NULL DEFAULT '0',
  `day` tinyint(2) NOT NULL DEFAULT '0',
  `month` smallint(2) NOT NULL DEFAULT '0',
  `year` smallint(4) NOT NULL DEFAULT '0',
  `approved` tinyint(1) NOT NULL DEFAULT '0',
  `start_date` datetime NOT NULL DEFAULT '0000-00-00 00:00:00',
  `end_date` datetime DEFAULT '0000-00-00 00:00:00',
  `recur_type` varchar(16) DEFAULT NULL,
  `recur_val` tinyint(4) DEFAULT '0',
  `recur_end_type` tinyint(1) unsigned NOT NULL DEFAULT '0',
  `recur_count` tinyint(3) unsigned NOT NULL DEFAULT '0',
  `recur_until` date DEFAULT '0000-00-00',
  `published` tinyint(1) DEFAULT '0',
  `checked_out` int(11) unsigned NOT NULL DEFAULT '0',
  `checked_out_time` datetime NOT NULL DEFAULT '0000-00-00 00:00:00',
  PRIMARY KEY (`extid`),
  KEY `start_date` (`start_date`)
) ENGINE=MyISAM AUTO_INCREMENT=22 DEFAULT CHARSET=utf8;

--
-- Dumping data for table `jos_jcalpro_events`
--

INSERT INTO `jos_jcalpro_events` VALUES (1,'Repas Médiéval','&lt;p&gt;Nous assurerons l&#39;animation du repas m&eacute;dieval entre 11h30 et 14h &agrave; l&#39;&eacute;cole xxx de Belfort.&nbsp;&lt;/p&gt;&lt;p&gt;&nbsp;&lt;/p&gt;&lt;p&gt;Nombre de personnes requises: au moins 3.&nbsp;&lt;/p&gt;','','','','',1,16,6,2007,1,'2007-06-16 11:30:00','2007-06-16 15:30:00','',0,0,1,'2007-06-16',1,0,'0000-00-00 00:00:00'),(2,'Fête Médiévale de Rougement le Château','&lt;p&gt;Nous nous rendrons &agrave; la f&ecirc;te en costume, mais sans pr&eacute;sence officielle. Le but est de contacter les organisateurs pour y participer dans 2 ans.&lt;/p&gt;&lt;p&gt;Nombre de personnes requises: Au moins 4. &lt;/p&gt;&lt;p&gt;Notes: Pas besoin de venir en lourd.&lt;/p&gt;','','','','',5,3,6,2007,1,'2007-06-03 11:00:00','2007-06-03 23:59:59','',0,0,1,'2007-06-03',1,0,'0000-00-00 00:00:00'),(3,'Fête Médiévale de Fontenoy','&lt;p&gt;F&ecirc;te M&eacute;di&eacute;vale de Fontenoy, pr&egrave;s d&#39;Auxerre. A pr&eacute;voir: ateliers p&eacute;dagogiques, combats. Seront aussi pr&eacute;sents quelques personnes d&#39;Excalibur Rh&ocirc;ne (a confirmer) &lt;/p&gt;&lt;p&gt;&nbsp;&lt;/p&gt;&lt;p&gt;Le 22: d&eacute;part de Belfort et arriv&eacute;e sur le lieu de la f&ecirc;te.&lt;/p&gt;&lt;p&gt;Le 23: Animation.&lt;/p&gt;&lt;p&gt;Le 24: Visite &agrave; Gu&eacute;delon et retour. &lt;/p&gt;&lt;p&gt;&nbsp;&lt;/p&gt;&lt;p&gt;Nombre de personnes requises: Au moins 5 personnes.&lt;/p&gt;','','','','',1,23,6,2007,1,'2007-06-23 14:00:00','2007-06-25 23:59:59','',0,0,1,'2007-06-23',1,0,'0000-00-00 00:00:00'),(4,'Fête Médiévale d\'Oricourt','&lt;p&gt;Nous irons &eacute;ventuellement &agrave; la f&ecirc;te en costume pour profiter entre autre du march&eacute; m&eacute;di&eacute;val. Notre pr&eacute;sence serait non-officielle.&lt;/p&gt;&lt;p&gt;&nbsp;&lt;/p&gt;&lt;p&gt;Nombre de personnes requises: ind&eacute;fini. &lt;/p&gt;','','','','',5,30,6,2007,1,'2007-06-30 08:00:00','2007-07-01 23:59:59','',0,0,1,'2007-06-30',1,0,'0000-00-00 00:00:00'),(5,'St Ursane [A confirmer]','&lt;p&gt;St Ursane [A confirmer]&lt;/p&gt;&lt;p&gt; A pr&eacute;voir: matos p&eacute;dagogique (cote de maille, cuir, etc..), combats.&lt;/p&gt;','','','','',1,7,7,2007,1,'2007-07-07 08:00:00','2007-07-07 23:59:59','',0,0,1,'2007-07-07',0,0,'0000-00-00 00:00:00'),(6,'St Pierre de Chandieu','Rassemblement annuel des Excaliburs et autres compagnies, organisé par Excalibur Rhône.','','','','',2,24,5,2007,1,'2007-05-24 08:00:00','2007-05-27 23:59:59','',0,0,1,'2007-05-24',1,0,'0000-00-00 00:00:00'),(7,'Stage d\'escrime historique','<p>Olivo nous présentera pendant ces deux jours sa vision de l\'escrime médiévale au travers des traités historiques ainsi que sa mise en pratique.</p><p> </p><p>Samedi matin: présentation</p><p>Samedi après-midi et dimanche: exercices pratiques</p><p>Samedi soir: chouille.</p><p> </p><p>Nombre de personnes requises: indéfini. </p>','','','','',3,30,6,2007,1,'2007-06-30 08:00:00','2007-07-01 23:59:59','',0,0,1,'2007-06-30',1,0,'0000-00-00 00:00:00'),(8,'700 ans de Belfort','En costume pour les 700 ans de Belfort...','','','','',5,15,9,2007,1,'2007-09-15 08:00:00','2007-09-16 23:59:59','',0,0,1,'2007-09-15',1,0,'0000-00-00 00:00:00'),(9,'Virade de l\'Espoir','<p>Pour lutter contre la mucovicidose.</p><p>Rendez-vous à 14h30 au stade Benoit Frachon à Belfort.</p><p>Spectacle à 15h30 en costume. </p>','','','','',1,30,9,2007,1,'2007-09-30 14:30:00','2007-09-30 23:59:59','',0,0,1,'2007-09-30',1,0,'0000-00-00 00:00:00'),(15,'Haute Marne','Au \r\nprogramme, : le campement, 4 ateliers (vie quotidienne, cuir, \r\nmaille, armes), 2 d&eacute;mo de combat, de la ziq. Le tout pour 1100 euros. La \r\nseule diff&eacute;rence avec d\'habitude, c\'est l\'aspect musique qui devra &ecirc;tre \r\nrenforc&eacute;.\r\n&lt;br /&gt;\r\n&lt;br /&gt;\r\nLe d&eacute;part \r\net le montage du campement se feront le 16.&lt;br /&gt;\r\n&lt;br /&gt;\r\n','','','','',1,17,8,2008,1,'2008-08-17 14:00:00','2008-08-17 14:00:00','',0,0,1,'2008-08-17',1,0,'0000-00-00 00:00:00'),(16,'Charavines','Les animations se dérouleront le 21-22 et 28-29. Quartiers libres du 23 au 27.','','','','',1,21,7,2007,1,'2007-07-21 08:00:00','2007-07-29 23:59:59','',0,0,1,'2007-07-21',1,0,'0000-00-00 00:00:00'),(11,'Rassemblement Inter-Exca','&lt;p&gt;Rassemblement inter-excaliburs organis&eacute; par Excalibur Rh&ocirc;ne.&lt;/p&gt;&lt;p&gt; Pour plus de d&eacute;tails:&lt;/p&gt;&lt;p&gt;http://cefc.asso.fr/board/viewtopic.php?p=2#2&nbsp;&lt;/p&gt;','','','','',2,8,5,2008,1,'2008-05-08 08:00:00','2008-05-12 23:59:59','',0,0,1,'2008-05-08',1,0,'0000-00-00 00:00:00'),(12,'Ateliers à Luxeuil les Bains','&lt;p&gt;\r\nAnimations d\'ateliers &agrave; Luxeuil les Bains\r\n&lt;/p&gt;\r\n&lt;p&gt;\r\nPour plus d\'infos:\r\n&lt;/p&gt;\r\n&lt;p&gt;\r\nhttp://www.cefc.asso.fr/board/viewtopic.php?p=4#4&nbsp;\r\n&lt;/p&gt;\r\n','','','','',1,20,9,2008,1,'2008-09-20 11:00:00','2008-09-21 23:59:59','',0,0,1,'2008-09-20',1,0,'0000-00-00 00:00:00'),(13,'Troll Penché','Présentation de la compagnie et stand armes','','','','',1,2,2,2008,1,'2008-02-02 16:00:00','2008-02-02 18:00:00','',0,0,1,'2008-02-02',1,0,'0000-00-00 00:00:00'),(14,'Semaine Bleue à Mantes','<p>Animation à la maison de retraite Léopold Galland de Mantes la Jolie, à l\'occasion de la Semaine Bleue.</p><p> Spectacle d\'escrime médiévale, stands de calligraphie et d\'instruments de musique. </p>','','','','',1,20,10,2007,1,'2007-10-20 08:00:00','2007-10-20 23:59:59','',0,0,1,'2007-10-20',1,0,'0000-00-00 00:00:00'),(17,'Vendredi de la Douce','D&eacute;monstration d\\\'escrime m&eacute;di&eacute;vale de 40 minutes &agrave; Belfort\r\n','','','','',1,6,7,2007,1,'2007-07-06 15:00:00','2007-07-06 23:59:59','',0,0,1,'2007-07-06',1,0,'0000-00-00 00:00:00'),(18,'Fête med - Les Aynans','&lt;span class=&quot;postbody&quot;&gt;F&ecirc;te m&eacute;di&eacute;vale dans le 70 &lt;span style=&quot;font-weight: bold&quot;&gt;les 31 mai et le 1er juin&lt;/span&gt; entre Lure et Villersexel &lt;span style=&quot;font-weight: bold&quot;&gt;dans la commune LES AYNANS&lt;/span&gt; de 10 &agrave; 18h (&lt;span style=&quot;font-style: italic&quot;&gt;entr&eacute;e gratuite&lt;/span&gt;).\r\n&lt;br /&gt;\r\n&lt;br /&gt;\r\nAu programme : \r\n&lt;br /&gt;\r\n&lt;br /&gt;\r\n- Fabrication de papier\r\n&lt;br /&gt;\r\n- Enluminure et h&eacute;raldique\r\n&lt;br /&gt;\r\n- Fabrication de patins\r\n&lt;br /&gt;\r\n- Maquette de Ch&acirc;teaux fort r&eacute;gionnaux\r\n&lt;br /&gt;\r\n- Apothicairerie et jardin m&eacute;di&eacute;val\r\n&lt;br /&gt;\r\n- Forge et charbonni&egrave;re\r\n&lt;br /&gt;\r\n- Taille de la pierre avec fabrication d\'une petite vo&ucirc;te\r\n&lt;br /&gt;\r\n- Micerai de fer et bas-fourneau\r\n&lt;br /&gt;\r\n- Numismatique et arch&eacute;ologie \r\n&lt;br /&gt;\r\n- Les instruments de mesure\r\n&lt;br /&gt;\r\n- Tissage / filage\r\n&lt;br /&gt;\r\n- Cuisine m&eacute;di&eacute;vale\r\n&lt;br /&gt;\r\n- Lices avec quintaine (jeu pour enfants)\r\n&lt;br /&gt;\r\n- D&eacute;monstration de combats par l\'association &lt;span style=&quot;font-weight: bold&quot;&gt;L&eacute;gende M&eacute;di&eacute;vale&lt;/span&gt;\r\n&lt;br /&gt;\r\n&lt;/span&gt;\r\n','','','','',5,1,6,2008,1,'2008-06-01 13:30:00','0000-00-00 00:00:00','',0,0,1,'2008-06-01',1,0,'0000-00-00 00:00:00'),(19,'Atelier cuisine','Atelier cuisine supervisé par Gaelle\r\n','','','','',3,8,6,2008,1,'2008-06-08 13:30:00','0000-00-00 00:00:00','',0,0,1,'2008-06-08',1,0,'0000-00-00 00:00:00'),(20,'rassemblement exca - 6ème édition','<p>\r\nLa sixième édition du rassemblement organisé par Exclaibur Rhône.\r\n</p>\r\n<p>\r\nLe lieu de la rencontre sera de nouveau St Pierre de Chandieu. \r\n</p>\r\n<p>\r\n \r\n</p>\r\n','','xkrhone.free.fr/Rassemblement/index.htm','rassemblement.xkrhone@gmail.com','',2,21,5,2009,1,'2009-05-21 08:00:00','2009-05-24 23:59:59','',0,0,1,'2009-05-21',1,0,'0000-00-00 00:00:00'),(21,'animation - foire à Ambérieu en Bugey','Animation d\'une journ&eacute;e, dans une rue d\'une zone indus o&ugrave; est organis&eacute;e une foire. Notre intervention consiste en 4 ateliers (armes, maille, musqiue, vie quot.) et deux d&eacute;monstrations de combat, avec entre 8 et 10 personnes. D&eacute;part si possible le vendredi en d&eacute;but d\'arp&egrave;s-midi pour ceux qui peuvent, histoire d\'installer el campement sur site.\r\n','','','','',1,6,6,2009,1,'2009-06-06 09:00:00','2009-06-06 23:59:59','',0,0,0,'2009-06-06',1,0,'0000-00-00 00:00:00');

--
-- Table structure for table `jos_jcalpro_themes`
--

CREATE TABLE `jos_jcalpro_themes` (
  `id` int(11) NOT NULL AUTO_INCREMENT,
  `name` varchar(100) NOT NULL DEFAULT '',
  `theme` varchar(100) NOT NULL DEFAULT '',
  `type` varchar(100) NOT NULL DEFAULT 'plugins',
  `icon` varchar(255) NOT NULL DEFAULT '',
  `published` tinyint(3) NOT NULL DEFAULT '0',
  `editable` tinyint(3) NOT NULL DEFAULT '1',
  `elements` varchar(255) NOT NULL DEFAULT '',
  `iscore` tinyint(3) NOT NULL DEFAULT '0',
  `client_id` tinyint(3) NOT NULL DEFAULT '0',
  `checked_out` int(11) unsigned NOT NULL DEFAULT '0',
  `checked_out_time` datetime NOT NULL DEFAULT '0000-00-00 00:00:00',
  `params` text NOT NULL,
  PRIMARY KEY (`id`),
  UNIQUE KEY `plugin` (`theme`)
) ENGINE=MyISAM AUTO_INCREMENT=3 DEFAULT CHARSET=utf8;

--
-- Dumping data for table `jos_jcalpro_themes`
--

INSERT INTO `jos_jcalpro_themes` VALUES (1,'default','default','theme','default',1,1,'',1,0,0,'0000-00-00 00:00:00',''),(2,'spartan','spartan','theme','default',0,1,'',0,0,0,'0000-00-00 00:00:00','');

--
-- Table structure for table `jos_jce_extensions`
--

CREATE TABLE `jos_jce_extensions` (
  `id` int(11) NOT NULL AUTO_INCREMENT,
  `pid` int(11) NOT NULL,
  `name` varchar(100) NOT NULL,
  `extension` varchar(255) NOT NULL,
  `folder` varchar(255) NOT NULL,
  `published` tinyint(3) NOT NULL,
  PRIMARY KEY (`id`)
) ENGINE=MyISAM AUTO_INCREMENT=2 DEFAULT CHARSET=utf8;

--
-- Dumping data for table `jos_jce_extensions`
--

INSERT INTO `jos_jce_extensions` VALUES (1,15,'Joomla Links for Advanced Link','joomlalinks','links',1);

--
-- Table structure for table `jos_jce_groups`
--

CREATE TABLE `jos_jce_groups` (
  `id` int(11) NOT NULL AUTO_INCREMENT,
  `name` varchar(255) NOT NULL,
  `description` varchar(255) NOT NULL,
  `users` text NOT NULL,
  `types` varchar(255) NOT NULL,
  `components` text NOT NULL,
  `rows` text NOT NULL,
  `plugins` varchar(255) NOT NULL,
  `published` tinyint(3) NOT NULL,
  `ordering` int(11) NOT NULL,
  `checked_out` tinyint(3) NOT NULL,
  `checked_out_time` datetime NOT NULL,
  `params` text NOT NULL,
  PRIMARY KEY (`id`)
) ENGINE=MyISAM AUTO_INCREMENT=3 DEFAULT CHARSET=utf8;

--
-- Dumping data for table `jos_jce_groups`
--

INSERT INTO `jos_jce_groups` VALUES (1,'Default','Default group for all users with edit access','','19,20,21,23,24,25','','28,27,32,33,19,20,21,29,45,44,43,46,26,49,36,37,30,31,39,40;47,38,5,9,48,42,24,25,22,18,2;7,13,10,3;23,15,14,16,4,6,8,12,34,41,11,17,58,57','1,52,53,2,3,4,5,6,7,8,9,10,11,12,13,14,15,16,17,28,57,58',1,1,0,'0000-00-00 00:00:00','editor_width=\neditor_height=\neditor_toggle=1\neditor_theme_advanced_toolbar_location=top\neditor_theme_advanced_toolbar_align=left\neditor_skin=default\neditor_skin_variant=default\neditor_inlinepopups_skin=clearlooks2\neditor_relative_urls=1\neditor_invalid_elements=\neditor_extended_elements=\neditor_event_elements=a,img\neditor_allow_javascript=1\neditor_allow_css=1\neditor_allow_php=1\neditor_theme_advanced_blockformats=p,div,h1,h2,h3,h4,h5,h6,blockquote,dt,dd,code,samp,pre\neditor_theme_advanced_fonts_add=\neditor_theme_advanced_fonts_remove=\neditor_font_size_style_values=8pt,10pt,12pt,14pt,18pt,24pt,36pt\neditor_dir=images\neditor_max_size=1024\neditor_upload_conflict=unique\neditor_preview_height=550\neditor_preview_width=750\neditor_custom_colors=\npaste_create_paragraphs=1\npaste_create_linebreaks=1\npaste_use_dialog=0\npaste_auto_cleanup_on_paste=0\npaste_strip_class_attributes=all\npaste_remove_spans=1\npaste_remove_styles=1\nimgmanager_dir=images\nimgmanager_max_size=\nimgmanager_extensions=image=jpeg,jpg,png,gif\nimgmanager_margin_top=default\nimgmanager_margin_right=default\nimgmanager_margin_bottom=default\nimgmanager_margin_left=default\nimgmanager_border=0\nimgmanager_border_width=default\nimgmanager_border_style=default\nimgmanager_border_color=#000000\nimgmanager_align=default\nimgmanager_upload=1\nimgmanager_upload_conflict=\nimgmanager_folder_new=1\nimgmanager_folder_delete=1\nimgmanager_folder_rename=1\nimgmanager_file_delete=1\nimgmanager_file_rename=1\nimgmanager_file_move=1\nadvlink_target=default\nadvlink_content=1\nadvlink_static=1\nadvlink_contacts=1\nadvlink_weblinks=1\nadvlink_menu=1\nspellchecker_engine=googlespell\nspellchecker_languages=French=fr,English=en\nspellchecker_pspell_mode=PSPELL_FAST\nspellchecker_pspell_spelling=\nspellchecker_pspell_jargon=\nspellchecker_pspell_encoding=\nspellchecker_pspellshell_aspell=/usr/bin/aspell\nspellchecker_pspellshell_tmp=/tmp\nbrowser_dir=\nbrowser_max_size=\nbrowser_extensions=xml=xml;html=htm,html;word=doc,docx;powerpoint=ppt;excel=xls;text=txt,rtf;image=gif,jpeg,jpg,png;acrobat=pdf;archive=zip,tar,gz;flash=swf;winrar=rar;quicktime=mov,mp4,qt;windowsmedia=wmv,asx,asf,avi;audio=wav,mp3,aiff;openoffice=odt,odg,odp,ods,odf\nbrowser_extensions_viewable=html,htm,doc,docx,ppt,rtf,xls,txt,gif,jpeg,jpg,png,pdf,swf,mov,mpeg,mpg,avi,asf,asx,dcr,flv,wmv,wav,mp3\nbrowser_upload=1\nbrowser_upload_conflict=\nbrowser_folder_new=1\nbrowser_folder_delete=1\nbrowser_folder_rename=1\nbrowser_file_delete=1\nbrowser_file_rename=1\nbrowser_file_move=1\n\n'),(2,'Front End','Sample Group for Authors, Editors, Publishers','','19,20,21','','28,27,47,32,33,19,20,21,29,45,44,43,46,49;5,38,36,37,30,31,39,40,42;13,9,16,15,23,14,76','1,57,5,9,13,14,15,16,28,76',0,2,0,'0000-00-00 00:00:00','');

--
-- Table structure for table `jos_jce_plugins`
--

CREATE TABLE `jos_jce_plugins` (
  `id` int(11) NOT NULL AUTO_INCREMENT,
  `title` varchar(100) NOT NULL,
  `name` varchar(100) NOT NULL,
  `type` varchar(100) NOT NULL DEFAULT 'plugin',
  `icon` varchar(255) NOT NULL DEFAULT '',
  `layout` varchar(255) NOT NULL,
  `row` int(11) NOT NULL DEFAULT '0',
  `ordering` int(11) NOT NULL DEFAULT '0',
  `published` tinyint(3) NOT NULL DEFAULT '0',
  `editable` tinyint(3) NOT NULL DEFAULT '0',
  `elements` varchar(255) NOT NULL DEFAULT '',
  `params` text NOT NULL,
  `iscore` tinyint(3) NOT NULL DEFAULT '0',
  `checked_out` int(11) NOT NULL DEFAULT '0',
  `checked_out_time` datetime NOT NULL DEFAULT '0000-00-00 00:00:00',
  PRIMARY KEY (`id`),
  UNIQUE KEY `plugin` (`name`)
) ENGINE=MyISAM AUTO_INCREMENT=59 DEFAULT CHARSET=utf8;

--
-- Dumping data for table `jos_jce_plugins`
--

INSERT INTO `jos_jce_plugins` VALUES (1,'Context Menu','contextmenu','plugin','','',0,21,1,0,'','',1,0,'0000-00-00 00:00:00'),(2,'Directionality','directionality','plugin','ltr,rtl','directionality',3,28,1,0,'','',1,0,'0000-00-00 00:00:00'),(3,'Emotions','emotions','plugin','emotions','emotions',3,26,1,0,'','',1,0,'0000-00-00 00:00:00'),(4,'Fullscreen','fullscreen','plugin','fullscreen','fullscreen',3,29,1,0,'','',1,0,'0000-00-00 00:00:00'),(5,'Paste','paste','plugin','pasteword,pastetext','paste',2,17,1,1,'','',1,0,'0000-00-00 00:00:00'),(6,'Preview','preview','plugin','preview','preview',3,31,1,0,'','',1,0,'0000-00-00 00:00:00'),(7,'Tables','table','plugin','tablecontrols','buttons',3,14,1,0,'','',1,0,'0000-00-00 00:00:00'),(8,'Print','print','plugin','print','print',3,27,1,0,'','',1,0,'0000-00-00 00:00:00'),(9,'Search Replace','searchreplace','plugin','search,replace','searchreplace',2,20,1,0,'','',1,0,'0000-00-00 00:00:00'),(10,'Styles','style','plugin','styleprops','style',4,18,1,0,'','',1,0,'0000-00-00 00:00:00'),(11,'Non-Breaking','nonbreaking','plugin','nonbreaking','nonbreaking',4,23,1,0,'','',1,0,'0000-00-00 00:00:00'),(12,'Visual Characters','visualchars','plugin','visualchars','visualchars',4,22,1,0,'','',1,0,'0000-00-00 00:00:00'),(13,'XHTML Xtras','xhtmlxtras','plugin','cite,abbr,acronym,del,ins,attribs','xhtmlxtras',4,19,1,0,'','',1,0,'0000-00-00 00:00:00'),(14,'Image Manager','imgmanager','plugin','imgmanager','imgmanager',4,32,1,1,'','',1,0,'0000-00-00 00:00:00'),(15,'Advanced Link','advlink','plugin','advlink','advlink',4,33,1,1,'','',1,0,'0000-00-00 00:00:00'),(16,'Spell Checker','spellchecker','plugin','spellchecker','spellchecker',4,24,1,1,'','',1,0,'0000-00-00 00:00:00'),(17,'Layers','layer','plugin','insertlayer,moveforward,movebackward,absolute','layer',4,13,1,0,'','',1,0,'0000-00-00 00:00:00'),(18,'Font ForeColour','forecolor','command','forecolor','forecolor',2,17,1,0,'','',1,0,'0000-00-00 00:00:00'),(19,'Bold','bold','command','bold','bold',1,2,1,0,'','',1,0,'0000-00-00 00:00:00'),(20,'Italic','italic','command','italic','italic',1,3,1,0,'','',1,0,'0000-00-00 00:00:00'),(21,'Underline','underline','command','underline','underline',1,4,1,0,'','',1,0,'0000-00-00 00:00:00'),(22,'Font BackColour','backcolor','command','backcolor','backcolor',2,18,1,0,'','',1,0,'0000-00-00 00:00:00'),(23,'Unlink','unlink','command','unlink','unlink',2,11,1,0,'','',1,0,'0000-00-00 00:00:00'),(24,'Font Select','fontselect','command','fontselect','fontselect',1,12,1,0,'','',1,0,'0000-00-00 00:00:00'),(25,'Font Size Select','fontsizeselect','command','fontsizeselect','fontsizeselect',1,13,1,0,'','',1,0,'0000-00-00 00:00:00'),(26,'Style Select','styleselect','command','styleselect','styleselect',1,10,1,0,'','',1,0,'0000-00-00 00:00:00'),(27,'New Document','newdocument','command','newdocument','newdocument',1,1,1,0,'','',1,0,'0000-00-00 00:00:00'),(28,'Help','help','plugin','help','help',1,10,1,0,'','',1,0,'0000-00-00 00:00:00'),(29,'StrikeThrough','strikethrough','command','strikethrough','strikethrough',1,5,1,0,'','',1,0,'0000-00-00 00:00:00'),(30,'Indent','indent','command','indent','indent',2,7,1,0,'','',1,0,'0000-00-00 00:00:00'),(31,'Outdent','outdent','command','outdent','outdent',2,6,1,0,'','',1,0,'0000-00-00 00:00:00'),(32,'Undo','undo','command','undo','undo',2,8,1,0,'','',1,0,'0000-00-00 00:00:00'),(33,'Redo','redo','command','redo','redo',2,9,1,0,'','',1,0,'0000-00-00 00:00:00'),(34,'Horizontal Rule','hr','command','hr','hr',3,2,1,0,'','',1,0,'0000-00-00 00:00:00'),(35,'HTML','html','command','code','code',2,16,1,0,'','',1,0,'0000-00-00 00:00:00'),(36,'Numbered List','numlist','command','numlist','numlist',2,5,1,0,'','',1,0,'0000-00-00 00:00:00'),(37,'Bullet List','bullist','command','bullist','bullist',2,4,1,0,'','',1,0,'0000-00-00 00:00:00'),(38,'Clipboard Actions','clipboard','command','cut,copy,paste','clipboard',2,1,1,0,'','',1,0,'0000-00-00 00:00:00'),(39,'Subscript','sub','command','sub','sub',3,5,1,0,'','',1,0,'0000-00-00 00:00:00'),(40,'Superscript','sup','command','sup','sup',3,6,1,0,'','',1,0,'0000-00-00 00:00:00'),(41,'Visual Aid','visualaid','command','visualaid','visualaid',3,4,1,0,'','',1,0,'0000-00-00 00:00:00'),(42,'Character Map','charmap','command','charmap','charmap',3,7,1,0,'','',1,0,'0000-00-00 00:00:00'),(43,'Justify Full','full','command','justifyfull','justifyfull',1,8,1,0,'','',1,0,'0000-00-00 00:00:00'),(44,'Justify Center','center','command','justifycenter','justifycenter',1,7,1,0,'','',1,0,'0000-00-00 00:00:00'),(45,'Justify Left','left','command','justifyleft','justifyleft',1,6,1,0,'','',1,0,'0000-00-00 00:00:00'),(46,'Justify Right','right','command','justifyright','justifyright',1,9,1,0,'','',1,0,'0000-00-00 00:00:00'),(47,'Remove Format','removeformat','command','removeformat','removeformat',3,3,1,0,'','',1,0,'0000-00-00 00:00:00'),(48,'Anchor','anchor','command','anchor','anchor',2,12,1,0,'','',1,0,'0000-00-00 00:00:00'),(49,'Format Select','formatselect','command','formatselect','formatselect',1,11,1,0,'','',1,0,'0000-00-00 00:00:00'),(50,'Image','image','command','image','image',2,13,1,0,'','',1,0,'0000-00-00 00:00:00'),(51,'Link','link','command','link','link',2,10,1,0,'','',1,0,'0000-00-00 00:00:00'),(52,'File Browser','browser','plugin','','',0,30,1,1,'','',1,0,'0000-00-00 00:00:00'),(53,'Inline Popups','inlinepopups','plugin','','',0,15,1,0,'','',1,0,'0000-00-00 00:00:00'),(54,'Media Support','media','plugin','','',0,12,1,1,'','',1,0,'0000-00-00 00:00:00'),(55,'Code Cleanup','cleanup','command','cleanup','cleanup',2,14,1,0,'','',1,0,'0000-00-00 00:00:00'),(56,'Safari Browser Support','safari','plugin','','',0,16,1,0,'','',1,0,'0000-00-00 00:00:00'),(57,'Advanced Code Editor','advcode','plugin','advcode','advcode',4,11,1,0,'','',1,0,'0000-00-00 00:00:00'),(58,'Article Breaks','article','plugin','readmore,pagebreak','article',4,1,1,1,'','',0,0,'0000-00-00 00:00:00');

--
-- Table structure for table `jos_jfusion`
--

CREATE TABLE `jos_jfusion` (
  `id` int(11) NOT NULL AUTO_INCREMENT,
  `name` varchar(50) NOT NULL,
  `params` text,
  `master` tinyint(4) NOT NULL,
  `slave` tinyint(4) NOT NULL,
  `status` tinyint(4) NOT NULL,
  `dual_login` tinyint(4) NOT NULL,
  `check_encryption` tinyint(4) NOT NULL,
  `activity` tinyint(4) NOT NULL,
  `plugin_files` longblob,
  `original_name` varchar(50) DEFAULT NULL,
  PRIMARY KEY (`id`)
) ENGINE=MyISAM AUTO_INCREMENT=9 DEFAULT CHARSET=utf8;

--
-- Dumping data for table `jos_jfusion`
--

INSERT INTO `jos_jfusion` VALUES (1,'joomla_int','YToxNTp7czoxMToiZGVzY3JpcHRpb24iO3M6MTk6IkN1cnJlbnQgSm9vbWxhIFNpdGUiO3M6MTY6ImxvZ2luX2lkZW50aWZpZXIiO3M6MToiMSI7czoxNToidXNlcm5hbWVfZmlsdGVyIjtzOjEwOiJqb29tbGFfaW50IjtzOjk6InVzZXJncm91cCI7czoyOiIxOCI7czoxMDoic291cmNlX3VybCI7czoyNDoiaHR0cDovL3d3dy5jZWZjLmFzc28uZnIvIjtzOjE3OiJ1cGRhdGVfYWN0aXZhdGlvbiI7czoxOiIxIjtzOjEyOiJ1cGRhdGVfYmxvY2siO3M6MToiMSI7czoxMjoidXBkYXRlX2VtYWlsIjtzOjE6IjEiO3M6MTQ6ImRlZmF1bHRfcGx1Z2luIjtzOjEwOiJqb29tbGFfaW50IjtzOjk6ImxpbmtfbW9kZSI7czo2OiJkaXJlY3QiO3M6MTQ6IndyYXBwZXJfc2Nyb2xsIjtzOjQ6ImF1dG8iO3M6MTM6IndyYXBwZXJfd2lkdGgiO3M6NDoiMTAwJSI7czoxNDoid3JhcHBlcl9oZWlnaHQiO3M6MzoiNTAwIjtzOjE4OiJ3cmFwcGVyX2F1dG9oZWlnaHQiO3M6MToiMSI7czoyMDoid3JhcHBlcl90cmFuc3BhcmVuY3kiO3M6MToiMSI7fQ==',1,0,1,1,1,0,NULL,NULL),(4,'phpbb3','YToxOTp7czoxMToiZGVzY3JpcHRpb24iO3M6MTg6InBocGJiIDMuMC54IHBsdWdpbiI7czoxMzoiZGF0YWJhc2VfdHlwZSI7czo1OiJteXNxbCI7czoxMzoiZGF0YWJhc2VfaG9zdCI7czo5OiJteXNxbDUtMTIiO3M6MTM6ImRhdGFiYXNlX25hbWUiO3M6MTM6ImNlZmNienVwcGhwYmIiO3M6MTM6ImRhdGFiYXNlX3VzZXIiO3M6MTM6ImNlZmNienVwcGhwYmIiO3M6MTc6ImRhdGFiYXNlX3Bhc3N3b3JkIjtzOjk6IjlwaHAwMWJiOSI7czoxNToiZGF0YWJhc2VfcHJlZml4IjtzOjc6InBocGJiM18iO3M6MTA6InNvdXJjZV91cmwiO3M6MzE6Imh0dHA6Ly93d3cuY2VmYy5hc3NvLmZyL3BocEJCMy8iO3M6MTE6InNvdXJjZV9wYXRoIjtzOjA6IiI7czoxMzoiY29va2llX2RvbWFpbiI7czoxMzoiLmNlZmMuYXNzby5mciI7czoxMToiY29va2llX3BhdGgiO3M6MToiLyI7czoxMzoiY29va2llX3ByZWZpeCI7czoxMjoicGhwYmIzX2thZTd2IjtzOjEzOiJjb29raWVfZXhwaXJ5IjtzOjI6IjYwIjtzOjE1OiJhbGxvd19hdXRvbG9naW4iO3M6MToiMSI7czoxMzoidXRmOF9hZHZhbmNlZCI7czo4OiJkaXNhYmxlZCI7czoxNzoidXBkYXRlX2FjdGl2YXRpb24iO3M6MToiMSI7czoxMjoidXBkYXRlX2Jsb2NrIjtzOjE6IjEiO3M6MTI6InVwZGF0ZV9lbWFpbCI7czoxOiIwIjtzOjk6InVzZXJncm91cCI7czoyOiIyMiI7fQ==',0,1,1,1,1,1,NULL,NULL);

--
-- Table structure for table `jos_jfusion_forum_plugin`
--

CREATE TABLE `jos_jfusion_forum_plugin` (
  `contentid` int(11) NOT NULL,
  `threadid` int(11) NOT NULL,
  `postid` int(11) NOT NULL,
  `jname` varchar(255) NOT NULL,
  `modified` int(11) NOT NULL DEFAULT '0'
) ENGINE=MyISAM DEFAULT CHARSET=utf8;

--
-- Dumping data for table `jos_jfusion_forum_plugin`
--


--
-- Table structure for table `jos_jfusion_sync`
--

CREATE TABLE `jos_jfusion_sync` (
  `syncid` varchar(10) NOT NULL DEFAULT '',
  `action` varchar(255) DEFAULT NULL,
  `syncdata` text,
  `time_start` int(8) DEFAULT NULL,
  `time_end` int(8) DEFAULT NULL,
  PRIMARY KEY (`syncid`)
) ENGINE=MyISAM DEFAULT CHARSET=utf8;

--
-- Dumping data for table `jos_jfusion_sync`
--

INSERT INTO `jos_jfusion_sync` VALUES ('kVF8rO0e23','slave','YTo3OntzOjY6Im1hc3RlciI7czoxMDoiam9vbWxhX2ludCI7czo2OiJzeW5jaWQiO3M6MTA6ImtWRjhyTzBlMjMiO3M6MTA6InNsYXZlX2RhdGEiO2E6MTp7aTowO2E6Njp7czo1OiJqbmFtZSI7czo2OiJwaHBiYjMiO3M6NToidG90YWwiO2k6MDtzOjc6ImNyZWF0ZWQiO2k6NTtzOjc6ImRlbGV0ZWQiO2k6MDtzOjc6InVwZGF0ZWQiO2k6MjA7czo1OiJlcnJvciI7aTowO319czo2OiJhY3Rpb24iO3M6NToic2xhdmUiO3M6MTM6InBsdWdpbl9vZmZzZXQiO2k6MDtzOjExOiJ1c2VyX29mZnNldCI7aToyNDtzOjk6ImNvbXBsZXRlZCI7czo0OiJ0cnVlIjt9',1237308236,1237308236);

--
-- Table structure for table `jos_jfusion_users`
--

CREATE TABLE `jos_jfusion_users` (
  `id` int(11) NOT NULL,
  `username` varchar(50) NOT NULL DEFAULT '',
  PRIMARY KEY (`username`)
) ENGINE=MyISAM DEFAULT CHARSET=utf8;

--
-- Dumping data for table `jos_jfusion_users`
--

INSERT INTO `jos_jfusion_users` VALUES (62,'admin'),(71,'Hellbor'),(72,'Chocozouf'),(67,'Vincent'),(65,'Hervald'),(74,'Alban'),(76,'Highglander'),(80,'Mathieu'),(144,'argan'),(93,'Lise'),(92,'Matt'),(94,'Seb'),(88,'Cécile'),(90,'0livier'),(122,'Barbe'),(141,'ysobel'),(139,'Kraag'),(103,'ChateaufortdeGuise'),(102,'gaëlle'),(131,'Ermine'),(165,'Arnaud Enderlen'),(170,'Fanny'),(316,'Nisyfoeweconrygroore'),(376,'sire Blunt'),(201,'Fangorn'),(317,'regis'),(318,'dwemymyncMymn'),(319,'DashaOlssen'),(339,'toto'),(323,'Thorvald'),(340,'tutu'),(336,'test'),(337,'Azulift'),(341,'plume'),(342,'romain'),(343,'asbjorn'),(344,'tester'),(350,'Guillaume'),(351,'Crispin'),(352,'charles'),(353,'testcefc'),(356,'jaquelin'),(357,'clement'),(358,'jeldrick'),(365,'cbourrelier'),(368,'laurèn'),(369,'rozie'),(362,'jsirguey'),(371,'adminbibli'),(370,'Florian'),(372,'enderlen'),(373,'Cécilia'),(175,'pierre-marie'),(377,'dutilleux'),(378,'thib'),(379,'Sylvain'),(383,'sitelle'),(384,'vero'),(386,'sandrine'),(390,'sopNeaptuts'),(392,'dfrapy'),(395,'lvienot'),(394,'jvienot'),(398,'Neamik'),(399,'coquinounet'),(401,'Matthewaport'),(402,'JanetBC'),(406,'Pedroquary'),(408,'hervald1');

--
-- Table structure for table `jos_jfusion_users_plugin`
--

CREATE TABLE `jos_jfusion_users_plugin` (
  `autoid` int(11) NOT NULL AUTO_INCREMENT,
  `id` int(11) NOT NULL,
  `username` varchar(50) DEFAULT NULL,
  `userid` int(11) NOT NULL,
  `jname` varchar(50) NOT NULL,
  PRIMARY KEY (`autoid`)
) ENGINE=MyISAM AUTO_INCREMENT=6294 DEFAULT CHARSET=utf8;

--
-- Dumping data for table `jos_jfusion_users_plugin`
--

INSERT INTO `jos_jfusion_users_plugin` VALUES (31,317,'regis',109,'phpbb3'),(6201,76,'highglander',8,'phpbb3'),(6265,62,'admin',2,'phpbb3'),(67,320,'toto',112,'phpbb3'),(1339,339,'toto',132,'phpbb3'),(6293,65,'hervald',6,'phpbb3'),(6106,93,'lise',13,'phpbb3'),(5858,351,'crispin',140,'phpbb3'),(183,324,'tutu',116,'phpbb3'),(240,325,'tutu',117,'phpbb3'),(259,334,'tutu',126,'phpbb3'),(311,335,'tutu',127,'phpbb3'),(300,336,'test',128,'phpbb3'),(5717,74,'alban',7,'phpbb3'),(6120,71,'hellbor',4,'phpbb3'),(4970,88,'cécile',10,'phpbb3'),(6098,337,'azulift',129,'phpbb3'),(488,90,'0livier',11,'phpbb3'),(6057,356,'jaquelin',143,'phpbb3'),(6061,102,'gaëlle',15,'phpbb3'),(6216,371,'adminbibli',164,'phpbb3'),(5893,175,'pierre-marie',20,'phpbb3'),(3210,92,'matt',12,'phpbb3'),(1342,340,'tutu',133,'phpbb3'),(6258,72,'chocozouf',5,'phpbb3'),(1560,341,'plume',134,'phpbb3'),(3771,342,'romain',135,'phpbb3'),(3902,368,'laurèn',156,'phpbb3'),(1884,344,'tester',137,'phpbb3'),(2176,352,'charles',141,'phpbb3'),(1969,350,'guillaume',139,'phpbb3'),(4828,343,'asbjorn',136,'phpbb3'),(2259,353,'testcefc',142,'phpbb3'),(6015,94,'seb',14,'phpbb3'),(6239,67,'vincent',3,'phpbb3'),(2955,357,'clement',145,'phpbb3'),(5337,358,'jeldrick',146,'phpbb3'),(5715,80,'mathieu',9,'phpbb3'),(6046,369,'rozie',157,'phpbb3'),(6183,362,'jsirguey',150,'phpbb3'),(5718,323,'thorvald',115,'phpbb3'),(4290,370,'florian',158,'phpbb3'),(5255,372,'enderlen',160,'phpbb3'),(6010,373,'cécilia',161,'phpbb3'),(4775,374,'pierre-marie',162,'phpbb3'),(4963,376,'sire blunt',165,'phpbb3'),(5690,378,'thib',167,'phpbb3'),(6099,144,'argan',18,'phpbb3'),(6065,379,'sylvain',169,'phpbb3'),(5922,383,'sitelle',173,'phpbb3'),(5960,384,'vero',174,'phpbb3'),(6076,386,'sandrine',176,'phpbb3'),(6131,392,'dfrapy',182,'phpbb3'),(6143,395,'lvienot',185,'phpbb3'),(6148,394,'jvienot',184,'phpbb3'),(6184,398,'neamik',188,'phpbb3'),(6176,399,'coquinounet',189,'phpbb3'),(6284,401,'matthewaport',191,'phpbb3');

--
-- Table structure for table `jos_menu`
--

CREATE TABLE `jos_menu` (
  `id` int(11) NOT NULL AUTO_INCREMENT,
  `menutype` varchar(75) DEFAULT NULL,
  `name` varchar(255) DEFAULT NULL,
  `alias` varchar(255) NOT NULL DEFAULT '',
  `link` text,
  `type` varchar(50) NOT NULL DEFAULT '',
  `published` tinyint(1) NOT NULL DEFAULT '0',
  `parent` int(11) unsigned NOT NULL DEFAULT '0',
  `componentid` int(11) unsigned NOT NULL DEFAULT '0',
  `sublevel` int(11) DEFAULT '0',
  `ordering` int(11) DEFAULT '0',
  `checked_out` int(11) unsigned NOT NULL DEFAULT '0',
  `checked_out_time` datetime NOT NULL DEFAULT '0000-00-00 00:00:00',
  `pollid` int(11) NOT NULL DEFAULT '0',
  `browserNav` tinyint(4) DEFAULT '0',
  `access` tinyint(3) unsigned NOT NULL DEFAULT '0',
  `utaccess` tinyint(3) unsigned NOT NULL DEFAULT '0',
  `params` text NOT NULL,
  `lft` int(11) unsigned NOT NULL DEFAULT '0',
  `rgt` int(11) unsigned NOT NULL DEFAULT '0',
  `home` int(1) unsigned NOT NULL DEFAULT '0',
  PRIMARY KEY (`id`),
  KEY `componentid` (`componentid`,`menutype`,`published`,`access`),
  KEY `menutype` (`menutype`)
) ENGINE=MyISAM AUTO_INCREMENT=54 DEFAULT CHARSET=utf8;

--
-- Dumping data for table `jos_menu`
--

INSERT INTO `jos_menu` VALUES (1,'mainmenu','Accueil','accueil-mainmenu-1','index.php?option=com_content&view=frontpage','component',1,0,20,0,2,0,'0000-00-00 00:00:00',0,0,0,3,'num_leading_articles=2\nnum_intro_articles=2\nnum_columns=1\nnum_links=1\norderby_pri=\norderby_sec=front\nmulti_column_order=1\nshow_pagination=2\nshow_pagination_results=1\nshow_feed_link=1\nshow_noauth=\nshow_title=1\nlink_titles=\nshow_intro=\nshow_section=0\nlink_section=\nshow_category=0\nlink_category=\nshow_author=\nshow_create_date=\nshow_modify_date=\nshow_item_navigation=\nshow_readmore=\nshow_vote=\nshow_icons=\nshow_pdf_icon=0\nshow_print_icon=0\nshow_email_icon=0\nshow_hits=\nfeed_summary=\npage_title=Bienvenue sur la page d\'accueil\nshow_page_title=0\npageclass_sfx=\nmenu_image=-1\nsecure=0\n\n',0,0,1),(2,'mainmenu','News','news-mainmenu-2','index.php?option=com_content&view=section&id=1','component',0,0,20,0,6,0,'0000-00-00 00:00:00',0,0,0,3,'\nshow_title=1\nshow_page_title=1\n',0,0,0),(3,'mainmenu','Nous contacter','nous-contacter-mainmenu-3','index.php?option=com_contact&view=category','component',0,0,7,0,8,0,'0000-00-00 00:00:00',0,0,0,3,'',0,0,0),(23,'mainmenu','Liens','liens-mainmenu-23','index.php?option=com_weblinks&view=categories','component',1,0,4,0,3,0,'0000-00-00 00:00:00',0,0,0,0,'image=-1\nimage_align=right\nshow_feed_link=1\nshow_comp_description=\ncomp_description=\nshow_link_hits=\nshow_link_description=\nshow_other_cats=\nshow_headings=1\ntarget=\nlink_icons=\npage_title=\nshow_page_title=1\npageclass_sfx=\nmenu_image=web_links.jpg\nsecure=0\n\n',0,0,0),(5,'mainmenu','Rechercher','rechercher-mainmenu-5','index.php?option=com_search','component',1,0,15,0,10,0,'0000-00-00 00:00:00',0,0,0,3,'\nshow_title=1\nshow_page_title=1\n',0,0,0),(6,'mainmenu','Licence Joomla!','licence-joomla-mainmenu-6','index.php?option=com_content&view=article&id=5','component',0,0,20,0,5,0,'0000-00-00 00:00:00',0,0,0,0,'\nshow_title=1\nshow_page_title=1\n',0,0,0),(7,'mainmenu','Flux RSS','flux-rss-mainmenu-7','index.php?option=com_newsfeeds&view=categories','component',0,0,11,0,11,0,'0000-00-00 00:00:00',0,0,0,3,'menu_image=-1\npageclass_sfx=\nback_button=\nshow_page_title=1\npage_title=\nshow_title=1\n',0,0,0),(8,'mainmenu','Wrapper','wrapper-mainmenu-8','index.php?option=com_wrapper&view=wrapper','component',0,0,17,0,13,0,'0000-00-00 00:00:00',0,0,0,3,'menu_image=-1\npageclass_sfx=\nback_button=\nshow_page_title=1\npage_title=\nscrolling=auto\nwidth=100%\nheight=600\nheight_auto=0\nurl=http://www.joomla.org\nshow_title=1\n',0,0,0),(9,'mainmenu','Blog','blog-mainmenu-9','index.php?option=com_content&view=section&layout=blog&id=0','component',0,0,20,0,7,0,'0000-00-00 00:00:00',0,0,0,3,'menu_image=-1\npageclass_sfx=\nback_button=\npage_title=Affichage type blog de toutes les sections sans images\nshow_page_title=1\nnum_leading_articles=0\nnum_intro_articles=6\nnum_columns=2\nnum_links=4\norderby_pri=\norderby_sec=\nshow_pagination=2\nshow_pagination_results=1\nimage=0\nshow_description=0\nshow_description_image=0\nshow_category=0\ncategory_num_links=0\nshow_title=1\nlink_titles=\nshow_readmore=\nshow_vote=\nshow_author=\nshow_create_show_date=\nshow_modify_show_date=\nshow_pdf_icon=\nshow_print_icon=\nshow_email_icon=\nsectionid=\nshow_title=1\n',0,0,0),(21,'usermenu','Votre profil','votre-profil-usermenu-21','index.php?option=com_user&task=edit','url',1,0,0,0,1,0,'0000-00-00 00:00:00',0,0,1,3,'\nshow_title=1\nshow_page_title=1\n',0,0,0),(13,'usermenu','Proposer un article','proposer-un-article-usermenu-13','index.php?option=com_content&view=article&layout=form','component',1,0,20,0,2,0,'0000-00-00 00:00:00',0,0,2,2,'show_noauth=\nshow_title=1\nlink_titles=\nshow_intro=\nshow_section=\nlink_section=\nshow_category=\nlink_category=\nshow_author=\nshow_create_date=\nshow_modify_date=\nshow_item_navigation=\nshow_readmore=\nshow_vote=\nshow_icons=\nshow_pdf_icon=\nshow_print_icon=\nshow_email_icon=\nshow_hits=\nfeed_summary=\npage_title=\nshow_page_title=1\npageclass_sfx=\nmenu_image=-1\nsecure=0\n\n',0,0,0),(14,'usermenu','Proposer un lien web','proposer-un-lien-web-usermenu-14','index.php?option=com_weblinks&view=weblink&layout=form','url',1,0,0,0,3,0,'0000-00-00 00:00:00',0,0,1,2,'\nshow_title=1\nshow_page_title=1\n',0,0,0),(15,'usermenu','Vérifier vos articles','vfier-vos-articles-usermenu-15','index.php?option=com_user&task=checkin','url',0,0,0,0,4,0,'0000-00-00 00:00:00',0,0,1,2,'menu_image=-1\n\n',0,0,0),(16,'usermenu','Déconnexion','deconnexion-usermenu-16','index.php?option=com_user&view=login','component',1,0,14,0,5,0,'0000-00-00 00:00:00',0,0,1,3,'show_login_title=1\nheader_login=\nlogin=\nlogin_message=0\ndescription_login=0\ndescription_login_text=\nimage_login=\nimage_login_align=right\nshow_logout_title=1\nheader_logout=\nlogout=\nlogout_message=1\ndescription_logout=1\ndescription_logout_text=\nimage_logout=\npage_title=\nshow_page_title=1\npageclass_sfx=\nmenu_image=-1\nsecure=0\n\n',0,0,0),(33,'mainmenu','Trombinoscope','trombinoscope-mainmenu-33','index.php?option=com_peoplebook','component',0,0,60,0,14,0,'0000-00-00 00:00:00',0,0,0,0,'\nshow_title=1\nshow_page_title=1\n',0,0,0),(25,'mainmenu','FAQs','faqs-mainmenu-25','index.php?option=com_content&view=category&id=7','component',0,0,20,0,12,0,'0000-00-00 00:00:00',0,0,0,0,'menu_image=-1\nshow_page_title=1\npageclass_sfx=\nback_button=\norderby=\ndate_format=\nshow_date=\nshow_author=\ntitle=1\nshow_hits=\nshow_headings=1\nshow_item_navigation=1\norder_select=1\nshow_pagination_limit=1\ndisplay_num=50\nfilter=1\nfilter_type=title\nshow_categories=1\nshow_empty_categories=0\nshow_cat_num_articles=1\ncat_show_description=1\nshow_title=1\n',0,0,0),(28,'mainmenu','Forum','forum-mainmenu-28','index.php?option=com_jfusion','component',1,0,53,0,9,0,'0000-00-00 00:00:00',0,0,0,0,'visual_integration=wrapper\nJFusionPlugin=phpbb3\nwrapper_scroll=no\nwrapper_width=100%\nwrapper_height=500\nwrapper_autoheight=\nwrapper_transparency=1\npage_title=\nshow_page_title=1\npageclass_sfx=\nmenu_image=-1\nsecure=0\n\n',0,0,0),(27,'mainmenu','Galeries','galeries-mainmenu-27','index.php?option=com_expose','component',1,0,46,0,4,0,'0000-00-00 00:00:00',0,0,0,0,'page_title=\nshow_page_title=1\npageclass_sfx=\nmenu_image=-1\nsecure=0\n\n',0,0,0),(38,'mainmenu','Ressources','ressources-mainmenu-38','index.php?option=com_content&view=section&id=6','component',1,0,20,0,17,0,'0000-00-00 00:00:00',0,0,0,0,'show_description=1\nshow_description_image=1\nshow_categories=1\nshow_empty_categories=0\nshow_cat_num_articles=1\nshow_category_description=1\norderby=order\norderby_sec=\nshow_feed_link=1\nshow_noauth=\nshow_title=1\nlink_titles=\nshow_intro=\nshow_section=\nlink_section=\nshow_category=\nlink_category=\nshow_author=1\nshow_create_date=\nshow_modify_date=1\nshow_item_navigation=1\nshow_readmore=\nshow_vote=\nshow_icons=\nshow_pdf_icon=\nshow_print_icon=\nshow_email_icon=\nshow_hits=0\nfeed_summary=\npage_title=\nshow_page_title=1\npageclass_sfx=\nmenu_image=-1\nsecure=0\n\n',0,0,0),(35,'mainmenu','Contact','contact-mainmenu-35','index.php?option=com_content&view=article&id=16','component',1,0,20,0,15,0,'0000-00-00 00:00:00',0,0,0,0,'show_noauth=\nshow_title=1\nlink_titles=\nshow_intro=\nshow_section=\nlink_section=\nshow_category=\nlink_category=\nshow_author=\nshow_create_date=\nshow_modify_date=\nshow_item_navigation=\nshow_readmore=\nshow_vote=\nshow_icons=\nshow_pdf_icon=\nshow_print_icon=\nshow_email_icon=\nshow_hits=\nfeed_summary=\npage_title=\nshow_page_title=1\npageclass_sfx=\nmenu_image=-1\nsecure=0\n\n',0,0,0),(36,'mainmenu','Presentation','presentation-mainmenu-36','index.php?option=com_content&view=section&layout=blog&id=5','component',1,0,20,0,16,0,'0000-00-00 00:00:00',0,0,0,0,'menu_image=-1\npageclass_sfx=\nback_button=\npage_title=\nshow_page_title=0\nnum_leading_articles=1\nnum_intro_articles=4\nnum_columns=1\nnum_links=4\norderby_pri=\norderby_sec=order\nshow_pagination=2\nshow_pagination_results=1\nimage=1\nshow_description=0\nshow_description_image=0\nshow_category=0\ncategory_num_links=0\nshow_title=1\nlink_titles=\nshow_readmore=\nshow_vote=\nshow_author=\nshow_create_show_date=\nshow_modify_show_date=\nshow_pdf_icon=\nshow_print_icon=\nshow_email_icon=\nunpublished=0\nsectionid=5\nshow_title=1\n',0,0,0),(45,'usermenu','access codes','access-codes-usermenu-45','index.php?option=com_juga','component',0,0,87,0,6,0,'0000-00-00 00:00:00',0,0,1,0,'\nshow_title=1\nshow_page_title=1\n',0,0,0),(46,'usermenu','Vos coordonnées','vos-coordonnees','index.php?option=com_peoplebook&func=edit_profile','url',1,0,0,0,7,0,'0000-00-00 00:00:00',0,0,1,0,'menu_image=-1\n\n',0,0,0),(47,'mainmenu','Bibliographie','menu-ressources-bibliographique','index.php?option=com_content&view=category&id=28','component',1,38,20,1,1,0,'0000-00-00 00:00:00',0,0,0,0,'display_num=0\nshow_headings=1\nshow_date=1\ndate_format=\nfilter=0\nfilter_type=title\norderby_sec=order\nshow_pagination=1\nshow_pagination_limit=0\nshow_feed_link=0\nshow_noauth=\nshow_title=\nlink_titles=\nshow_intro=\nshow_section=\nlink_section=\nshow_category=\nlink_category=\nshow_author=1\nshow_create_date=\nshow_modify_date=1\nshow_item_navigation=1\nshow_readmore=\nshow_vote=\nshow_icons=\nshow_pdf_icon=\nshow_print_icon=\nshow_email_icon=\nshow_hits=0\nfeed_summary=\npage_title=\nshow_page_title=1\npageclass_sfx=\nmenu_image=-1\nsecure=0\n\n',0,0,0),(48,'mainmenu','Combat','menu-ressources-combat','index.php?option=com_content&view=category&id=25','component',1,38,20,1,2,0,'0000-00-00 00:00:00',0,0,0,0,'display_num=10\nshow_headings=1\nshow_date=1\ndate_format=\nfilter=0\nfilter_type=title\norderby_sec=order\nshow_pagination=1\nshow_pagination_limit=0\nshow_feed_link=0\nshow_noauth=\nshow_title=\nlink_titles=\nshow_intro=\nshow_section=\nlink_section=\nshow_category=\nlink_category=\nshow_author=1\nshow_create_date=\nshow_modify_date=1\nshow_item_navigation=1\nshow_readmore=\nshow_vote=\nshow_icons=\nshow_pdf_icon=\nshow_print_icon=\nshow_email_icon=\nshow_hits=0\nfeed_summary=\npage_title=\nshow_page_title=1\npageclass_sfx=\nmenu_image=-1\nsecure=0\n\n',0,0,0),(49,'mainmenu','Equipement','menu-ressources-equipement','index.php?option=com_content&view=category&id=24','component',1,38,20,1,3,0,'0000-00-00 00:00:00',0,0,0,0,'display_num=10\nshow_headings=1\nshow_date=1\ndate_format=\nfilter=0\nfilter_type=title\norderby_sec=order\nshow_pagination=1\nshow_pagination_limit=0\nshow_feed_link=0\nshow_noauth=\nshow_title=\nlink_titles=\nshow_intro=\nshow_section=\nlink_section=\nshow_category=\nlink_category=\nshow_author=1\nshow_create_date=\nshow_modify_date=1\nshow_item_navigation=1\nshow_readmore=1\nshow_vote=\nshow_icons=\nshow_pdf_icon=\nshow_print_icon=\nshow_email_icon=\nshow_hits=0\nfeed_summary=\npage_title=\nshow_page_title=1\npageclass_sfx=\nmenu_image=-1\nsecure=0\n\n',0,0,0),(50,'mainmenu','Médias','medias-cefc','index.php?option=com_content&view=category&id=31','component',-2,0,20,1,1,0,'0000-00-00 00:00:00',0,0,2,0,'display_num=10\nshow_headings=1\nshow_date=0\ndate_format=\nfilter=1\nfilter_type=title\norderby_sec=\nshow_pagination=1\nshow_pagination_limit=1\nshow_feed_link=1\nshow_noauth=\nshow_title=\nlink_titles=\nshow_intro=\nshow_section=\nlink_section=\nshow_category=\nlink_category=\nshow_author=\nshow_create_date=\nshow_modify_date=\nshow_item_navigation=\nshow_readmore=\nshow_vote=\nshow_icons=\nshow_pdf_icon=\nshow_print_icon=\nshow_email_icon=\nshow_hits=\nfeed_summary=\npage_title=\nshow_page_title=1\npageclass_sfx=\nmenu_image=-1\nsecure=0\n\n',0,0,0),(51,'mainmenu','Médias','media-cefc','index.php?option=com_content&view=category&id=31','component',1,38,20,1,4,0,'0000-00-00 00:00:00',0,0,2,0,'display_num=10\nshow_headings=1\nshow_date=1\ndate_format=\nfilter=0\nfilter_type=title\norderby_sec=order\nshow_pagination=1\nshow_pagination_limit=0\nshow_feed_link=0\nshow_noauth=\nshow_title=\nlink_titles=\nshow_intro=\nshow_section=\nlink_section=\nshow_category=\nlink_category=\nshow_author=1\nshow_create_date=\nshow_modify_date=1\nshow_item_navigation=1\nshow_readmore=1\nshow_vote=\nshow_icons=\nshow_pdf_icon=\nshow_print_icon=\nshow_email_icon=\nshow_hits=0\nfeed_summary=\npage_title=\nshow_page_title=1\npageclass_sfx=\nmenu_image=-1\nsecure=0\n\n',0,0,0),(52,'usermenu','bdgfhbdgf','hg','index.php?option=com_content&view=category&layout=blog&id=7','component',-2,0,20,0,0,0,'0000-00-00 00:00:00',0,0,0,0,'show_description=0\nshow_description_image=0\nnum_leading_articles=1\nnum_intro_articles=4\nnum_columns=2\nnum_links=4\norderby_pri=\norderby_sec=\nmulti_column_order=0\nshow_pagination=2\nshow_pagination_results=1\nshow_feed_link=1\nshow_noauth=\nshow_title=\nlink_titles=\nshow_intro=\nshow_section=\nlink_section=\nshow_category=\nlink_category=\nshow_author=\nshow_create_date=\nshow_modify_date=\nshow_item_navigation=\nshow_readmore=\nshow_vote=\nshow_icons=\nshow_pdf_icon=\nshow_print_icon=\nshow_email_icon=\nshow_hits=\nfeed_summary=\npage_title=\nshow_page_title=1\npageclass_sfx=\nmenu_image=-1\nsecure=0\n\n',0,0,0),(53,'mainmenu','Bibliothèque','mainmenu-biblicefc','index.php?option=com_booklibrary','component',1,47,153,2,1,0,'0000-00-00 00:00:00',0,2,0,0,'back_button=\npage_title=\nshow_page_title=1\npageclass_sfx=\nmenu_image=-1\nsecure=0\n\n',0,0,0);

--
-- Table structure for table `jos_menu_types`
--

CREATE TABLE `jos_menu_types` (
  `id` int(10) unsigned NOT NULL AUTO_INCREMENT,
  `menutype` varchar(75) NOT NULL DEFAULT '',
  `title` varchar(255) NOT NULL DEFAULT '',
  `description` varchar(255) NOT NULL DEFAULT '',
  PRIMARY KEY (`id`),
  UNIQUE KEY `menutype` (`menutype`)
) ENGINE=MyISAM AUTO_INCREMENT=3 DEFAULT CHARSET=utf8;

--
-- Dumping data for table `jos_menu_types`
--

INSERT INTO `jos_menu_types` VALUES (1,'mainmenu','mainmenu',''),(2,'usermenu','usermenu','');

--
-- Table structure for table `jos_messages`
--

CREATE TABLE `jos_messages` (
  `message_id` int(10) unsigned NOT NULL AUTO_INCREMENT,
  `user_id_from` int(10) unsigned NOT NULL DEFAULT '0',
  `user_id_to` int(10) unsigned NOT NULL DEFAULT '0',
  `folder_id` int(10) unsigned NOT NULL DEFAULT '0',
  `date_time` datetime NOT NULL DEFAULT '0000-00-00 00:00:00',
  `state` int(11) NOT NULL DEFAULT '0',
  `priority` int(1) unsigned NOT NULL DEFAULT '0',
  `subject` text NOT NULL,
  `message` text NOT NULL,
  PRIMARY KEY (`message_id`),
  KEY `useridto_state` (`user_id_to`,`state`)
) ENGINE=MyISAM AUTO_INCREMENT=2 DEFAULT CHARSET=utf8;

--
-- Dumping data for table `jos_messages`
--


--
-- Table structure for table `jos_messages_cfg`
--

CREATE TABLE `jos_messages_cfg` (
  `user_id` int(10) unsigned NOT NULL DEFAULT '0',
  `cfg_name` varchar(100) NOT NULL DEFAULT '',
  `cfg_value` varchar(255) NOT NULL DEFAULT '',
  UNIQUE KEY `idx_user_var_name` (`user_id`,`cfg_name`)
) ENGINE=MyISAM DEFAULT CHARSET=utf8;

--
-- Dumping data for table `jos_messages_cfg`
--


--
-- Table structure for table `jos_migration_backlinks`
--

CREATE TABLE `jos_migration_backlinks` (
  `itemid` int(11) NOT NULL,
  `name` varchar(100) NOT NULL,
  `url` text NOT NULL,
  `sefurl` text NOT NULL,
  `newurl` text NOT NULL,
  PRIMARY KEY (`itemid`)
) ENGINE=MyISAM DEFAULT CHARSET=utf8;

--
-- Dumping data for table `jos_migration_backlinks`
--

INSERT INTO `jos_migration_backlinks` VALUES (1,'Accueil','index.php?option=com_frontpage&Itemid=1','index.php?option=com_frontpage&Itemid=1',''),(2,'News','index.php?option=com_content&task=section&id=1&Itemid=2','index.php?option=com_content&task=section&id=1&Itemid=2',''),(3,'Nous contacter','index.php?option=com_contact&Itemid=3','index.php?option=com_contact&Itemid=3',''),(23,'Liens','index.php?option=com_weblinks&Itemid=23','index.php?option=com_weblinks&Itemid=23',''),(5,'Rechercher','index.php?option=com_search&Itemid=5','index.php?option=com_search&Itemid=5',''),(6,'Licence Joomla!','index.php?option=com_content&task=view&id=5&Itemid=6','index.php?option=com_content&task=view&id=5&Itemid=6',''),(7,'Flux RSS','index.php?option=com_newsfeeds&Itemid=7','index.php?option=com_newsfeeds&Itemid=7',''),(8,'Wrapper','index.php?option=com_wrapper&Itemid=8','index.php?option=com_wrapper&Itemid=8',''),(9,'Blog','index.php?option=com_content&task=blogsection&id=0&Itemid=9','index.php?option=com_content&task=blogsection&id=0&Itemid=9',''),(32,'Gallerie','index.php?option=com_expose&Itemid=32','index.php?option=com_expose&Itemid=32',''),(21,'Votre profil','index.php?option=com_user&task=UserDetails&Itemid=21','index.php?option=com_user&task=UserDetails&Itemid=21',''),(13,'Proposer une news','index.php?option=com_content&task=new&sectionid=1&Itemid=0','index.php?option=com_content&task=new&sectionid=1&Itemid=0',''),(14,'Proposer un lien web','index.php?option=com_weblinks&task=new&Itemid=14','index.php?option=com_weblinks&task=new&Itemid=14',''),(15,'Vérifier vos articles','index.php?option=com_user&task=CheckIn&Itemid=15','index.php?option=com_user&task=CheckIn&Itemid=15',''),(16,'D&eacute;connexion','index.php?option=com_login&Itemid=16','index.php?option=com_login&Itemid=16',''),(31,'Présentation','index.php?option=com_content&task=view&id=14&Itemid=31','index.php?option=com_content&task=view&id=14&Itemid=31',''),(30,'Test','index.php?option=com_content&task=view&id=14&Itemid=30','index.php?option=com_content&task=view&id=14&Itemid=30',''),(33,'Trombinoscope','index.php?option=com_peoplebook&Itemid=33','index.php?option=com_peoplebook&Itemid=33',''),(29,'Lien vers le forum','index.php?option=com_phpbb&Itemid=29','index.php?option=com_phpbb&Itemid=29',''),(25,'FAQs','index.php?option=com_content&task=category&sectionid=3&id=7&Itemid=25','index.php?option=com_content&task=category&sectionid=3&id=7&Itemid=25',''),(28,'Forum','http://www.cefc.asso.fr/board','http://www.cefc.asso.fr/board',''),(27,'Galeries','undefined&Itemid=27','undefined&Itemid=27',''),(34,'Edit Profile','index.php?option=com_peoplebook&func=edit_profile&Itemid=34','index.php?option=com_peoplebook&func=edit_profile&Itemid=34',''),(38,'Ressources','index.php?option=com_content&task=section&id=6&Itemid=38','index.php?option=com_content&task=section&id=6&Itemid=38',''),(35,'contact','index.php?option=com_content&task=view&id=16&Itemid=35','index.php?option=com_content&task=view&id=16&Itemid=35',''),(36,'Presentation','index.php?option=com_content&task=blogsection&id=5&Itemid=36','index.php?option=com_content&task=blogsection&id=5&Itemid=36',''),(37,'Présentation section','index.php?option=com_content&task=section&id=5&Itemid=37','index.php?option=com_content&task=section&id=5&Itemid=37',''),(45,'access codes','index.php?option=com_juga&Itemid=45','index.php?option=com_juga&Itemid=45','');

--
-- Table structure for table `jos_migration_configuration`
--

CREATE TABLE `jos_migration_configuration` (
  `cid` int(12) NOT NULL AUTO_INCREMENT,
  `key` varchar(255) NOT NULL,
  `value` text,
  PRIMARY KEY (`cid`)
) ENGINE=MyISAM AUTO_INCREMENT=21 DEFAULT CHARSET=utf8;

--
-- Dumping data for table `jos_migration_configuration`
--

INSERT INTO `jos_migration_configuration` VALUES (1,'offline_message','Le site est en cours de construction.<br /> Merci de votre compréhension.'),(2,'sitename','Compagnie Excalibur Franche Comté'),(3,'debug','0'),(4,'MetaDesc','Compagnie Excalibur Franche Comte'),(5,'MetaKeys','Excalibur, Compagnie, Medieval, Escrime medievale, combat, spectacle, epee, Franche Comte'),(6,'MetaTitle','1'),(7,'MetaAuthor','1'),(8,'gzip','0'),(9,'editor','jce'),(10,'smtpauth','0'),(11,'smtpuser',''),(12,'smtppass',''),(13,'smtphost','localhost'),(14,'sendmail','/usr/sbin/sendmail'),(15,'fromname','Compagnie Excalibur Franche Comté'),(16,'mailfrom','webmaster@cefc.asso.fr'),(17,'mailer','mail'),(18,'caching','0'),(19,'error_reporting','7'),(20,'list_limit','30');

--
-- Table structure for table `jos_modules`
--

CREATE TABLE `jos_modules` (
  `id` int(11) NOT NULL AUTO_INCREMENT,
  `title` text NOT NULL,
  `content` text NOT NULL,
  `ordering` int(11) NOT NULL DEFAULT '0',
  `position` varchar(50) DEFAULT NULL,
  `checked_out` int(11) unsigned NOT NULL DEFAULT '0',
  `checked_out_time` datetime NOT NULL DEFAULT '0000-00-00 00:00:00',
  `published` tinyint(1) NOT NULL DEFAULT '0',
  `module` varchar(50) DEFAULT NULL,
  `numnews` int(11) NOT NULL DEFAULT '0',
  `access` tinyint(3) unsigned NOT NULL DEFAULT '0',
  `showtitle` tinyint(3) unsigned NOT NULL DEFAULT '1',
  `params` text NOT NULL,
  `iscore` tinyint(4) NOT NULL DEFAULT '0',
  `client_id` tinyint(4) NOT NULL DEFAULT '0',
  `control` text NOT NULL,
  PRIMARY KEY (`id`),
  KEY `published` (`published`,`access`),
  KEY `newsfeeds` (`module`,`published`)
) ENGINE=MyISAM AUTO_INCREMENT=43 DEFAULT CHARSET=utf8;

--
-- Dumping data for table `jos_modules`
--

INSERT INTO `jos_modules` VALUES (1,'Main Menu','',0,'left',0,'0000-00-00 00:00:00',0,'mod_mainmenu',0,0,1,'menutype=mainmenu\nmenu_style=list\nstartLevel=0\nendLevel=0\nshowAllChildren=0\nwindow_open=\nshow_whitespace=0\ncache=1\ntag_id=\nclass_sfx=\nmoduleclass_sfx=_menu\nmaxdepth=10\nmenu_images=0\nmenu_images_align=0\nmenu_images_link=0\nexpand_menu=0\nactivate_parent=0\nfull_active_id=0\nindent_image=0\nindent_image1=\nindent_image2=\nindent_image3=\nindent_image4=\nindent_image5=\nindent_image6=\nspacer=\nend_spacer=\n\n',1,0,''),(2,'Login','',1,'login',0,'0000-00-00 00:00:00',1,'mod_login',0,0,1,'',1,1,''),(3,'Popular','',3,'cpanel',0,'0000-00-00 00:00:00',1,'mod_popular',0,2,1,'',0,1,''),(4,'Recent added Articles','',4,'cpanel',0,'0000-00-00 00:00:00',1,'mod_latest',0,2,1,'ordering=c_dsc\nuser_id=0\ncache=0\n\n',0,1,''),(5,'Menu Stats','',5,'cpanel',0,'0000-00-00 00:00:00',1,'mod_stats',0,2,1,'',0,1,''),(6,'Unread Messages','',1,'header',0,'0000-00-00 00:00:00',1,'mod_unread',0,2,1,'',1,1,''),(7,'Online Users','',2,'header',0,'0000-00-00 00:00:00',1,'mod_online',0,2,1,'',1,1,''),(8,'Toolbar','',1,'toolbar',0,'0000-00-00 00:00:00',1,'mod_toolbar',0,2,1,'',1,1,''),(9,'Quick Icons','',1,'icon',0,'0000-00-00 00:00:00',1,'mod_quickicon',0,2,1,'',1,1,''),(10,'Logged in Users','',2,'cpanel',0,'0000-00-00 00:00:00',1,'mod_logged',0,2,1,'',0,1,''),(11,'Footer','',0,'footer',0,'0000-00-00 00:00:00',1,'mod_footer',0,0,1,'',1,1,''),(12,'Admin Menu','',1,'menu',0,'0000-00-00 00:00:00',1,'mod_menu',0,2,1,'',0,1,''),(13,'Admin SubMenu','',1,'submenu',0,'0000-00-00 00:00:00',1,'mod_submenu',0,2,1,'',0,1,''),(14,'User Status','',1,'status',0,'0000-00-00 00:00:00',1,'mod_status',0,2,1,'',0,1,''),(15,'Title','',1,'title',0,'0000-00-00 00:00:00',1,'mod_title',0,2,1,'',0,1,''),(16,'Sondage','',3,'right',0,'0000-00-00 00:00:00',0,'mod_poll',0,0,1,'',0,0,''),(17,'Menu utilisateur','',3,'left',0,'0000-00-00 00:00:00',1,'mod_mainmenu',0,1,1,'class_sfx=\nmoduleclass_sfx=\nmenutype=usermenu\nmenu_style=vert_indent\nfull_active_id=0\ncache=0\nmenu_images=0\nmenu_images_align=0\nexpand_menu=0\nactivate_parent=0\nindent_image=0\nindent_image1=\nindent_image2=\nindent_image3=\nindent_image4=\nindent_image5=\nindent_image6=\nspacer=\nend_spacer=',1,0,''),(18,'Menu principal','',0,'left',0,'0000-00-00 00:00:00',0,'mod_mainmenu',0,0,1,'class_sfx=\nmoduleclass_sfx=\nmenutype=mainmenu\nmenu_style=horiz_flat\nfull_active_id=0\ncache=0\nmenu_images=0\nmenu_images_align=0\nexpand_menu=0\nactivate_parent=0\nindent_image=0\nindent_image1=\nindent_image2=\nindent_image3=\nindent_image4=\nindent_image5=\nindent_image6=\nspacer=\nend_spacer=',1,0,''),(19,'Identification','',6,'left',0,'0000-00-00 00:00:00',0,'mod_login',0,0,1,'moduleclass_sfx=\npretext=\nposttext=\nlogin=\nlogout=\nlogin_message=0\nlogout_message=0\ngreeting=1\nname=0',1,0,''),(20,'Derniers articles','',4,'left',0,'0000-00-00 00:00:00',1,'mod_latestnews',0,0,1,'count=5\nordering=c_dsc\nuser_id=0\nshow_front=0\nsecid=5,6\ncatid=\nmoduleclass_sfx=\ncache=0\ncache_time=900\n\n',1,0,''),(21,'Statistiques','',10,'left',0,'0000-00-00 00:00:00',0,'mod_stats',0,0,1,'serverinfo=1\nsiteinfo=1\ncounter=1\nincrease=0\nmoduleclass_sfx=',0,0,''),(22,'Qui est en ligne','',7,'left',0,'0000-00-00 00:00:00',1,'mod_whosonline',0,0,1,'showmode=0\nmoduleclass_sfx=',0,0,''),(23,'Articles les plus lus','',0,'user2',0,'0000-00-00 00:00:00',1,'mod_mostread',0,0,1,'moduleclass_sfx=\nshow_front=1\ncount=5\ncatid=\nsecid=\ncache=1\ncache_time=900\n\n',0,0,''),(24,'Archive','',11,'left',0,'0000-00-00 00:00:00',0,'mod_archive',0,0,1,'',1,0,''),(25,'Sections','',12,'left',0,'0000-00-00 00:00:00',0,'mod_sections',0,0,1,'',1,0,''),(26,'Flash info','',0,'right',0,'0000-00-00 00:00:00',1,'mod_newsflash',0,0,1,'catid=3\nlayout=default\nimage=0\nlink_titles=\nshowLastSeparator=1\nreadmore=0\nitem_title=0\nitems=\nmoduleclass_sfx=\ncache=0\ncache_time=900\n\n',0,0,''),(27,'Articles similaires','',13,'left',0,'0000-00-00 00:00:00',0,'mod_related_items',0,0,1,'',0,0,''),(28,'Recherche','',5,'left',0,'0000-00-00 00:00:00',1,'mod_search',0,0,0,'moduleclass_sfx=\ncache=0\nset_itemid=\nwidth=20\ntext=\nbutton=\nbutton_pos=right\nbutton_text=',0,0,''),(29,'Image aléatoire','',8,'left',0,'0000-00-00 00:00:00',0,'mod_random_image',0,0,1,'type=jpg\nfolder=components/com_expose/expose/img/alb_6/\nlink=\nwidth=120\nheight=120\nmoduleclass_sfx=',0,0,''),(30,'Bannières','',2,'banner',0,'0000-00-00 00:00:00',0,'mod_banners',0,0,0,'banner_cids=\nmoduleclass_sfx=\n',1,0,''),(31,'Wrapper','',14,'left',0,'0000-00-00 00:00:00',0,'mod_wrapper',0,0,1,'',0,0,''),(32,'Breadcrumbs','',1,'breadcrumb',0,'0000-00-00 00:00:00',1,'mod_breadcrumbs',0,0,1,'moduleclass_sfx=\ncache=0\nshowHome=1\nhomeText=Home\nshowComponent=1\nseparator=\n\n',1,0,''),(33,'Identification','',2,'left',0,'0000-00-00 00:00:00',1,'mod_jfusion_login',0,0,1,'cache=0\nmoduleclass_sfx=\nlink_mode=direct\nitemid=34\npretext=\nposttext=\nlogin=\nlogout=\nname=0\nusesecure=0\nshow_rememberme=1\nshow_lostpass=1\nshow_lostusername=1\nshow_newaccount=1\ngreeting=1\nJFusionPlugin=joomla_int\nlink_mode2=direct\nitemid2=\navatar=1\npmcount=1\nviewnewmessages=1\n\n',0,0,''),(34,'JFusion Activity Module','',15,'left',0,'0000-00-00 00:00:00',0,'mod_jfusion_activity',0,0,1,'link_mode=direct\n =ITEMID_DESCR\n =FRAMELESS_LIMITS\n =WRAPPER_OPTIONS_DESCR\ndisplay_limit=150\ndisplay_limit_subject=50\nresult_limit=5\nresult_order=1\nshowdate=1\nshowuser=1\n',0,0,''),(37,'On y sera ...','',3,'right',0,'0000-00-00 00:00:00',1,'mod_jcalpro_latest_J15',0,0,1,'categories=\nmoduleclass_sfx=\nnumber_of_events_to_list_upcoming=4\nnumber_of_events_to_list_recent=6\ncalendars_list=1\ntitle_max_length=256\nshow_times=0\nshow_calendar=0\nshow_category=0\nshow_dates=1\nshow_description=0\nshow_contact=0\ndescription_max_length=256\nstrip_bbcode_from_description=3\nshow_recurrent_events=3\nprivate_events_mode=1\noutput=1\nevent_separator=\nshow_month_separators=0\nmonth_separator_style=background-color: transparent; border-top-color: #777777; border-bottom-color: #777777; border-top-width: 1px; border-bottom-width: 1px; border-top-style: solid; border-bottom-style: solid; font-style: italic; font-weight: bold; margin: 4px; text-align: center;\nno_upcoming_events_text=Aucun évènement à venir\nrecent_events_text=On y était ...\nrecent_events_style=font-size: 130%; font-weight: bold; background-color: transparent; margin: 10px; text-align: left;\nshow_full_calendar_link=1\nfull_calendar_link_text=Calendrier complet\nshow_add_event_link=0\nadd_event_text=Ajouter un évènement\ntime_format_12_or_24=0\ndays_view=0\ndate_format=%d.%m.%Y\ncomponent_itemid=\n\n',0,0,''),(38,'JCal Pro Mini-calendar','',2,'right',0,'0000-00-00 00:00:00',1,'mod_jcalpro_minical_J15',0,1,0,'calendars_list=\ncategories_list=\nmini_cal_def_picture=def_pic.gif\npicture=0\nnavigation_controls=1\nuse_specific_itemid=0\nspecific_itemid_mini=\nshow_minical_add_event_button=1\nmonth_to_display=0\ntarget=\nmoduleclass_sfx=\n\n',0,0,''),(39,'Evènements à venir','',0,'left',0,'0000-00-00 00:00:00',1,'mod_jcalpro_latest_J15',0,2,1,'categories=\nmoduleclass_sfx=\nnumber_of_events_to_list_upcoming=4\nnumber_of_events_to_list_recent=3\ncalendars_list=2\ntitle_max_length=256\nshow_times=0\nshow_calendar=0\nshow_category=0\nshow_dates=1\nshow_description=0\nshow_contact=0\ndescription_max_length=256\nstrip_bbcode_from_description=3\nshow_recurrent_events=3\nprivate_events_mode=1\noutput=1\nevent_separator=\nshow_month_separators=0\nmonth_separator_style=background-color: transparent; border-top-color: #777777; border-bottom-color: #777777; border-top-width: 1px; border-bottom-width: 1px; border-top-style: solid; border-bottom-style: solid; font-style: italic; font-weight: bold; margin: 4px; text-align: center;\nno_upcoming_events_text=Aucun évènements à venir\nrecent_events_text=Evènements récents\nrecent_events_style=font-size: 130%; font-weight: bold; background-color: transparent; margin: 10px; text-align: center;\nshow_full_calendar_link=1\nfull_calendar_link_text=Voir le calendrier complet\nshow_add_event_link=1\nadd_event_text=Ajouter un évènement\ntime_format_12_or_24=0\ndays_view=0\ndate_format=%d.%m.%Y\ncomponent_itemid=\n\n',0,0,''),(40,'module avreloaded','',4,'right',0,'0000-00-00 00:00:00',0,'mod_avreloaded',0,0,0,'moduleclass_sfx=\nheader_text=\nmediacode=\nfooter_text=\npopup=0\npwidth=720\npheight=576\nlinktxt=taille réelle\n\n',0,0,''),(41,'Vidéos','{mp4-flvremote popup=\"true\" width=\"720\" height=\"576\" divid=\"techadv1\" img=\"ressources/combat/technique-avancee-1-thumb.jpg\"}ftp://ftp2.cefc.asso.fr/cefc/technique-avancee-1.mp4{/mp4-flvremote}{avrpopup type=\"window\" id=\"techadv1\"}<img style=\"vertical-align: bottom;\" alt=\"technique-avancee-1-thumb\" src=\"images/ressources/combat/technique-avancee-1-thumb.jpg\" height=\"112\" width=\"140\" />{/avrpopup}<a href=\"index.php?option=com_content&amp;view=article&amp;id=34%3Atechadvanced&amp;catid=25%3Aressources-sur-le-combat&amp;Itemid=48&amp;limitstart=1\">Lire l\'article associé</a><br /><br />{mp4-flvremote popup=\"true\" width=\"720\" height=\"576\" divid=\"exobocle\" img=\"ressources/combat/exos-epeebocle-1-thumb.jpg\"}ftp://ftp2.cefc.asso.fr/cefc/exos-epeebocle-1.mp4{/mp4-flvremote}{avrpopup type=\"window\" id=\"exobocle\"}<img style=\"vertical-align: bottom;\" alt=\"exos-epeebocle-1-thumb\" src=\"images/ressources/combat/exos-epeebocle-1-thumb.jpg\" height=\"112\" width=\"140\" />{/avrpopup}<a href=\"index.php?option=com_content&amp;view=article&amp;id=36%3Aexos-combat&amp;catid=25%3Aressources-sur-le-combat&amp;Itemid=48&amp;limitstart=1\">Lire l\'article associé</a>',0,'right',0,'0000-00-00 00:00:00',1,'mod_custom',0,0,1,'moduleclass_sfx=\n\n',0,0,'');

--
-- Table structure for table `jos_modules_menu`
--

CREATE TABLE `jos_modules_menu` (
  `moduleid` int(11) NOT NULL DEFAULT '0',
  `menuid` int(11) NOT NULL DEFAULT '0',
  PRIMARY KEY (`moduleid`,`menuid`)
) ENGINE=MyISAM DEFAULT CHARSET=utf8;

--
-- Dumping data for table `jos_modules_menu`
--

INSERT INTO `jos_modules_menu` VALUES (1,1),(16,1),(17,1),(18,0),(19,1),(20,1),(22,1),(23,1),(26,1),(28,1),(29,1),(30,0),(33,1),(34,0),(37,1),(38,1),(39,1),(40,1),(41,1);

--
-- Table structure for table `jos_newsfeeds`
--

CREATE TABLE `jos_newsfeeds` (
  `catid` int(11) NOT NULL DEFAULT '0',
  `id` int(11) NOT NULL AUTO_INCREMENT,
  `name` text NOT NULL,
  `alias` varchar(255) NOT NULL DEFAULT '',
  `link` text NOT NULL,
  `filename` varchar(200) DEFAULT NULL,
  `published` tinyint(1) NOT NULL DEFAULT '0',
  `numarticles` int(11) unsigned NOT NULL DEFAULT '1',
  `cache_time` int(11) unsigned NOT NULL DEFAULT '3600',
  `checked_out` tinyint(3) unsigned NOT NULL DEFAULT '0',
  `checked_out_time` datetime NOT NULL DEFAULT '0000-00-00 00:00:00',
  `ordering` int(11) NOT NULL DEFAULT '0',
  `rtl` tinyint(4) NOT NULL DEFAULT '0',
  PRIMARY KEY (`id`),
  KEY `published` (`published`),
  KEY `catid` (`catid`)
) ENGINE=MyISAM AUTO_INCREMENT=12 DEFAULT CHARSET=utf8;

--
-- Dumping data for table `jos_newsfeeds`
--

INSERT INTO `jos_newsfeeds` VALUES (4,1,'Joomla! - Official News','joomla-official-news','http://www.joomla.org/index.php?option=com_rss_xtd&feed=RSS2.0&type=com_frontpage&Itemid=1','',1,5,3600,0,'0000-00-00 00:00:00',8,0),(4,2,'Joomla! - Community News','joomla-community-news','http://www.joomla.org/index.php?option=com_rss_xtd&feed=RSS2.0&type=com_content&task=blogcategory&id=0&Itemid=33','',1,5,3600,0,'0000-00-00 00:00:00',9,0),(10,4,'Linux Today','linux-today','http://linuxtoday.com/backend/my-netscape.rdf','',1,3,3600,0,'0000-00-00 00:00:00',1,0),(5,5,'Business News','business-news','http://headlines.internet.com/internetnews/bus-news/news.rss','',1,3,3600,0,'0000-00-00 00:00:00',2,0),(11,6,'Web Developer News','web-developer-news','http://headlines.internet.com/internetnews/wd-news/news.rss','',1,3,3600,0,'0000-00-00 00:00:00',3,0),(10,7,'Linux Central:New Products','linux-centralnew-products','http://linuxcentral.com/backend/lcnew.rdf','',1,3,3600,0,'0000-00-00 00:00:00',4,0),(10,8,'Linux Central:Best Selling','linux-centralbest-selling','http://linuxcentral.com/backend/lcbestns.rdf','',1,3,3600,0,'0000-00-00 00:00:00',5,0),(10,9,'Linux Central:Daily Specials','linux-centraldaily-specials','http://linuxcentral.com/backend/lcspecialns.rdf','',1,3,3600,0,'0000-00-00 00:00:00',6,0),(9,10,'Internet:Finance News','internetfinance-news','http://headlines.internet.com/internetnews/fina-news/news.rss','',1,3,3600,0,'0000-00-00 00:00:00',7,0),(4,11,'Joomla.fr','joomlafr','http://www.joomla.fr/index2.php?option=com_rss&feed=RSS2.0&no_html=1','',1,5,3600,0,'0000-00-00 00:00:00',1,0);

--
-- Table structure for table `jos_noixacl_adapters`
--

CREATE TABLE `jos_noixacl_adapters` (
  `id` int(11) NOT NULL AUTO_INCREMENT,
  `title` varchar(80) DEFAULT NULL,
  `adapter` varchar(50) DEFAULT NULL,
  `ordering` int(11) DEFAULT NULL,
  `enabled` tinyint(4) DEFAULT NULL,
  PRIMARY KEY (`id`)
) ENGINE=MyISAM AUTO_INCREMENT=7 DEFAULT CHARSET=utf8;

--
-- Dumping data for table `jos_noixacl_adapters`
--


--
-- Table structure for table `jos_noixacl_groups_level`
--

CREATE TABLE `jos_noixacl_groups_level` (
  `id_group` int(11) NOT NULL,
  `id_levels` varchar(255) DEFAULT NULL,
  PRIMARY KEY (`id_group`)
) ENGINE=MyISAM DEFAULT CHARSET=utf8;

--
-- Dumping data for table `jos_noixacl_groups_level`
--


--
-- Table structure for table `jos_noixacl_multigroups`
--

CREATE TABLE `jos_noixacl_multigroups` (
  `id_user` int(11) DEFAULT NULL,
  `id_group` int(11) DEFAULT NULL
) ENGINE=MyISAM DEFAULT CHARSET=utf8;

--
-- Dumping data for table `jos_noixacl_multigroups`
--

INSERT INTO `jos_noixacl_multigroups` VALUES (65,31),(67,31);

--
-- Table structure for table `jos_noixacl_rules`
--

CREATE TABLE `jos_noixacl_rules` (
  `id` int(11) NOT NULL AUTO_INCREMENT,
  `aco_section` varchar(50) DEFAULT NULL,
  `aco_value` varchar(50) DEFAULT NULL,
  `aro_section` varchar(50) DEFAULT NULL,
  `aro_value` varchar(50) DEFAULT NULL,
  `axo_section` varchar(255) DEFAULT NULL,
  `axo_value` varchar(255) DEFAULT NULL,
  PRIMARY KEY (`id`)
) ENGINE=MyISAM AUTO_INCREMENT=2324 DEFAULT CHARSET=utf8;

--
-- Dumping data for table `jos_noixacl_rules`
--


--
-- Table structure for table `jos_peoplebook`
--

CREATE TABLE `jos_peoplebook` (
  `id` int(11) unsigned NOT NULL AUTO_INCREMENT,
  `catid` int(11) NOT NULL DEFAULT '0',
  `name` varchar(255) NOT NULL DEFAULT '',
  `position` varchar(255) NOT NULL DEFAULT '',
  `nick` varchar(255) NOT NULL DEFAULT '',
  `tel` varchar(255) NOT NULL DEFAULT '',
  `fax` varchar(255) NOT NULL DEFAULT '',
  `email` varchar(255) NOT NULL DEFAULT '',
  `website` varchar(255) NOT NULL DEFAULT '',
  `place` varchar(255) NOT NULL DEFAULT '',
  `age` varchar(255) NOT NULL DEFAULT '',
  `biography` mediumtext NOT NULL,
  `hits` int(11) NOT NULL DEFAULT '0',
  `picture` varchar(255) NOT NULL DEFAULT '',
  `picture_position` varchar(255) NOT NULL DEFAULT '',
  `staff_in` datetime NOT NULL DEFAULT '0000-00-00 00:00:00',
  `staff_out` datetime NOT NULL DEFAULT '0000-00-00 00:00:00',
  `status` varchar(255) NOT NULL DEFAULT '',
  `published` tinyint(1) NOT NULL DEFAULT '0',
  `ordering` int(11) NOT NULL DEFAULT '0',
  `checked_out` int(11) NOT NULL DEFAULT '0',
  PRIMARY KEY (`id`)
) ENGINE=MyISAM AUTO_INCREMENT=10000001 DEFAULT CHARSET=utf8;

--
-- Dumping data for table `jos_peoplebook`
--

INSERT INTO `jos_peoplebook` VALUES (65,23,'Stéphane DOMAS','Président','Hervald','06.14.30.80.17','','hervald@cefc.asso.fr','','2, rue d\\\\\\\\\\\\\\\\\\\\\\\\\\\\\\\'eschène 90140 AUTRECHENE','','',0,'65.jpg','','2000-09-01 00:00:00','0000-00-00 00:00:00','5',1,1,0),(67,23,'Vincent MUNIER','Trésorier','Vincent','06.83.00.64.96','','vince@inthemeadow.org','','3, rue ges gymnastes, 68110 Illzach','','',0,'67.jpg','','2008-05-01 00:00:00','2008-05-01 00:00:00','5',1,2,0),(71,23,'Raphaël ZERR','-','Ralf','06 78 99 41 58','','hellbor@yahoo.fr','http://raphael.zerr.fr/','Exincourt','12/03/1980','<html />',0,'71.jpg','','2000-09-01 00:00:00','2000-09-01 00:00:00','1',1,13,0),(72,27,'Jocelyn THIERY','-','Jocelyn','06.84.10.85.74','','chocozouf@gmail.com','','','21/07/1988','',0,'72.jpg','','2007-01-12 20:30:00','2007-01-12 20:30:00','3',1,8,0),(74,23,'Alban CASEIRO','-','Alban','06.83.86.17.13','','flinds@evhr.net','','','','',0,'74.jpg','','2000-09-01 00:00:00','2000-09-01 00:00:00','5',1,4,0),(76,23,'Cédric GREBENIEFF','-','','06.34.24.07.03','','grebenieff@gmail.com','','Valentigney','11/01/86','',0,'76.jpg','','2005-09-01 00:00:00','2005-09-01 00:00:00','2',1,11,0),(80,27,'Mathieu SCHNEIDER','-','Agylus','06.18.09.76.72','','hargomis@hotmail.com','','','05/09/1985','',0,'80.jpg','','2007-09-03 00:00:00','2007-09-03 00:00:00','4',1,7,0),(88,27,'Cécile DHUEZ','-','Cécile','','','cdhuez@gmail.com','http://discogirl77.skyblog.com','Belfort','05 Janvier 1988','',0,'88.jpg','','2007-09-01 00:00:00','2007-09-01 00:00:00','4',1,4,0),(89,23,'Olivier BASTIEN','Secrétaire','Olivier','','','bastien.olivier@wanadoo.fr','','','','',0,'89.jpg','','2004-09-01 00:00:00','2004-09-01 00:00:00','1',1,3,0),(90,23,'Lise COLIN','-','','','','','','','','',0,'90.jpg','','2004-09-01 00:00:00','2004-09-01 00:00:00','1',1,5,0),(91,27,'Gabriel BOSSA','-','','','','','','','','',0,'91.jpg','','0000-00-00 00:00:00','0000-00-00 00:00:00','1',1,5,0),(92,27,'Matthieu NEFF','Retraité','Matt','','','voila_un_pseudo_facile_a_retenir@hotmail.com','','London','12/05/1978','',0,'92.jpg','','0000-00-00 00:00:00','0000-00-00 00:00:00','0',1,2,0),(93,23,'Barbara DURAND','-','','','','','','','','',0,'93.jpg','','0000-00-00 00:00:00','0000-00-00 00:00:00','2',1,8,0),(94,23,'Sébastien ROUX','-','','06.79.08.35.21','','sebast.roux@gmail.com','','','26/12/1987','',0,'94.jpg','','2005-09-01 00:00:00','2005-09-01 00:00:00','2',1,12,0),(95,27,'Vincent GOETSCHY','-','Georges','','','','','','','',0,'95.jpg','','0000-00-00 00:00:00','0000-00-00 00:00:00','0',1,3,0),(96,23,'Gaëlle FANTIN','-','Gaëlle','','','gaelle.fantin@wanadoo.fr','','','','',0,'96.jpg','','0000-00-00 00:00:00','0000-00-00 00:00:00','0',1,10,0),(97,23,'Aisleen DOMAS','-','Aisleen','','','','','','','',0,'97.jpg','','0000-00-00 00:00:00','0000-00-00 00:00:00','0',1,6,0),(98,23,'Emmeran DOMAS','-','Emmeran','','','','','','','',0,'98.jpg','','0000-00-00 00:00:00','0000-00-00 00:00:00','0',1,7,0),(99,23,'Arnaud ENDERLEN','-','','','','','','','','',0,'99.jpg','','0000-00-00 00:00:00','0000-00-00 00:00:00','0',1,9,0),(144,27,'Argan DUBOIS','En bronze','Argan','','','','','','','',0,'','','0000-00-00 00:00:00','0000-00-00 00:00:00','0',1,1,0),(343,29,'Seraille/marien','Asbjorn','asbjorn','04-77-28-66-49','','marienma@orange.fr','www.salvaterra.fr','st jehan de panissières','24/05/1991','',0,'343.jpg','','0000-00-00 00:00:00','0000-00-00 00:00:00','4',1,1,0),(10000000,27,'Samuel MAINGUY','-','Thorvald','','','binairsam@hotmail.fr','','','','',0,'10000000.jpg','','0000-00-00 00:00:00','0000-00-00 00:00:00','4',1,6,0);

--
-- Table structure for table `jos_peoplebook_custom_fields`
--

CREATE TABLE `jos_peoplebook_custom_fields` (
  `cfID` int(8) NOT NULL AUTO_INCREMENT,
  `field_type` varchar(255) NOT NULL,
  `field_desc` varchar(255) NOT NULL,
  `max_chars` int(8) NOT NULL,
  `max_rows` int(8) NOT NULL,
  `max_cols` int(8) NOT NULL,
  PRIMARY KEY (`cfID`)
) ENGINE=MyISAM AUTO_INCREMENT=3 DEFAULT CHARSET=utf8;

--
-- Dumping data for table `jos_peoplebook_custom_fields`
--

INSERT INTO `jos_peoplebook_custom_fields` VALUES (1,'ibox','Mobile',255,20,10),(2,'ibox','Hobbies',255,20,10);

--
-- Table structure for table `jos_peoplebook_custom_fields_data`
--

CREATE TABLE `jos_peoplebook_custom_fields_data` (
  `cfdID` int(8) NOT NULL AUTO_INCREMENT,
  `uID` int(8) NOT NULL,
  `cfID` int(8) NOT NULL,
  `data` text NOT NULL,
  PRIMARY KEY (`cfdID`)
) ENGINE=MyISAM AUTO_INCREMENT=27 DEFAULT CHARSET=utf8;

--
-- Dumping data for table `jos_peoplebook_custom_fields_data`
--

INSERT INTO `jos_peoplebook_custom_fields_data` VALUES (1,65,1,''),(2,65,2,''),(3,67,1,''),(4,67,2,''),(5,89,1,''),(6,89,2,''),(7,343,1,''),(8,343,2,''),(9,343,1,''),(10,343,2,''),(11,95,1,''),(12,95,2,''),(13,10000000,1,''),(14,10000000,2,''),(15,72,1,''),(16,72,2,''),(17,76,1,''),(18,76,2,''),(19,71,1,'0678994158'),(20,71,2,'Photographie'),(21,88,1,''),(22,88,2,''),(23,91,1,''),(24,91,2,''),(25,80,1,''),(26,80,2,'');

--
-- Table structure for table `jos_plugins`
--

CREATE TABLE `jos_plugins` (
  `id` int(11) NOT NULL AUTO_INCREMENT,
  `name` varchar(100) NOT NULL DEFAULT '',
  `element` varchar(100) NOT NULL DEFAULT '',
  `folder` varchar(100) NOT NULL DEFAULT '',
  `access` tinyint(3) unsigned NOT NULL DEFAULT '0',
  `ordering` int(11) NOT NULL DEFAULT '0',
  `published` tinyint(3) NOT NULL DEFAULT '0',
  `iscore` tinyint(3) NOT NULL DEFAULT '0',
  `client_id` tinyint(3) NOT NULL DEFAULT '0',
  `checked_out` int(11) unsigned NOT NULL DEFAULT '0',
  `checked_out_time` datetime NOT NULL DEFAULT '0000-00-00 00:00:00',
  `params` text NOT NULL,
  PRIMARY KEY (`id`),
  KEY `idx_folder` (`published`,`client_id`,`access`,`folder`)
) ENGINE=MyISAM AUTO_INCREMENT=58 DEFAULT CHARSET=utf8;

--
-- Dumping data for table `jos_plugins`
--

INSERT INTO `jos_plugins` VALUES (1,'Authentication - Joomla','joomla','authentication',0,1,0,1,0,0,'0000-00-00 00:00:00',''),(2,'Authentication - LDAP','ldap','authentication',0,2,0,1,0,0,'0000-00-00 00:00:00','host=\nport=389\nuse_ldapV3=0\nnegotiate_tls=0\nno_referrals=0\nauth_method=bind\nbase_dn=\nsearch_string=\nusers_dn=\nusername=\npassword=\nldap_fullname=fullName\nldap_email=mail\nldap_uid=uid\n\n'),(3,'Authentication - GMail','gmail','authentication',0,4,0,0,0,0,'0000-00-00 00:00:00',''),(4,'Authentication - OpenID','openid','authentication',0,3,0,0,0,0,'0000-00-00 00:00:00',''),(5,'User - Joomla!','joomla','user',0,0,0,0,0,0,'0000-00-00 00:00:00','autoregister=0\n\n'),(6,'Search - Content','content','search',0,1,1,1,0,0,'0000-00-00 00:00:00','search_limit=50\nsearch_content=1\nsearch_uncategorised=1\nsearch_archived=1\n\n'),(7,'Search - Contacts','contacts','search',0,3,1,1,0,0,'0000-00-00 00:00:00','search_limit=50\n\n'),(8,'Search - Categories','categories','search',0,4,1,0,0,0,'0000-00-00 00:00:00','search_limit=50\n\n'),(9,'Search - Sections','sections','search',0,5,1,0,0,0,'0000-00-00 00:00:00','search_limit=50\n\n'),(10,'Search - Newsfeeds','newsfeeds','search',0,6,1,0,0,0,'0000-00-00 00:00:00','search_limit=50\n\n'),(11,'Search - Weblinks','weblinks','search',0,2,1,1,0,0,'0000-00-00 00:00:00','search_limit=50\n\n'),(12,'Content - Pagebreak','pagebreak','content',0,10000,1,1,0,0,'0000-00-00 00:00:00','enabled=1\ntitle=1\nmultipage_toc=1\nshowall=1\n\n'),(13,'Content - Rating','vote','content',0,4,1,1,0,0,'0000-00-00 00:00:00',''),(14,'Content - Email Cloaking','emailcloak','content',0,5,1,0,0,0,'0000-00-00 00:00:00','mode=1\n\n'),(15,'Content - Code Hightlighter (GeSHi)','geshi','content',0,5,0,0,0,0,'0000-00-00 00:00:00',''),(16,'Content - Load Module','loadmodule','content',0,6,1,0,0,0,'0000-00-00 00:00:00','enabled=1\nstyle=0\n\n'),(17,'Content - Page Navigation','pagenavigation','content',0,2,1,1,0,0,'0000-00-00 00:00:00','position=1\n\n'),(18,'Editor - No Editor','none','editors',0,1,1,1,0,0,'0000-00-00 00:00:00',''),(19,'Editor - TinyMCE 2.0','tinymce','editors',0,2,1,1,0,0,'0000-00-00 00:00:00','theme=advanced\ncleanup=1\ncleanup_startup=0\nautosave=0\ncompressed=0\nrelative_urls=1\ntext_direction=ltr\nlang_mode=0\nlang_code=en\ninvalid_elements=applet\ncontent_css=1\ncontent_css_custom=\nnewlines=0\ntoolbar=top\nhr=1\nsmilies=1\ntable=1\nstyle=1\nlayer=1\nxhtmlxtras=0\ntemplate=0\ndirectionality=1\nfullscreen=1\nhtml_height=550\nhtml_width=750\npreview=1\ninsertdate=1\nformat_date=%Y-%m-%d\ninserttime=1\nformat_time=%H:%M:%S\n\n'),(20,'Editor - XStandard Lite 2.0','xstandard','editors',0,3,0,1,0,0,'0000-00-00 00:00:00',''),(21,'Editor Button - Image','image','editors-xtd',0,0,1,0,0,0,'0000-00-00 00:00:00',''),(22,'Editor Button - Pagebreak','pagebreak','editors-xtd',0,0,1,0,0,0,'0000-00-00 00:00:00',''),(23,'Editor Button - Readmore','readmore','editors-xtd',0,0,1,0,0,0,'0000-00-00 00:00:00',''),(24,'XML-RPC - Joomla','joomla','xmlrpc',0,7,0,1,0,0,'0000-00-00 00:00:00',''),(25,'XML-RPC - Blogger API','blogger','xmlrpc',0,7,0,1,0,0,'0000-00-00 00:00:00','catid=1\nsectionid=0\n\n'),(28,'System - Debug','debug','system',0,2,1,0,0,0,'0000-00-00 00:00:00','queries=1\nmemory=1\nlangauge=1\n\n'),(29,'System - Legacy','legacy','system',0,3,1,1,0,0,'0000-00-00 00:00:00','route=0\n\n'),(30,'System - Cache','cache','system',0,4,0,1,0,0,'0000-00-00 00:00:00','browsercache=0\ncachetime=15\n\n'),(31,'System - Log','log','system',0,5,0,1,0,0,'0000-00-00 00:00:00',''),(32,'System - Remember Me','remember','system',0,6,1,1,0,0,'0000-00-00 00:00:00',''),(33,'System - Backlink','backlink','system',0,7,0,1,0,0,'0000-00-00 00:00:00',''),(34,'Authentication - jfusion','jfusion','authentication',0,0,1,0,0,0,'0000-00-00 00:00:00',''),(35,'User - Jfusion','jfusion','user',0,0,1,0,0,0,'0000-00-00 00:00:00',''),(36,'Editor - JCE 1.5.2','jce','editors',0,4,1,0,0,0,'0000-00-00 00:00:00','editor_gzip=0\neditor_state=mceEditor\neditor_toggle_text=[show/hide]\neditor_verify_html=0\neditor_entity_encoding=raw\neditor_pluginmode=0\neditor_forced_root_block=0\neditor_newlines=1\neditor_body_class_type=contrast\neditor_body_class_custom=\neditor_content_css=1\neditor_content_css_custom=templates/$template/css/editor_content.css\neditor_custom_config=\neditor_callback_file=\neditor_help_url=http://www.joomlacontenteditor.net/index.php?option=com_content&view=article\n\n'),(37,'Google Maps','plugin_googlemap2','content',0,0,1,0,0,0,'0000-00-00 00:00:00','publ=1\ndebug=0\nplugincode=mosmap\nGoogle_API_version=2.x\ntimeinterval=500\nGoogle_API_key=ABQIAAAAq8EZIcjLakRYgJsnjw1DzRQnPPLo3VpBhEJHbiqfh2QoBF4FohQanfdz5PKoKiLRg-Yf9XMvmzuQKA\nGoogle_Multi_API_key=\nurlsetting=http_host\nwidth=100%\nheight=400px\nlat=52.075581\nlon=4.541513\ncenterlat=\ncenterlon=\naddress=\nzoom=10\ncontrolType=user\nzoomNew=0\nzoomWheel=0\nkeyboard=0\nmapType=Normal\nshowMaptype=1\nshowScale=0\noverview=0\nnavlabel=0\ndragging=1\nmarker=1\nicon=\niconwidth=\niconheight=\niconshadow=\niconshadowwidth=\niconshadowheight=\niconshadowanchorx=\niconshadowanchory=\niconanchorx=\niconanchory=\niconinfoanchorx=\niconinfoanchory=\nicontransparent=\niconimagemap=\ndir=0\ndirtype=D\navoidhighways=0\ntraffic=0\npanoramio=0\nadsmanager=0\nmaxads=3\nlocalsearch=0\nadsense=\nchannel=\ngooglebar=0\nsearchlist=inline\nsearchtarget=_blank\nsearchzoompan=1\ntxtdir=Directions:\ntxtgetdir=Get Directions\ntxtfrom=From here\ntxtto=To here\ntxtdiraddr=Address:\ntxt_driving=\ntxt_avhighways=\ntxt_walking=\ndirdefault=0\ngotoaddr=0\ntxtaddr=Address: ##\nerraddr=Address ## not found!\nalign=center\nlangtype=site\nlang=\nlightbox=0\ntxtlightbox=Open lightbox\nlbxwidth=100%\nlbxheight=700px\neffect=none\nkmlrenderer=google\nkmlsidebar=none\nkmlsbwidth=200\nkmlsbsort=none\nkmlmessshow=0\nproxy=1\nsv=none\nsvwidth=100%\nsvheight=300\nsvyaw=0\nsvpitch=0\nsvzoom=\n\n'),(38,'System - securityimages','securityimages','system',0,0,1,0,0,0,'0000-00-00 00:00:00','reloadCaptchaCount=10'),(39,'JCalPro Latest Events plugin','bot_jcalpro_latest_events','content',0,10,1,0,0,0,'0000-00-00 00:00:00',''),(40,'JCal Pro Search plugin','bot_jcalpro_search','search',0,10,1,0,0,0,'0000-00-00 00:00:00',''),(52,'noixACL - System Plugin 2.0.10','noixacl','system',0,0,1,0,0,0,'0000-00-00 00:00:00',''),(45,'Content - AllVideos Reloaded','avreloaded','content',0,0,1,0,0,0,'0000-00-00 00:00:00','avcss=allvideos\nwidth=400\nheight=320\nvdir=videos\nwmode=window\nbgcolor=#FFFFFF\nadir=audio\nawidth=300\naheight=20\nripcache=1\ncache_time=3600\n'),(46,'Button - AllVideos Reloaded','avreloaded','editors-xtd',0,0,1,0,0,0,'0000-00-00 00:00:00',''),(47,'System - AllVideos Reloaded','avreloaded','system',0,0,1,0,0,0,'0000-00-00 00:00:00',''),(53,'noixACL - User Plugin 2.0.10','noixacl','user',0,0,1,0,0,0,'0000-00-00 00:00:00',''),(54,'Content - Iframe Plugin','plg_iframe','content',0,0,1,0,0,0,'0000-00-00 00:00:00','enabled=1\nsrc=http://www.cefc.asso.fr/\nsrc_inurl=1\nwidth=100%\nheight=\nmarginwidth=0\nmarginheight=0\nframeborder=0\nscrolling=auto\nalign=bottom\nname=plg_iframe\nnoframes=No Frames\n\n'),(55,'System - SimpleDownload Link Creator','simpledownload','system',0,0,1,0,0,0,'0000-00-00 00:00:00',''),(56,'System - Vérification de version de Joomla','jvc','system',0,0,1,0,0,0,'0000-00-00 00:00:00',''),(57,'System - Mootools Upgrade','mtupgrade','system',0,0,0,0,0,0,'0000-00-00 00:00:00','');

--
-- Table structure for table `jos_poll_data`
--

CREATE TABLE `jos_poll_data` (
  `id` int(11) NOT NULL AUTO_INCREMENT,
  `pollid` int(11) NOT NULL DEFAULT '0',
  `text` text NOT NULL,
  `hits` int(11) NOT NULL DEFAULT '0',
  PRIMARY KEY (`id`),
  KEY `pollid` (`pollid`,`text`(1))
) ENGINE=MyISAM AUTO_INCREMENT=13 DEFAULT CHARSET=utf8;

--
-- Dumping data for table `jos_poll_data`
--

INSERT INTO `jos_poll_data` VALUES (1,14,'Super simple',0),(2,14,'Assez facile',0),(3,14,'Pas &eacute;vidente mais ça a march&eacute;',0),(4,14,'J\'ai d&ucirc; install&eacute; d\'autres trucs sur mon serveur',0),(5,14,'Aucune id&eacute;e, c\'est un ami qui l\'a faite',0),(6,14,'Mon chien est parti avec le README ...',0),(7,14,'',0),(8,14,'',0),(9,14,'',0),(10,14,'',0),(11,14,'',0),(12,14,'',0);

--
-- Table structure for table `jos_poll_date`
--

CREATE TABLE `jos_poll_date` (
  `id` bigint(20) NOT NULL AUTO_INCREMENT,
  `date` datetime NOT NULL DEFAULT '0000-00-00 00:00:00',
  `vote_id` int(11) NOT NULL DEFAULT '0',
  `poll_id` int(11) NOT NULL DEFAULT '0',
  PRIMARY KEY (`id`),
  KEY `poll_id` (`poll_id`)
) ENGINE=MyISAM DEFAULT CHARSET=utf8;

--
-- Dumping data for table `jos_poll_date`
--


--
-- Table structure for table `jos_poll_menu`
--

CREATE TABLE `jos_poll_menu` (
  `pollid` int(11) NOT NULL DEFAULT '0',
  `menuid` int(11) NOT NULL DEFAULT '0',
  PRIMARY KEY (`pollid`,`menuid`)
) ENGINE=MyISAM DEFAULT CHARSET=utf8;

--
-- Dumping data for table `jos_poll_menu`
--

INSERT INTO `jos_poll_menu` VALUES (14,1);

--
-- Table structure for table `jos_polls`
--

CREATE TABLE `jos_polls` (
  `id` int(11) unsigned NOT NULL AUTO_INCREMENT,
  `title` varchar(255) NOT NULL DEFAULT '',
  `alias` varchar(255) NOT NULL DEFAULT '',
  `voters` int(9) NOT NULL DEFAULT '0',
  `checked_out` int(11) NOT NULL DEFAULT '0',
  `checked_out_time` datetime NOT NULL DEFAULT '0000-00-00 00:00:00',
  `published` tinyint(1) NOT NULL DEFAULT '0',
  `access` int(11) NOT NULL DEFAULT '0',
  `lag` int(11) NOT NULL DEFAULT '0',
  PRIMARY KEY (`id`)
) ENGINE=MyISAM AUTO_INCREMENT=15 DEFAULT CHARSET=utf8;

--
-- Dumping data for table `jos_polls`
--

INSERT INTO `jos_polls` VALUES (14,'Cette installation Joomla! fut ....','cette-installation-joomla-fut-',0,0,'0000-00-00 00:00:00',1,0,86400);

--
-- Table structure for table `jos_redirection`
--

CREATE TABLE `jos_redirection` (
  `id` int(11) NOT NULL AUTO_INCREMENT,
  `cpt` int(11) NOT NULL DEFAULT '0',
  `rank` int(11) NOT NULL DEFAULT '0',
  `oldurl` varchar(255) NOT NULL DEFAULT '',
  `newurl` varchar(255) NOT NULL DEFAULT '',
  `dateadd` date NOT NULL DEFAULT '0000-00-00',
  PRIMARY KEY (`id`),
  KEY `newurl` (`newurl`),
  KEY `rank` (`rank`),
  KEY `oldurl` (`oldurl`)
) ENGINE=MyISAM AUTO_INCREMENT=133 DEFAULT CHARSET=utf8;

--
-- Dumping data for table `jos_redirection`
--

INSERT INTO `jos_redirection` VALUES (26,7,0,'search_category,23/','','2009-07-01'),(31,4,0,'option,com_expose/','','2009-07-01'),(57,5,0,'Itemid,28/','','2009-07-01'),(83,1,0,'0.html','','2009-07-01'),(85,5,0,'bibli-cefc.html','','2009-07-01');

--
-- Table structure for table `jos_sections`
--

CREATE TABLE `jos_sections` (
  `id` int(11) NOT NULL AUTO_INCREMENT,
  `title` varchar(255) NOT NULL DEFAULT '',
  `name` varchar(255) NOT NULL DEFAULT '',
  `alias` varchar(255) NOT NULL DEFAULT '',
  `image` text NOT NULL,
  `scope` varchar(50) NOT NULL DEFAULT '',
  `image_position` varchar(30) NOT NULL DEFAULT '',
  `description` text NOT NULL,
  `published` tinyint(1) NOT NULL DEFAULT '0',
  `checked_out` int(11) unsigned NOT NULL DEFAULT '0',
  `checked_out_time` datetime NOT NULL DEFAULT '0000-00-00 00:00:00',
  `ordering` int(11) NOT NULL DEFAULT '0',
  `access` tinyint(3) unsigned NOT NULL DEFAULT '0',
  `count` int(11) NOT NULL DEFAULT '0',
  `params` text NOT NULL,
  PRIMARY KEY (`id`),
  KEY `idx_scope` (`scope`)
) ENGINE=MyISAM AUTO_INCREMENT=7 DEFAULT CHARSET=utf8;

--
-- Dumping data for table `jos_sections`
--

INSERT INTO `jos_sections` VALUES (2,'Newsflashes','Newsflashes','newsflashes','','content','left','',1,0,'0000-00-00 00:00:00',5,0,1,''),(3,'FAQs','Foire Aux Questions','faqs','pastarchives.jpg','content','left','Sélectionner une catégorie de news dans la liste ci-dessous pour consulter..',1,0,'0000-00-00 00:00:00',6,0,1,''),(4,'Statiques','Pages statiques','statiques','articles.jpg','content','left','',1,0,'0000-00-00 00:00:00',3,0,3,'imagefolders=*1*'),(5,'Présentation','Présentation des activités de Compagnie','prntation','','content','left','',1,0,'0000-00-00 00:00:00',2,0,12,'imagefolders=*1*'),(6,'Ressources','Ressources','ressources','','content','left','Cette partie regroupe des informations concernant les techniques de combat et de fabrication du matériel utilisées au sein de CEFC, ainsi que des réflexions sur des lectures portant sur le moyen âge.',1,0,'0000-00-00 00:00:00',1,0,29,'imagefolders=*1*');

--
-- Table structure for table `jos_security_images_logs`
--

CREATE TABLE `jos_security_images_logs` (
  `id` int(9) NOT NULL AUTO_INCREMENT,
  `wasAccepted` int(1) NOT NULL DEFAULT '1',
  `insertDate` varchar(30) NOT NULL,
  `remoteServer` varchar(15) DEFAULT NULL,
  `userAgent` varchar(100) DEFAULT NULL,
  `referer` varchar(100) DEFAULT NULL,
  `text` varchar(100) DEFAULT NULL,
  `itemid` int(5) DEFAULT '0',
  PRIMARY KEY (`id`)
) ENGINE=MyISAM AUTO_INCREMENT=3217 DEFAULT CHARSET=utf8;

--
-- Dumping data for table `jos_security_images_logs`
--

INSERT INTO `jos_security_images_logs` VALUES (3137,0,'2017-01-04 19:58:29','199.15.233.150','Mozilla/5.0 (Windows NT 6.3; WOW64; rv:44.0) Gecko/20100101 Firefox/44.0','http://www.cefc.asso.fr/index.php?option=com_user&task=register','',0),(3138,0,'2017-01-04 22:04:39','199.15.233.149','Mozilla/5.0 (Windows NT 6.1) AppleWebKit/537.36 (KHTML, like Gecko) Chrome/47.0.2526.111 Safari/537.','http://www.cefc.asso.fr/index.php?option=com_user&task=register','',0),(3139,0,'2017-01-04 23:26:58','199.15.233.149','Mozilla/5.0 (Windows NT 6.1; rv:44.0) Gecko/20100101 Firefox/44.0','http://www.cefc.asso.fr/index.php?option=com_user&task=register','',0),(3140,0,'2017-01-05 00:08:24','199.15.233.153','Mozilla/5.0 (Windows NT 5.1; rv:43.0) Gecko/20100101 Firefox/43.0','http://www.cefc.asso.fr/index.php?option=com_user&task=register','',0),(3141,0,'2017-01-05 01:02:10','199.15.233.149','Mozilla/5.0 (Windows NT 10.0; WOW64) AppleWebKit/537.36 (KHTML, like Gecko) Chrome/48.0.2564.109 Saf','http://www.cefc.asso.fr/index.php?option=com_user&task=register','',0),(3142,0,'2017-01-05 02:25:07','199.15.233.149','Mozilla/5.0 (Windows NT 6.3; WOW64) AppleWebKit/537.36 (KHTML, like Gecko) Chrome/48.0.2564.116 Safa','http://www.cefc.asso.fr/index.php?option=com_user&task=register','',0),(3143,0,'2017-01-05 02:40:17','213.167.213.90','Mozilla/5.0 (Windows NT 10.0; WOW64) AppleWebKit/537.36 (KHTML, like Gecko) Chrome/48.0.2564.103 Saf','http://www.cefc.asso.fr/index.php?option=com_user&task=register','',0),(3144,0,'2017-01-05 06:59:07','199.15.233.154','Mozilla/5.0 (Windows NT 10.0; WOW64) AppleWebKit/537.36 (KHTML, like Gecko) Chrome/48.0.2564.109 Saf','http://www.cefc.asso.fr/index.php?option=com_user&task=register','',0),(3145,0,'2017-01-05 09:30:19','199.15.233.153','Mozilla/5.0 (Windows NT 5.1; rv:43.0) Gecko/20100101 Firefox/43.0','http://www.cefc.asso.fr/index.php?option=com_user&task=register','',0),(3146,0,'2017-01-05 12:23:50','199.15.233.149','Mozilla/5.0 (Windows NT 6.3; WOW64) AppleWebKit/537.36 (KHTML, like Gecko) Chrome/48.0.2564.109 Safa','http://www.cefc.asso.fr/index.php?option=com_user&task=register','',0),(3147,0,'2017-01-05 13:43:18','199.15.233.149','Mozilla/5.0 (Windows NT 6.1; WOW64) AppleWebKit/537.36 (KHTML, like Gecko) Chrome/48.0.2564.109 Safa','http://www.cefc.asso.fr/index.php?option=com_user&task=register','',0),(3148,0,'2017-01-05 15:17:30','199.15.233.150','Mozilla/5.0 (Windows NT 6.3; WOW64) AppleWebKit/537.36 (KHTML, like Gecko) Chrome/48.0.2564.116 Safa','http://www.cefc.asso.fr/index.php?option=com_user&task=register','',0),(3149,0,'2017-01-05 17:17:13','199.15.233.150','Mozilla/5.0 (Windows NT 6.3; WOW64; rv:43.0) Gecko/20100101 Firefox/43.0','http://www.cefc.asso.fr/index.php?option=com_user&task=register','',0),(3150,0,'2017-01-06 15:44:16','199.15.233.150','Mozilla/5.0 (Windows NT 6.3; WOW64; rv:44.0) Gecko/20100101 Firefox/44.0','http://www.cefc.asso.fr/index.php?option=com_user&task=register','',0),(3151,0,'2017-01-07 04:47:37','199.15.233.154','Mozilla/5.0 (Windows NT 6.1; rv:44.0) Gecko/20100101 Firefox/44.0','http://www.cefc.asso.fr/index.php?option=com_user&task=register','',0),(3152,0,'2017-01-08 02:46:41','89.218.186.82','Mozilla/5.0 (Windows NT 10.0; WOW64) AppleWebKit/537.36 (KHTML, like Gecko) Chrome/47.0.2526.111 Saf','http://www.cefc.asso.fr/index.php?option=com_user&task=register','',0),(3153,0,'2017-01-08 02:46:53','89.218.186.82','Mozilla/5.0 (Windows NT 6.3; WOW64; rv:43.0) Gecko/20100101 Firefox/43.0','http://www.cefc.asso.fr/index.php?option=com_user&task=register','',0),(3154,0,'2017-01-08 03:01:00','89.218.186.82','Mozilla/5.0 (Windows NT 10.0; WOW64) AppleWebKit/537.36 (KHTML, like Gecko) Chrome/48.0.2564.97 Safa','http://www.cefc.asso.fr/index.php?option=com_user&task=register','',0),(3155,0,'2017-01-08 03:01:00','89.218.186.82','Mozilla/5.0 (Windows NT 6.3; WOW64) AppleWebKit/537.36 (KHTML, like Gecko) Chrome/47.0.2526.111 Safa','http://www.cefc.asso.fr/index.php?option=com_user&task=register','',0),(3156,0,'2017-01-08 03:59:01','89.218.186.82','Mozilla/5.0 (Windows NT 6.1) AppleWebKit/537.36 (KHTML, like Gecko) Chrome/48.0.2564.109 Safari/537.','http://www.cefc.asso.fr/index.php?option=com_user&task=register','',0),(3157,0,'2017-01-08 03:59:01','89.218.186.82','Mozilla/5.0 (Windows NT 6.1; WOW64) AppleWebKit/537.36 (KHTML, like Gecko) Chrome/48.0.2564.109 Safa','http://www.cefc.asso.fr/index.php?option=com_user&task=register','',0),(3158,0,'2017-01-08 15:58:11','213.111.233.25','Mozilla/5.0 (Windows NT 6.3; WOW64) AppleWebKit/537.36 (KHTML, like Gecko) Chrome/48.0.2564.97 Safar','http://www.cefc.asso.fr/index.php?option=com_user&task=register','',0),(3159,0,'2017-01-08 17:25:53','176.213.20.233','Mozilla/5.0 (Windows NT 6.3; WOW64; rv:44.0) Gecko/20100101 Firefox/44.0','http://www.cefc.asso.fr/index.php?option=com_user&task=register','',0),(3160,0,'2017-01-08 20:19:02','199.15.233.150','Mozilla/5.0 (Windows NT 6.3; WOW64) AppleWebKit/537.36 (KHTML, like Gecko) Chrome/47.0.2526.111 Safa','http://www.cefc.asso.fr/index.php?option=com_user&task=register','',0),(3161,0,'2017-01-08 22:59:59','93.81.227.190','Mozilla/5.0 (Windows NT 6.1; rv:43.0) Gecko/20100101 Firefox/43.0','http://www.cefc.asso.fr/index.php?option=com_user&task=register','',0),(3162,0,'2017-01-09 01:41:41','199.15.233.149','Mozilla/5.0 (Windows NT 10.0; WOW64) AppleWebKit/537.36 (KHTML, like Gecko) Chrome/48.0.2564.103 Saf','http://www.cefc.asso.fr/index.php?option=com_user&task=register','',0),(3163,0,'2017-01-10 02:59:32','199.15.233.150','Mozilla/5.0 (Windows NT 6.3; WOW64) AppleWebKit/537.36 (KHTML, like Gecko) Chrome/47.0.2526.111 Safa','http://www.cefc.asso.fr/index.php?option=com_user&task=register','',0),(3164,0,'2017-01-10 15:57:51','199.15.233.154','Mozilla/5.0 (Windows NT 6.1) AppleWebKit/537.36 (KHTML, like Gecko) Chrome/48.0.2564.109 Safari/537.','http://www.cefc.asso.fr/index.php?option=com_user&task=register','',0),(3165,0,'2017-01-11 17:57:03','199.15.233.151','Mozilla/5.0 (Windows NT 6.1; rv:43.0) Gecko/20100101 Firefox/43.0','http://www.cefc.asso.fr/index.php?option=com_user&task=register','',0),(3166,0,'2017-01-11 18:04:49','199.15.233.149','Mozilla/5.0 (Windows NT 10.0; WOW64) AppleWebKit/537.36 (KHTML, like Gecko) Chrome/48.0.2564.97 Safa','http://www.cefc.asso.fr/index.php?option=com_user&task=register','',0),(3167,0,'2017-01-11 22:15:10','199.15.233.153','Mozilla/5.0 (Windows NT 6.1; WOW64) AppleWebKit/537.36 (KHTML, like Gecko) Chrome/48.0.2564.82 Safar','http://www.cefc.asso.fr/index.php?option=com_user&task=register','',0),(3168,0,'2017-01-12 01:41:33','199.15.233.152','Mozilla/5.0 (Windows NT 10.0; WOW64) AppleWebKit/537.36 (KHTML, like Gecko) Chrome/48.0.2564.116 Saf','http://www.cefc.asso.fr/index.php?option=com_user&task=register','',0),(3169,0,'2017-01-12 03:55:00','199.15.233.154','Mozilla/5.0 (Windows NT 5.1; rv:43.0) Gecko/20100101 Firefox/43.0','http://www.cefc.asso.fr/index.php?option=com_user&task=register','',0),(3170,0,'2017-01-12 04:36:12','199.15.233.150','Mozilla/5.0 (Windows NT 6.1; WOW64; rv:44.0) Gecko/20100101 Firefox/44.0','http://www.cefc.asso.fr/index.php?option=com_user&task=register','',0),(3171,0,'2017-01-12 04:47:16','199.15.233.153','Mozilla/5.0 (Windows NT 6.1; WOW64) AppleWebKit/537.36 (KHTML, like Gecko) Chrome/46.0.2490.86 YaBro','http://www.cefc.asso.fr/index.php?option=com_user&task=register','',0),(3172,0,'2017-01-12 07:50:34','199.15.233.149','Mozilla/5.0 (Windows NT 6.3; WOW64) AppleWebKit/537.36 (KHTML, like Gecko) Chrome/48.0.2564.97 Safar','http://www.cefc.asso.fr/index.php?option=com_user&task=register','',0),(3173,0,'2017-01-12 08:20:32','199.15.233.153','Mozilla/5.0 (Windows NT 6.1; WOW64) AppleWebKit/537.36 (KHTML, like Gecko) Chrome/46.0.2490.86 YaBro','http://www.cefc.asso.fr/index.php?option=com_user&task=register','',0),(3174,0,'2017-01-12 08:21:43','199.15.233.149','Mozilla/5.0 (Windows NT 6.1; WOW64) AppleWebKit/537.36 (KHTML, like Gecko) Chrome/47.0.2526.111 Safa','http://www.cefc.asso.fr/index.php?option=com_user&task=register','',0),(3175,0,'2017-01-12 08:26:47','199.15.233.150','Mozilla/5.0 (Windows NT 6.1; WOW64) AppleWebKit/537.36 (KHTML, like Gecko) Chrome/46.0.2490.86 YaBro','http://www.cefc.asso.fr/index.php?option=com_user&task=register','',0),(3176,0,'2017-01-12 10:05:19','199.15.233.152','Mozilla/5.0 (Windows NT 6.3; WOW64; rv:44.0) Gecko/20100101 Firefox/44.0','http://www.cefc.asso.fr/index.php?option=com_user&task=register','',0),(3177,0,'2017-01-12 10:36:06','199.15.233.150','Mozilla/5.0 (Windows NT 6.3; WOW64) AppleWebKit/537.36 (KHTML, like Gecko) Chrome/48.0.2564.109 Safa','http://www.cefc.asso.fr/index.php?option=com_user&task=register','',0),(3178,0,'2017-01-14 04:51:13','199.15.233.150','Mozilla/5.0 (Windows NT 6.1; WOW64) AppleWebKit/537.36 (KHTML, like Gecko) Chrome/48.0.2564.116 Safa','http://www.cefc.asso.fr/index.php?option=com_user&task=register','',0),(3179,1,'2017-01-14 11:06:35','37.115.188.126','Mozilla/5.0 (Windows NT 5.1; rv:43.0) Gecko/20100101 Firefox/43.0','http://www.cefc.asso.fr/index.php?option=com_user&task=register','',0),(3180,0,'2017-01-15 08:31:57','199.15.233.149','Mozilla/5.0 (Windows NT 6.1; WOW64) AppleWebKit/537.36 (KHTML, like Gecko) Chrome/48.0.2564.116 Safa','http://www.cefc.asso.fr/index.php?option=com_user&task=register','',0),(3181,0,'2017-01-15 10:01:29','199.15.233.153','Mozilla/5.0 (Windows NT 6.1; WOW64) AppleWebKit/537.36 (KHTML, like Gecko) Chrome/48.0.2564.103 Safa','http://www.cefc.asso.fr/index.php?option=com_user&task=register','',0),(3182,0,'2017-01-15 23:57:32','199.15.233.154','Mozilla/5.0 (Windows NT 6.3; WOW64) AppleWebKit/537.36 (KHTML, like Gecko) Chrome/48.0.2564.116 Safa','http://www.cefc.asso.fr/index.php?option=com_user&task=register','',0),(3183,0,'2017-01-16 03:11:39','199.15.233.150','Mozilla/5.0 (Windows NT 5.1; rv:43.0) Gecko/20100101 Firefox/43.0','http://www.cefc.asso.fr/index.php?option=com_user&task=register','',0),(3184,0,'2017-01-16 03:19:52','199.15.233.149','Mozilla/5.0 (Windows NT 5.1; rv:43.0) Gecko/20100101 Firefox/43.0','http://www.cefc.asso.fr/index.php?option=com_user&task=register','',0),(3185,0,'2017-01-16 09:29:38','199.15.233.152','Mozilla/5.0 (Windows NT 6.3; WOW64) AppleWebKit/537.36 (KHTML, like Gecko) Chrome/48.0.2564.109 Safa','http://www.cefc.asso.fr/index.php?option=com_user&task=register','',0),(3186,0,'2017-01-16 11:13:01','199.15.233.150','Mozilla/5.0 (Windows NT 10.0; WOW64) AppleWebKit/537.36 (KHTML, like Gecko) Chrome/47.0.2526.111 Saf','http://www.cefc.asso.fr/index.php?option=com_user&task=register','',0),(3187,0,'2017-01-16 13:17:03','199.15.233.150','Mozilla/5.0 (Windows NT 6.1) AppleWebKit/537.36 (KHTML, like Gecko) Chrome/47.0.2526.111 Safari/537.','http://www.cefc.asso.fr/index.php?option=com_user&task=register','',0),(3188,0,'2017-01-16 18:04:20','199.15.233.151','Mozilla/5.0 (Windows NT 6.1; rv:43.0) Gecko/20100101 Firefox/43.0','http://www.cefc.asso.fr/index.php?option=com_user&task=register','',0),(3189,0,'2017-01-17 00:20:22','199.15.233.154','Mozilla/5.0 (Windows NT 6.1; WOW64) AppleWebKit/537.36 (KHTML, like Gecko) Chrome/48.0.2564.82 Safar','http://www.cefc.asso.fr/index.php?option=com_user&task=register','',0),(3190,0,'2017-01-17 06:33:45','199.15.233.154','Mozilla/5.0 (Windows NT 6.1; WOW64) AppleWebKit/537.36 (KHTML, like Gecko) Chrome/47.0.2526.111 Safa','http://www.cefc.asso.fr/index.php?option=com_user&task=register','',0),(3191,1,'2017-01-17 22:16:48','37.115.187.92','Mozilla/5.0 (Windows NT 6.1; WOW64) AppleWebKit/537.36 (KHTML, like Gecko) Chrome/48.0.2564.116 Safa','http://www.cefc.asso.fr/index.php?option=com_user&task=register','',0),(3192,0,'2017-01-18 02:03:57','46.175.254.19','Mozilla/5.0 (Windows NT 10.0; WOW64) AppleWebKit/537.36 (KHTML, like Gecko) Chrome/48.0.2564.97 Safa','http://www.cefc.asso.fr/index.php?option=com_user&task=register','',0),(3193,1,'2017-01-18 19:30:40','195.238.108.114','Mozilla/5.0 (Windows NT 6.1; WOW64) AppleWebKit/537.36 (KHTML, like Gecko) Chrome/48.0.2564.109 Safa','http://www.cefc.asso.fr/index.php?option=com_user&task=register','',0),(3194,1,'2017-01-18 23:42:00','212.109.201.73','Mozilla/5.0 (Windows NT 6.3; WOW64; rv:40.0) Gecko/20100101 Firefox/40.0','http://www.cefc.asso.fr/index.php?option=com_user&task=register','',0),(3195,0,'2017-01-19 10:21:32','89.218.186.82','Mozilla/5.0 (Windows NT 6.1; WOW64; rv:43.0) Gecko/20100101 Firefox/43.0','http://www.cefc.asso.fr/index.php?option=com_user&task=register','',0),(3196,0,'2017-01-19 19:50:38','199.15.233.151','Mozilla/5.0 (Windows NT 6.1) AppleWebKit/537.36 (KHTML, like Gecko) Chrome/48.0.2564.109 Safari/537.','http://www.cefc.asso.fr/index.php?option=com_user&task=register','',0),(3197,0,'2017-01-19 22:43:35','199.15.233.152','Mozilla/5.0 (Windows NT 6.1; WOW64) AppleWebKit/537.36 (KHTML, like Gecko) Chrome/48.0.2564.116 Safa','http://www.cefc.asso.fr/index.php?option=com_user&task=register','',0),(3198,0,'2017-01-20 15:34:43','199.15.233.149','Mozilla/5.0 (Windows NT 6.1; WOW64) AppleWebKit/537.36 (KHTML, like Gecko) Chrome/47.0.2526.111 YaBr','http://www.cefc.asso.fr/index.php?option=com_user&task=register','',0),(3199,0,'2017-01-20 17:17:02','109.126.215.244','Mozilla/5.0 (Windows NT 6.1; WOW64) AppleWebKit/537.36 (KHTML, like Gecko) Chrome/48.0.2564.103 Safa','http://www.cefc.asso.fr/index.php?option=com_user&task=register','',0),(3200,0,'2017-01-20 17:24:44','199.15.233.154','Mozilla/5.0 (Windows NT 6.1; WOW64) AppleWebKit/537.36 (KHTML, like Gecko) Chrome/47.0.2526.111 YaBr','http://www.cefc.asso.fr/index.php?option=com_user&task=register','',0),(3201,0,'2017-01-20 20:20:25','199.15.233.153','Mozilla/5.0 (Windows NT 6.1; WOW64) AppleWebKit/537.36 (KHTML, like Gecko) Chrome/47.0.2526.111 YaBr','http://www.cefc.asso.fr/index.php?option=com_user&task=register','',0),(3202,0,'2017-01-20 21:07:10','199.15.233.153','Mozilla/5.0 (Windows NT 6.1; WOW64) AppleWebKit/537.36 (KHTML, like Gecko) Chrome/46.0.2490.86 YaBro','http://www.cefc.asso.fr/index.php?option=com_user&task=register','',0),(3203,1,'2017-01-22 12:52:37','89.218.186.82','Mozilla/5.0 (Windows NT 6.1; WOW64; rv:43.0) Gecko/20100101 Firefox/43.0','http://www.cefc.asso.fr/index.php?option=com_user&task=register','',0),(3204,1,'2017-01-22 23:24:32','89.218.186.82','Mozilla/5.0 (Windows NT 6.1; WOW64; rv:44.0) Gecko/20100101 Firefox/44.0','http://www.cefc.asso.fr/index.php?option=com_user&task=register','',0),(3205,1,'2017-01-23 02:30:23','195.182.94.10','Mozilla/5.0 (Windows NT 6.1; WOW64) AppleWebKit/537.36 (KHTML, like Gecko) Chrome/47.0.2526.111 YaBr','http://www.cefc.asso.fr/index.php?option=com_user&task=register','',0),(3206,0,'2017-01-23 05:51:44','89.218.186.82','Mozilla/5.0 (Windows NT 6.1; WOW64) AppleWebKit/537.36 (KHTML, like Gecko) Chrome/47.0.2526.111 YaBr','http://www.cefc.asso.fr/index.php?option=com_user&task=register','',0),(3207,1,'2017-01-25 12:18:50','83.194.63.106','Mozilla/5.0 (Windows NT 10.0; WOW64; rv:50.0) Gecko/20100101 Firefox/50.0','http://www.cefc.asso.fr/index.php?option=com_contact&view=contact&id=1:stephane-domas&catid=12:conta','',0),(3208,1,'2017-05-16 21:50:29','91.68.221.53','Mozilla/5.0 (Windows NT 6.1; WOW64; rv:53.0) Gecko/20100101 Firefox/53.0','http://www.cefc.asso.fr/index.php?option=com_contact&view=contact&id=1:stephane-domas&catid=12:conta','',0),(3209,1,'2017-06-06 18:44:28','78.251.121.45','Mozilla/5.0 (Windows NT 10.0; Win64; x64) AppleWebKit/537.36 (KHTML, like Gecko) Chrome/58.0.3029.11','http://www.cefc.asso.fr/index.php?option=com_contact&view=contact&id=1:stephane-domas&catid=12:conta','',0),(3210,0,'2017-07-10 10:34:15','86.204.5.158','Mozilla/5.0 (Windows NT 6.0; rv:52.0) Gecko/20100101 Firefox/52.0','http://www.cefc.asso.fr/index.php?option=com_contact&view=contact&id=1:stephane-domas&catid=12:conta','',0),(3211,0,'2017-07-10 10:34:29','86.204.5.158','Mozilla/5.0 (Windows NT 6.0; rv:52.0) Gecko/20100101 Firefox/52.0','http://www.cefc.asso.fr/index.php?option=com_contact&view=contact&id=1:stephane-domas&catid=12:conta','',0),(3212,1,'2017-07-10 10:35:02','86.204.5.158','Mozilla/5.0 (Windows NT 6.0; rv:52.0) Gecko/20100101 Firefox/52.0','http://www.cefc.asso.fr/index.php?option=com_contact','',0),(3213,1,'2017-09-05 11:18:18','145.226.30.83','Mozilla/5.0 (Windows NT 6.3; Win64; x64) AppleWebKit/537.36 (KHTML, like Gecko) Chrome/55.0.2883.87 ','http://www.cefc.asso.fr/index.php?option=com_contact&view=contact&id=1:stephane-domas&catid=12:conta','',0),(3214,1,'2017-11-01 10:22:47','79.43.133.231','Mozilla/5.0 (Windows NT 6.1; Win64; x64) AppleWebKit/537.36 (KHTML, like Gecko) Chrome/61.0.3163.100','http://www.cefc.asso.fr/index.php?option=com_contact&view=contact&id=1:stephane-domas&catid=12:conta','',0),(3215,1,'2017-11-01 10:24:55','79.43.133.231','Mozilla/5.0 (Windows NT 6.1; Win64; x64) AppleWebKit/537.36 (KHTML, like Gecko) Chrome/61.0.3163.100','http://www.cefc.asso.fr/index.php?option=com_contact&view=contact&id=3:vincent-munier&catid=12:conta','',0),(3216,1,'2018-01-23 16:56:01','109.217.216.242','Mozilla/5.0 (Windows NT 10.0; Win64; x64; rv:45.0) Gecko/20100101 Firefox/45.0','http://www.cefc.asso.fr/index.php?option=com_contact&view=contact&id=1:stephane-domas&catid=12:conta','',0);

--
-- Table structure for table `jos_session`
--

CREATE TABLE `jos_session` (
  `username` varchar(150) DEFAULT '',
  `time` varchar(14) DEFAULT '',
  `session_id` varchar(200) NOT NULL DEFAULT '0',
  `guest` tinyint(4) DEFAULT '1',
  `userid` int(11) DEFAULT '0',
  `usertype` varchar(50) DEFAULT '',
  `gid` tinyint(3) unsigned NOT NULL DEFAULT '0',
  `client_id` tinyint(3) unsigned NOT NULL DEFAULT '0',
  `data` longtext,
  PRIMARY KEY (`session_id`(64)),
  KEY `whosonline` (`guest`,`usertype`),
  KEY `userid` (`userid`),
  KEY `time` (`time`)
) ENGINE=MyISAM DEFAULT CHARSET=utf8;

--
-- Dumping data for table `jos_session`
--

INSERT INTO `jos_session` VALUES ('','1528198777','86c53ea2d24e1c923e1661b412d33f47',1,0,'',0,0,'__default|a:9:{s:15:\"session.counter\";i:1;s:19:\"session.timer.start\";i:1528198777;s:18:\"session.timer.last\";i:1528198777;s:17:\"session.timer.now\";i:1528198777;s:24:\"session.client.forwarded\";s:11:\"54.36.148.3\";s:22:\"session.client.browser\";s:66:\"Mozilla/5.0 (compatible; AhrefsBot/5.2; +http://ahrefs.com/robot/)\";s:8:\"registry\";O:9:\"JRegistry\":3:{s:17:\"_defaultNameSpace\";s:7:\"session\";s:9:\"_registry\";a:1:{s:7:\"session\";a:1:{s:4:\"data\";O:8:\"stdClass\":0:{}}}s:7:\"_errors\";a:0:{}}s:4:\"user\";O:5:\"JUser\":19:{s:2:\"id\";i:0;s:4:\"name\";N;s:8:\"username\";N;s:5:\"email\";N;s:8:\"password\";N;s:14:\"password_clear\";s:0:\"\";s:8:\"usertype\";s:15:\"Public Frontend\";s:5:\"block\";N;s:9:\"sendEmail\";i:0;s:3:\"gid\";i:0;s:12:\"registerDate\";N;s:13:\"lastvisitDate\";N;s:10:\"activation\";N;s:6:\"params\";N;s:3:\"aid\";i:0;s:5:\"guest\";i:1;s:7:\"_params\";O:10:\"JParameter\":7:{s:4:\"_raw\";s:0:\"\";s:4:\"_xml\";N;s:9:\"_elements\";a:0:{}s:12:\"_elementPath\";a:1:{i:0;s:58:\"/home/cefcbzup/www/libraries/joomla/html/parameter/element\";}s:17:\"_defaultNameSpace\";s:8:\"_default\";s:9:\"_registry\";a:1:{s:8:\"_default\";a:1:{s:4:\"data\";O:8:\"stdClass\":0:{}}}s:7:\"_errors\";a:0:{}}s:9:\"_errorMsg\";N;s:7:\"_errors\";a:0:{}}s:13:\"session.token\";s:32:\"377fe91d3d35d8ccd7b0c513728f46f1\";}'),('','1528198595','21e4fbdc643d41675fa69a94276a1ae3',1,0,'',0,0,'__default|a:9:{s:15:\"session.counter\";i:1;s:19:\"session.timer.start\";i:1528198595;s:18:\"session.timer.last\";i:1528198595;s:17:\"session.timer.now\";i:1528198595;s:24:\"session.client.forwarded\";s:11:\"54.36.148.8\";s:22:\"session.client.browser\";s:66:\"Mozilla/5.0 (compatible; AhrefsBot/5.2; +http://ahrefs.com/robot/)\";s:8:\"registry\";O:9:\"JRegistry\":3:{s:17:\"_defaultNameSpace\";s:7:\"session\";s:9:\"_registry\";a:1:{s:7:\"session\";a:1:{s:4:\"data\";O:8:\"stdClass\":0:{}}}s:7:\"_errors\";a:0:{}}s:4:\"user\";O:5:\"JUser\":19:{s:2:\"id\";i:0;s:4:\"name\";N;s:8:\"username\";N;s:5:\"email\";N;s:8:\"password\";N;s:14:\"password_clear\";s:0:\"\";s:8:\"usertype\";s:15:\"Public Frontend\";s:5:\"block\";N;s:9:\"sendEmail\";i:0;s:3:\"gid\";i:0;s:12:\"registerDate\";N;s:13:\"lastvisitDate\";N;s:10:\"activation\";N;s:6:\"params\";N;s:3:\"aid\";i:0;s:5:\"guest\";i:1;s:7:\"_params\";O:10:\"JParameter\":7:{s:4:\"_raw\";s:0:\"\";s:4:\"_xml\";N;s:9:\"_elements\";a:0:{}s:12:\"_elementPath\";a:1:{i:0;s:58:\"/home/cefcbzup/www/libraries/joomla/html/parameter/element\";}s:17:\"_defaultNameSpace\";s:8:\"_default\";s:9:\"_registry\";a:1:{s:8:\"_default\";a:1:{s:4:\"data\";O:8:\"stdClass\":0:{}}}s:7:\"_errors\";a:0:{}}s:9:\"_errorMsg\";N;s:7:\"_errors\";a:0:{}}s:13:\"session.token\";s:32:\"29512291c61edf9723a40010a7c8946a\";}'),('','1528199183','94e26a46c0b66a21ca9bdf3598c32743',1,0,'',0,0,'__default|a:9:{s:15:\"session.counter\";i:1;s:19:\"session.timer.start\";i:1528199183;s:18:\"session.timer.last\";i:1528199183;s:17:\"session.timer.now\";i:1528199183;s:24:\"session.client.forwarded\";s:11:\"54.36.148.4\";s:22:\"session.client.browser\";s:66:\"Mozilla/5.0 (compatible; AhrefsBot/5.2; +http://ahrefs.com/robot/)\";s:8:\"registry\";O:9:\"JRegistry\":3:{s:17:\"_defaultNameSpace\";s:7:\"session\";s:9:\"_registry\";a:1:{s:7:\"session\";a:1:{s:4:\"data\";O:8:\"stdClass\":0:{}}}s:7:\"_errors\";a:0:{}}s:4:\"user\";O:5:\"JUser\":19:{s:2:\"id\";i:0;s:4:\"name\";N;s:8:\"username\";N;s:5:\"email\";N;s:8:\"password\";N;s:14:\"password_clear\";s:0:\"\";s:8:\"usertype\";s:15:\"Public Frontend\";s:5:\"block\";N;s:9:\"sendEmail\";i:0;s:3:\"gid\";i:0;s:12:\"registerDate\";N;s:13:\"lastvisitDate\";N;s:10:\"activation\";N;s:6:\"params\";N;s:3:\"aid\";i:0;s:5:\"guest\";i:1;s:7:\"_params\";O:10:\"JParameter\":7:{s:4:\"_raw\";s:0:\"\";s:4:\"_xml\";N;s:9:\"_elements\";a:0:{}s:12:\"_elementPath\";a:1:{i:0;s:58:\"/home/cefcbzup/www/libraries/joomla/html/parameter/element\";}s:17:\"_defaultNameSpace\";s:8:\"_default\";s:9:\"_registry\";a:1:{s:8:\"_default\";a:1:{s:4:\"data\";O:8:\"stdClass\":0:{}}}s:7:\"_errors\";a:0:{}}s:9:\"_errorMsg\";N;s:7:\"_errors\";a:0:{}}s:13:\"session.token\";s:32:\"1ea1d5e07f96c27e1d9562f5af4a2a30\";}'),('','1528198495','bbc1d9c60fdd00c8f488f45fda92e0e0',1,0,'',0,0,'__default|a:9:{s:15:\"session.counter\";i:1;s:19:\"session.timer.start\";i:1528198495;s:18:\"session.timer.last\";i:1528198495;s:17:\"session.timer.now\";i:1528198495;s:24:\"session.client.forwarded\";s:13:\"66.249.64.156\";s:22:\"session.client.browser\";s:198:\"Mozilla/5.0 (Linux; Android 6.0.1; Nexus 5X Build/MMB29P) AppleWebKit/537.36 (KHTML, like Gecko) Chrome/41.0.2272.96 Mobile Safari/537.36 (compatible; Googlebot/2.1; +http://www.google.com/bot.html)\";s:8:\"registry\";O:9:\"JRegistry\":3:{s:17:\"_defaultNameSpace\";s:7:\"session\";s:9:\"_registry\";a:1:{s:7:\"session\";a:1:{s:4:\"data\";O:8:\"stdClass\":0:{}}}s:7:\"_errors\";a:0:{}}s:4:\"user\";O:5:\"JUser\":19:{s:2:\"id\";i:0;s:4:\"name\";N;s:8:\"username\";N;s:5:\"email\";N;s:8:\"password\";N;s:14:\"password_clear\";s:0:\"\";s:8:\"usertype\";s:15:\"Public Frontend\";s:5:\"block\";N;s:9:\"sendEmail\";i:0;s:3:\"gid\";i:0;s:12:\"registerDate\";N;s:13:\"lastvisitDate\";N;s:10:\"activation\";N;s:6:\"params\";N;s:3:\"aid\";i:0;s:5:\"guest\";i:1;s:7:\"_params\";O:10:\"JParameter\":7:{s:4:\"_raw\";s:0:\"\";s:4:\"_xml\";N;s:9:\"_elements\";a:0:{}s:12:\"_elementPath\";a:1:{i:0;s:58:\"/home/cefcbzup/www/libraries/joomla/html/parameter/element\";}s:17:\"_defaultNameSpace\";s:8:\"_default\";s:9:\"_registry\";a:1:{s:8:\"_default\";a:1:{s:4:\"data\";O:8:\"stdClass\":0:{}}}s:7:\"_errors\";a:0:{}}s:9:\"_errorMsg\";N;s:7:\"_errors\";a:0:{}}s:13:\"session.token\";s:32:\"7602958568b46fbd901ee020bd72d016\";}'),('','1528198631','9af1739a6252c2c26bb8803dff2c06d8',1,0,'',0,0,'__default|a:9:{s:15:\"session.counter\";i:1;s:19:\"session.timer.start\";i:1528198631;s:18:\"session.timer.last\";i:1528198631;s:17:\"session.timer.now\";i:1528198631;s:24:\"session.client.forwarded\";s:12:\"51.255.95.87\";s:22:\"session.client.browser\";s:104:\"Mozilla/5.0 (X11; Linux x86_64) AppleWebKit/537.36 (KHTML, like Gecko) Chrome/67.0.3396.62 Safari/537.36\";s:8:\"registry\";O:9:\"JRegistry\":3:{s:17:\"_defaultNameSpace\";s:7:\"session\";s:9:\"_registry\";a:1:{s:7:\"session\";a:1:{s:4:\"data\";O:8:\"stdClass\":0:{}}}s:7:\"_errors\";a:0:{}}s:4:\"user\";O:5:\"JUser\":19:{s:2:\"id\";i:0;s:4:\"name\";N;s:8:\"username\";N;s:5:\"email\";N;s:8:\"password\";N;s:14:\"password_clear\";s:0:\"\";s:8:\"usertype\";s:15:\"Public Frontend\";s:5:\"block\";N;s:9:\"sendEmail\";i:0;s:3:\"gid\";i:0;s:12:\"registerDate\";N;s:13:\"lastvisitDate\";N;s:10:\"activation\";N;s:6:\"params\";N;s:3:\"aid\";i:0;s:5:\"guest\";i:1;s:7:\"_params\";O:10:\"JParameter\":7:{s:4:\"_raw\";s:0:\"\";s:4:\"_xml\";N;s:9:\"_elements\";a:0:{}s:12:\"_elementPath\";a:1:{i:0;s:58:\"/home/cefcbzup/www/libraries/joomla/html/parameter/element\";}s:17:\"_defaultNameSpace\";s:8:\"_default\";s:9:\"_registry\";a:1:{s:8:\"_default\";a:1:{s:4:\"data\";O:8:\"stdClass\":0:{}}}s:7:\"_errors\";a:0:{}}s:9:\"_errorMsg\";N;s:7:\"_errors\";a:0:{}}s:13:\"session.token\";s:32:\"85d5407c6aaad4da989730403b94f249\";}'),('','1528198410','670168fde9a8eef429a45c7253a4afdc',1,0,'',0,0,'__default|a:9:{s:15:\"session.counter\";i:1;s:19:\"session.timer.start\";i:1528198410;s:18:\"session.timer.last\";i:1528198410;s:17:\"session.timer.now\";i:1528198410;s:24:\"session.client.forwarded\";s:11:\"54.36.148.0\";s:22:\"session.client.browser\";s:66:\"Mozilla/5.0 (compatible; AhrefsBot/5.2; +http://ahrefs.com/robot/)\";s:8:\"registry\";O:9:\"JRegistry\":3:{s:17:\"_defaultNameSpace\";s:7:\"session\";s:9:\"_registry\";a:1:{s:7:\"session\";a:1:{s:4:\"data\";O:8:\"stdClass\":0:{}}}s:7:\"_errors\";a:0:{}}s:4:\"user\";O:5:\"JUser\":19:{s:2:\"id\";i:0;s:4:\"name\";N;s:8:\"username\";N;s:5:\"email\";N;s:8:\"password\";N;s:14:\"password_clear\";s:0:\"\";s:8:\"usertype\";s:15:\"Public Frontend\";s:5:\"block\";N;s:9:\"sendEmail\";i:0;s:3:\"gid\";i:0;s:12:\"registerDate\";N;s:13:\"lastvisitDate\";N;s:10:\"activation\";N;s:6:\"params\";N;s:3:\"aid\";i:0;s:5:\"guest\";i:1;s:7:\"_params\";O:10:\"JParameter\":7:{s:4:\"_raw\";s:0:\"\";s:4:\"_xml\";N;s:9:\"_elements\";a:0:{}s:12:\"_elementPath\";a:1:{i:0;s:58:\"/home/cefcbzup/www/libraries/joomla/html/parameter/element\";}s:17:\"_defaultNameSpace\";s:8:\"_default\";s:9:\"_registry\";a:1:{s:8:\"_default\";a:1:{s:4:\"data\";O:8:\"stdClass\":0:{}}}s:7:\"_errors\";a:0:{}}s:9:\"_errorMsg\";N;s:7:\"_errors\";a:0:{}}s:13:\"session.token\";s:32:\"71a4954cde06ee95737fcb092a38f6f1\";}'),('','1528199001','12fe62a7ac9765a180d7865cc23e9023',1,0,'',0,0,'__default|a:9:{s:15:\"session.counter\";i:1;s:19:\"session.timer.start\";i:1528199001;s:18:\"session.timer.last\";i:1528199001;s:17:\"session.timer.now\";i:1528199001;s:24:\"session.client.forwarded\";s:11:\"54.36.148.7\";s:22:\"session.client.browser\";s:66:\"Mozilla/5.0 (compatible; AhrefsBot/5.2; +http://ahrefs.com/robot/)\";s:8:\"registry\";O:9:\"JRegistry\":3:{s:17:\"_defaultNameSpace\";s:7:\"session\";s:9:\"_registry\";a:1:{s:7:\"session\";a:1:{s:4:\"data\";O:8:\"stdClass\":0:{}}}s:7:\"_errors\";a:0:{}}s:4:\"user\";O:5:\"JUser\":19:{s:2:\"id\";i:0;s:4:\"name\";N;s:8:\"username\";N;s:5:\"email\";N;s:8:\"password\";N;s:14:\"password_clear\";s:0:\"\";s:8:\"usertype\";s:15:\"Public Frontend\";s:5:\"block\";N;s:9:\"sendEmail\";i:0;s:3:\"gid\";i:0;s:12:\"registerDate\";N;s:13:\"lastvisitDate\";N;s:10:\"activation\";N;s:6:\"params\";N;s:3:\"aid\";i:0;s:5:\"guest\";i:1;s:7:\"_params\";O:10:\"JParameter\":7:{s:4:\"_raw\";s:0:\"\";s:4:\"_xml\";N;s:9:\"_elements\";a:0:{}s:12:\"_elementPath\";a:1:{i:0;s:58:\"/home/cefcbzup/www/libraries/joomla/html/parameter/element\";}s:17:\"_defaultNameSpace\";s:8:\"_default\";s:9:\"_registry\";a:1:{s:8:\"_default\";a:1:{s:4:\"data\";O:8:\"stdClass\":0:{}}}s:7:\"_errors\";a:0:{}}s:9:\"_errorMsg\";N;s:7:\"_errors\";a:0:{}}s:13:\"session.token\";s:32:\"013eb5ebc9d435af88413d6f07c46139\";}');

--
-- Table structure for table `jos_sh404SEF_meta`
--

CREATE TABLE `jos_sh404SEF_meta` (
  `id` int(11) NOT NULL AUTO_INCREMENT,
  `newurl` varchar(255) NOT NULL DEFAULT '',
  `metadesc` varchar(255) DEFAULT '',
  `metakey` varchar(255) DEFAULT '',
  `metatitle` varchar(255) DEFAULT '',
  `metalang` varchar(30) DEFAULT '',
  `metarobots` varchar(30) DEFAULT '',
  PRIMARY KEY (`id`),
  KEY `newurl` (`newurl`)
) ENGINE=MyISAM DEFAULT CHARSET=utf8;

--
-- Dumping data for table `jos_sh404SEF_meta`
--


--
-- Table structure for table `jos_sh404sef_aliases`
--

CREATE TABLE `jos_sh404sef_aliases` (
  `id` int(11) NOT NULL AUTO_INCREMENT,
  `newurl` varchar(255) NOT NULL DEFAULT '',
  `alias` varchar(255) NOT NULL DEFAULT '',
  PRIMARY KEY (`id`),
  KEY `newurl` (`newurl`),
  KEY `alias` (`alias`)
) ENGINE=MyISAM DEFAULT CHARSET=utf8;

--
-- Dumping data for table `jos_sh404sef_aliases`
--


--
-- Table structure for table `jos_simpledownload_hits`
--

CREATE TABLE `jos_simpledownload_hits` (
  `id` int(11) unsigned NOT NULL AUTO_INCREMENT,
  `fileid` varchar(255) NOT NULL DEFAULT '',
  `referrer` varchar(255) NOT NULL DEFAULT '',
  `filepath` varchar(255) NOT NULL DEFAULT '',
  `downloadstatus` varchar(100) NOT NULL DEFAULT '',
  `userid` int(11) unsigned NOT NULL DEFAULT '0',
  `name` varchar(255) NOT NULL DEFAULT '',
  `username` varchar(255) NOT NULL DEFAULT '',
  `ip` varchar(15) NOT NULL DEFAULT '',
  `hit_date` datetime NOT NULL DEFAULT '0000-00-00 00:00:00',
  PRIMARY KEY (`id`),
  KEY `idx_fileid` (`fileid`),
  KEY `idx_referrer` (`referrer`),
  KEY `idx_filepath` (`filepath`),
  KEY `idx_downloadstatus` (`downloadstatus`),
  KEY `idx_userid` (`userid`),
  KEY `idx_name` (`name`),
  KEY `idx_username` (`username`),
  KEY `idx_ip` (`ip`),
  KEY `idx_hit_date` (`hit_date`)
) ENGINE=MyISAM AUTO_INCREMENT=26 DEFAULT CHARSET=utf8;

--
-- Dumping data for table `jos_simpledownload_hits`
--


--
-- Table structure for table `jos_stats_agents`
--

CREATE TABLE `jos_stats_agents` (
  `agent` varchar(255) NOT NULL DEFAULT '',
  `type` tinyint(1) unsigned NOT NULL DEFAULT '0',
  `hits` int(11) unsigned NOT NULL DEFAULT '1'
) ENGINE=MyISAM DEFAULT CHARSET=utf8;

--
-- Dumping data for table `jos_stats_agents`
--


--
-- Table structure for table `jos_templates_menu`
--

CREATE TABLE `jos_templates_menu` (
  `template` varchar(255) NOT NULL DEFAULT '',
  `menuid` int(11) NOT NULL DEFAULT '0',
  `client_id` tinyint(4) NOT NULL DEFAULT '0',
  PRIMARY KEY (`menuid`,`client_id`,`template`)
) ENGINE=MyISAM DEFAULT CHARSET=utf8;

--
-- Dumping data for table `jos_templates_menu`
--

INSERT INTO `jos_templates_menu` VALUES ('medieval_tpl',0,0),('joomla_admin',0,1);

--
-- Table structure for table `jos_users`
--

CREATE TABLE `jos_users` (
  `id` int(11) NOT NULL AUTO_INCREMENT,
  `name` varchar(255) NOT NULL DEFAULT '',
  `username` varchar(150) NOT NULL DEFAULT '',
  `email` varchar(100) NOT NULL DEFAULT '',
  `password` varchar(100) NOT NULL DEFAULT '',
  `usertype` varchar(25) NOT NULL DEFAULT '',
  `block` tinyint(4) NOT NULL DEFAULT '0',
  `sendEmail` tinyint(4) DEFAULT '0',
  `gid` tinyint(3) unsigned NOT NULL DEFAULT '1',
  `registerDate` datetime NOT NULL DEFAULT '0000-00-00 00:00:00',
  `lastvisitDate` datetime NOT NULL DEFAULT '0000-00-00 00:00:00',
  `activation` varchar(100) NOT NULL DEFAULT '',
  `params` text NOT NULL,
  PRIMARY KEY (`id`),
  KEY `usertype` (`usertype`),
  KEY `idx_name` (`name`),
  KEY `gid_block` (`gid`,`block`),
  KEY `username` (`username`),
  KEY `email` (`email`)
) ENGINE=MyISAM AUTO_INCREMENT=409 DEFAULT CHARSET=utf8;

--
-- Dumping data for table `jos_users`
--

INSERT INTO `jos_users` VALUES (62,'Administrator','admin','webmaster@cefc.asso.fr','db460f8e6e8912a39113a3511cea8796:E42bhHxM8lMnDHXW4rbEFeqDKogfkWJh','Super Administrator',0,1,25,'2007-06-09 19:48:50','2016-07-21 08:33:22','','expired=\nexpired_time=\nadmin_language=\nlanguage=\neditor=\nhelpsite=\ntimezone=0\n\n'),(71,'Raphaël Zerr','Hellbor','hellbor@yahoo.fr','16f9c83b356270e7267b9237b8e26e18:UfsVFchqmtFYwOi0Wd5d4FT7pR5Vbg6I','Manager',0,0,23,'2008-01-22 15:17:12','2013-05-30 08:54:35','','editor=jce\nadmin_language=fr-FR\nlanguage=fr-FR\nhelpsite=\ntimezone=1\npage_title=Modifiez vos paramètres\nshow_page_title=1\n\n'),(72,'Jocelyn Thiery','Chocozouf','chocozouf@gmail.com','8af2e6539279f72a371b6ed2b9cea29b:K3ScZu7ii47Jy9AD','membres CEFC',0,0,31,'2008-01-27 21:34:02','2016-04-11 12:16:39','','page_title=Modifiez vos coordonnées\nshow_page_title=1\nlanguage=fr-FR\ntimezone=1\nadmin_language=\neditor=\nhelpsite=\n\n'),(67,'Vincent','Vincent','vincent.munier68@gmail.com','e5ef077c320104fe1ed79880fae44312:EnK2QEPlNmEtnpEuQVlPaT9sqt1z6qFk','Super Administrator',0,0,25,'2008-01-16 20:24:44','2015-11-17 06:43:54','','editor=jce\nexpired=\nexpired_time=\nadmin_language=fr-FR\nlanguage=fr-FR\nhelpsite=\ntimezone=1\n\n'),(65,'Hervald','hervald','hervald@cefc.asso.fr','db460f8e6e8912a39113a3511cea8796:E42bhHxM8lMnDHXW4rbEFeqDKogfkWJh','Super Administrator',0,0,25,'2007-06-14 11:21:32','2017-09-03 16:38:50','b4aba7e8823a4de773c58442e38c6d28:$1$ca6f3be6$','editor=jce\nexpired=\nexpired_time=\nadmin_language=fr-FR\nlanguage=fr-FR\nhelpsite=http://help.joomla.org\ntimezone=1\n\n'),(74,'Alban Caseiro','Alban','flinds@evhr.net','7a900b88ba0398cae83f6a8a1f8e8c39:vCwgyTUfZak5KXgr','membres CEFC',0,0,31,'2008-05-02 22:59:18','2011-06-20 20:56:47','c44bab9667851eee15babc35b983859d','admin_language=\nlanguage=\neditor=\nhelpsite=\ntimezone=0\n\n'),(76,'Cédric Grebenieff','Highglander','grebenieff@gmail.com','dd5e642ffc8bce5aabd9baee75da23b4:NQP2S2LfbaEOnovakZqW0nHUYf0UWbOo','membres CEFC',0,0,31,'2008-05-03 09:44:41','2015-05-29 14:22:33','','page_title=Modifiez vos coordonnées\nshow_page_title=1\nlanguage=fr-FR\ntimezone=0\nadmin_language=\neditor=\nhelpsite=\n\n'),(80,'Schneider','Mathieu','hargomis@hotmail.com','c0a6c882203fdf2006ccae3e51c320d4:NbqxkNOlgXpHFtGk','membres CEFC',0,0,31,'2008-05-06 10:52:43','2011-06-20 18:32:05','','language=fr-FR\ntimezone=1\n\n'),(144,'Argan Dubois','argan','plusdethunes@yahoo.fr','fef1f74c783a288b6ad022d3bebee058:7Be82nUiUgBDNUlAb2UoIvlFRqPGaCul','membres CEFC',0,0,31,'2008-08-13 20:53:17','2013-04-10 08:50:09','','admin_language=fr-FR\nlanguage=fr-FR\neditor=jce\nhelpsite=\ntimezone=1\n\n'),(93,'Lise Colin','Lise','lise_colin@orange.fr','3be4b3717ac6e992d4ca1d106a50ba40:W39RLX32qhlCa7zO','membres CEFC',0,0,31,'2008-05-14 20:08:13','2013-05-01 21:08:56','','language=fr-FR\ntimezone=1\nadmin_language=\neditor=\nhelpsite=\n\n'),(92,'Matthieu Neff','Matt','voila_un_pseudo_facile_a_retenir@hotmail.com','a070cad730442f70d7e44e957434ee74:kp1Lx5D7ySOTml82','membres CEFC',0,0,31,'2008-05-14 18:57:50','2010-01-10 22:03:02','','editor=jce\nadmin_language=fr-FR\nlanguage=fr-FR\nhelpsite=\ntimezone=0\n\n'),(94,'Sébastien Roux','Seb','sebast.roux@gmail.com','858fe812cc99204342b339cd2cde4fe5:FQxWSs9tdqL115jD','membres CEFC',0,0,31,'2008-05-14 22:47:58','2012-05-11 16:10:27','16f300bd905e8dce95b26919737ffc6b','admin_language=fr-FR\nlanguage=fr-FR\neditor=jce\nhelpsite=\ntimezone=1\n\n'),(88,'Cécile','Cécile','cdhuez@gmail.com','0c138921667a26a8036f54ff5778590f:Ew4wEzcq55gAwgtOXAYMvzqxuCSefgXZ','Registered',0,0,18,'2008-05-13 02:38:47','2010-11-01 15:11:45','','editor=\nadmin_language=\nlanguage=\nhelpsite=\ntimezone=0\n\n'),(90,'Olivier BASTIEN','0livier','bastien.olivier@wanadoo.fr','8209e3b5ca8c7975cde490f02d8e0fca:q1V9EdQKFeay7B9b','membres CEFC',0,0,31,'2008-05-13 13:15:33','2009-04-23 10:22:28','','admin_language=fr-FR\nlanguage=fr-FR\neditor=jce\nhelpsite=\ntimezone=1\n\n'),(122,'Barbara Enderlen','Barbe','barba_de@hotmail.com','fc8fd3349537a10dddf7a2562f40912d:CxhaqxB5JujrmgtQ','membres CEFC',0,0,31,'2008-06-16 14:46:55','0000-00-00 00:00:00','bdcff784db041992dcbc6e7611be8d4b','admin_language=\nlanguage=\neditor=\nhelpsite=\ntimezone=0\n\n'),(141,'ysobel','ysobel','ysobelv@yahoo.fr','b96fc251da6eb3c147274897805a0741:Yhgwl4YkmAa5hAye','',0,0,18,'2008-08-04 12:59:07','2008-12-23 11:35:06','fb3ee1cced27e000de0b9dc1f4913ac2',''),(389,'Sophie Brugnoni','sbrugnoni','veklanesh@gmail.com','0a48443c479ff62fcc42e9c1d9b1f08d:vh86cDCDWSr1DyV8masg0NOieF1oRxlN','Registered',0,0,18,'2012-11-07 16:49:11','0000-00-00 00:00:00','','admin_language=fr-FR\nlanguage=fr-FR\neditor=jce\nhelpsite=\ntimezone=1\n\n'),(103,'Guise','ChateaufortdeGuise','alexia_leal@hotmail.com','a1316321269ac679631539570b28141c:q6mll2heefFFYB46','',0,0,18,'2008-05-29 21:28:12','2008-06-09 17:33:57','',''),(102,'Gaelle Fantin','gaëlle','gaelle.fantin@gmail.com','b8626dad093f28c90979e0db95a0c937:ikabTxMt9IRYf4hQ','membres CEFC',0,0,31,'2008-05-25 12:06:50','2012-10-16 08:01:12','','admin_language=fr-FR\nlanguage=fr-FR\neditor=jce\nhelpsite=\ntimezone=1\n\n'),(131,'Virginie','Ermine','vchaverot@hotmail.fr','221deb76c6a47e988d410a8aa6a644e4:HKIYeCKBt08Ul65n','',0,0,18,'2008-06-29 09:16:00','2008-07-02 17:12:13','9d8bb9c55e968fa3defccde51835db24',''),(385,'Jessica LONGIN','Jess AJM','jessie.longin@hotmail.fr','d814241408d5a69f5a7cfe009832275e:fEMtwk52Y3YAU1chfCxqkouNosZkBDgk','Registered',0,0,18,'2012-05-12 20:13:56','0000-00-00 00:00:00','7f1bb9130a25fca5655dbe057a9d0425','\n'),(170,'Schubnel','Fanny','fanny.schubnel@laposte.net','9ee916bdf69d17d019bf5c3cbcae604e:LPcBNHn68iLGuDP1','',0,0,18,'2008-09-10 20:32:28','0000-00-00 00:00:00','332cc4a121f05ee85c151a2babaf0357',''),(175,'Pierre-Marie Gruss','pierre-marie','pm.gruss@gmail.com','e09b14e378ff4b8d7cd7d7c51b4af9e6:MxN9AqowCpgeTfKH8QapoDB9BFXeMQFl','membres CEFC',0,0,31,'2008-09-16 15:09:18','2011-10-01 07:03:05','','admin_language=fr-FR\nlanguage=fr-FR\neditor=jce\nhelpsite=\ntimezone=1\n\n'),(201,'Anthony Ragonnet','Fangorn','anthony.ragonnet@orange.fr','8efa54133889b9b8f25d23af60a4edca:sw24OEeYwKfZo2AN','',0,0,18,'2008-10-22 21:09:07','2008-11-17 12:02:48','5873571a0b152e79e03b192102442f0d',''),(323,'mainguy samuel','Thorvald','binairsam@hotmail.fr','4ea4fcf713a6972de7a80626413404fb:TpBfOxziNhHjdeOpJdJ108fN5lzPl1hg','Registered',0,0,18,'2009-03-24 12:42:05','2011-06-21 07:43:48','9081bc1fb1d13d88e10fed8004b9241b','language=fr-FR\ntimezone=1\nadmin_language=\neditor=\nhelpsite=\n\n'),(387,'Dominique Faure','dfaure','dominique.faure@laposte.net','eaf7328a9440023a7915b5d548c44f61:32RowQyhW15b3CMXcsqNoyTIxuuENKw1','Registered',0,0,18,'2012-11-07 16:46:02','0000-00-00 00:00:00','','admin_language=fr-FR\nlanguage=fr-FR\neditor=jce\nhelpsite=\ntimezone=1\n\n'),(356,'Jacques Boillot','jaquelin','jjboillot@orange.fr','2c12152d52c5fb4740f71af96c3422d8:2aGOp6XWTVfWwBvD0LPVDjj0OEEPxpEr','Registered',0,0,18,'2009-11-17 10:32:19','2012-09-07 17:44:14','a426348860a4a43c238418249d3141e6','language=fr-FR\ntimezone=1\nadmin_language=fr-FR\neditor=jce\nhelpsite=\n\n'),(337,'Gaël Coureau','Azulift','azulift@gmail.com','40d4c00cc8658ae793da2efcff25fa62:R0LYB6Li6hhEUAEQqwYFvkrho205l1tM','membres CEFC',0,0,31,'2009-04-17 22:03:35','2013-03-31 11:06:54','553b548d81dd7407ea2f44a8b86dcf44','admin_language=\nlanguage=\neditor=\nhelpsite=\ntimezone=0\n\n'),(341,'fanny Binard','plume','binard.fanny@club-internet.fr','04b96d0dbba61a0ae75fdd3f67019eaa:W788vUz92m2ErdamHX5K3liUUKTnTwk4','',0,0,18,'2009-06-30 15:24:14','2009-06-30 19:42:42','5f769a884eca770ffb7c5b10d2bb2c76','\n'),(342,'Romain Perello','romain','romain.perello@wanadoo.fr','4c6b93ea29d2e155877ae808428b1754:xWkksaoy0CQ6W6I3yX0hmztJzRlNd7ao','membres CEFC',0,0,31,'2009-07-11 08:30:24','2010-04-26 16:40:50','6009c0bfde4ada8794618da126191810','admin_language=\nlanguage=\neditor=\nhelpsite=\ntimezone=1\n\n'),(343,'asbjorn','asbjorn','marienma@0-mail.com','82c49bfa655f7fcdf277ebd4f3ad2bfd:ILqvWR7b7k9jnXHFT6IqB9wpeTwJJNrB','Registered',0,0,18,'2009-08-21 15:56:40','2010-10-01 07:15:03','653a1c282af40e9f8b386a80b6038a34','page_title=Modifiez vos coordonnées\nshow_page_title=1\nlanguage=\ntimezone=1\n\n'),(350,'ERB','Guillaume','guillaumeerb@hotmail.com','d88270483ce1a41be94a4441537b0bd2:lbSozbCYFP3fQ1SmOXHhd63qo0cWLVeI','',0,0,18,'2009-09-01 17:43:50','2009-09-01 17:45:11','','\n'),(351,'Frederic Boillot','Crispin','frederic.boillot@sfr.fr','ff31cfeea2b714b8aa7328b579dccb8b:YPBgZKbj3UNVIw77aw07mDlyvBejzo2x','Registered',0,0,18,'2009-09-08 19:33:47','2011-09-05 07:45:43','','admin_language=fr-FR\nlanguage=fr-FR\neditor=jce\nhelpsite=\ntimezone=1\n\n'),(357,'La doloyre','clement','clement.dury@laposte.net','90732a0094c7ee73995ee7edde1155ba:lnzssUztJCy4jxyJhlmvcvPsVUBD1NbJ','Registered',0,0,18,'2009-11-18 10:40:24','2009-12-01 10:21:03','','page_title=Modifiez vos paramètres\nshow_page_title=1\nlanguage=fr-FR\ntimezone=1\n\n'),(358,'Jeldrick','Jeldrick','nene-dlm@hotmail.fr','6ae138eee2f4f17561336d4232fafa72:RDNU43NG5F36gj4FjMOSobTruCLZddDA','Registered',0,0,18,'2009-11-24 20:07:14','2011-03-02 06:07:11','','\n'),(359,'Aurélien Grateau','aurelien','aurelien.grateau@aliceadsl.fr','0e52f0f4f6168f59492e70670d8facef:RSpmoilKbZ4fToA90wccAp7fXcW08DjF','Registered',0,0,18,'2009-12-09 19:05:50','0000-00-00 00:00:00','','admin_language=fr-FR\nlanguage=fr-FR\neditor=jce\nhelpsite=\ntimezone=1\n\n'),(394,'Johanna Vienot','jvienot','joe2570@laposte.net','e8f9232f692afa9ddd21fcf59c51c169:mkfMrFC0lzy9KLdTPmEgR2wznQpVnFfk','membres CEFC',0,0,31,'2013-10-28 14:33:50','2013-12-09 09:44:06','','admin_language=fr-FR\nlanguage=fr-FR\neditor=jce\nhelpsite=\ntimezone=1\n\n'),(376,'Pierrat Hassoun Simon','Sire Blunt','si.pierrat@laposte.net','92be268898228b0f7d05cde3875105a4:ksRSf1EnFbfQkvdg0bodWavmNgcLnvvC','Registered',0,0,18,'2010-10-14 15:32:48','2010-10-30 18:35:33','','\n'),(362,'Jérémy Sirguey','jsirguey','trandil@hotmail.fr','1b4bbb76b78ac08d6cc8a44e7e4a835b:oZpiwNNZfgPbyqG0Oix0WAwEeM2wKTf1','membres CEFC',0,0,31,'2009-12-09 19:11:14','2014-08-07 20:12:31','','admin_language=fr-FR\nlanguage=fr-FR\neditor=jce\nhelpsite=\ntimezone=1\n\n'),(386,'badonnel','sandrine','s.badonnel@gmail.com','4c5923a572c6d65293ffc3597d7fd285:iBrN0H9l7OswMPUSJ85mZCzdThV7bUfA','Registered',0,0,18,'2012-08-20 17:38:30','2013-01-06 21:33:44','','language=\ntimezone=1\nadmin_language=\neditor=\nhelpsite=\n\n'),(364,'Romary Valdenaire','romary','rvaldenaire@yahoo.fr','39d9852f1279949d92e72b69dee882bb:WAUqmujN9y3PeoaUgDjmPT5zXI5j8200','membres CEFC',0,0,31,'2009-12-09 19:12:34','0000-00-00 00:00:00','','admin_language=fr-FR\nlanguage=fr-FR\neditor=jce\nhelpsite=\ntimezone=1\n\n'),(365,'Christophe Bourrelier','cbourrelier','christophe.bourrelier@gmail.com','d5b6ab98496924e0bac73b7cd915e471:CNq6h6JfZzooteP5UlXQnelxoPifRAz6','membres CEFC',0,0,31,'2010-03-29 13:35:32','0000-00-00 00:00:00','','admin_language=fr-FR\nlanguage=fr-FR\neditor=jce\nhelpsite=\ntimezone=1\n\n'),(388,'Eloise Micossi','emicossi','grainesdedryade@gmail.com','c5cad3d4a984dd07eec7aeba29aae8e3:pNwsPzDQtaXsnOjxr7hETubfaCeUJb9o','Registered',0,0,18,'2012-11-07 16:48:19','0000-00-00 00:00:00','','admin_language=fr-FR\nlanguage=fr-FR\neditor=jce\nhelpsite=\ntimezone=1\n\n'),(379,'La belette','Sylvain','sylvain.gallea@gmail.com','3526cc8262815df4694940c109544866:q1A5Ojhkebt6VMS8qhDytKomvwsfOq5e','Registered',0,0,18,'2011-06-07 19:06:56','2012-10-23 06:48:36','','page_title=Modifiez vos paramètres\nshow_page_title=1\nlanguage=\ntimezone=1\n\n'),(373,'Cécilia','Cécilia','cecilia.thollon@gmail.com','45d95faae0bc8cb77964ba5f006aeb2b:8CXuOXo1ZPA1reP8hzwGWJ8XfKkR3J85','Registered',0,0,18,'2010-09-16 09:01:03','2012-04-30 22:15:59','','language=fr-FR\ntimezone=1\nadmin_language=\neditor=\nhelpsite=\n\n'),(368,'laurèn Hafis','laurèn','laurenhafis@hotmail.fr','dd65dd7ec5a88dde82459bce0382c774:PU6MpOiJsr7qGlRJJu5md1Rxw8fic7u0','Registered',0,0,18,'2010-04-19 20:29:21','2010-05-12 16:15:09','51b465bd11666ca0e0113dac74100114','language=fr-FR\ntimezone=1\nadmin_language=\neditor=\nhelpsite=\n\n'),(369,'Rozie','Rozie','hivy_sheyenne@hotmail.fr','bb9d5fbb765663f74cb6d0d46699e326:PzXGUieD07vHt4L1ltihNeyywRDhB7Sx','membres CEFC',0,0,31,'2010-04-21 18:07:41','2012-07-18 17:36:25','d07829bdf97648059e94b50b61225d6b','language=\ntimezone=1\n\n'),(370,'Florian Chays','Florian','florianchays@hotmail.com','d288e587b6037533fc607ded449992b3:veAI5ON4IEGnnjFDhu0DhxMmINPnTqUf','Registered',0,0,18,'2010-04-25 11:36:01','2010-06-14 16:08:44','','language=\ntimezone=1\nadmin_language=\neditor=\nhelpsite=\n\n'),(371,'administrateur bibliothèque','adminbibli','hervald@hrafnheim.fr','4b03f824759e7159178b299fb201a52e:KCPH5Et18pXJ35qi7fgNm9X4Qr5BgVux','Manager',0,0,23,'2010-05-31 15:49:17','2015-09-16 14:31:10','','admin_language=fr-FR\nlanguage=fr-FR\neditor=jce\nhelpsite=\ntimezone=1\n\n'),(372,'Arnaud Enderlen','enderlen','enderlen@dynatmos.com','734a8c636f02a9c47e3fbdcb24a4dbb2:4f2CHWpODww09piQja2Ux7VY33STVDmX','membres CEFC',0,0,31,'2010-09-14 12:08:48','2011-02-08 18:09:58','','language=\ntimezone=1\nadmin_language=\neditor=\nhelpsite=\n\n'),(378,'de Brébisson','thib','ldnecron@hotmail.com','afddd51b0eb5f8e1d4a6bd0eb0017096:Hbx5dxP6lmy4rK2vRmh4Mj6PBIfoJgYH','Registered',0,0,18,'2011-03-22 09:29:21','2011-06-14 05:48:36','','\n'),(375,'Mélanie Woirin','moriganne','hp_lilith@hotmail.com','44de3871ed2e838d62528251bfc706bd:wcM4zHQsEpD6q5tvplD7DKE7NUeXEmyv','Registered',0,0,18,'2010-09-28 08:19:12','0000-00-00 00:00:00','','language=fr-FR\ntimezone=1\nadmin_language=fr-FR\neditor=jce\nhelpsite=\n\n'),(393,'Victor Voisin','vvoisin','victorvoisin@neuf.fr','0ac9180a73af1bccf7ed09e3a7f2950d:6rWZO1X38LuzrlWjUGDFxJjG2N4lTBKm','Registered',0,0,18,'2013-06-25 16:22:50','0000-00-00 00:00:00','','admin_language=fr-FR\nlanguage=fr-FR\neditor=jce\nhelpsite=\ntimezone=1\n\n'),(380,'Olivier Lachavanne','roland','bloodmask@hotmail.fr','1ee925bb42e3ccbe55bc1d77c4112a8d:0nsqSNAo1kTAAQviyZbb69VIlW2hcG1m','membres CEFC',0,0,31,'2011-07-04 10:05:15','0000-00-00 00:00:00','','admin_language=fr-FR\nlanguage=fr-FR\neditor=jce\nhelpsite=\ntimezone=1\n\n'),(381,'Leila El Khessassi','leila','leila_elkhessassi@yahoo.fr','4ff1a4e6194185774031b5d5819962c6:q4ZjYRld67ecyoKh0m8J0YXD4UxuCrS5','Registered',0,0,18,'2011-07-04 10:06:20','0000-00-00 00:00:00','','admin_language=fr-FR\nlanguage=fr-FR\neditor=jce\nhelpsite=\ntimezone=1\n\n'),(382,'Gaby','Gab','dongabyno@hotmail.fr','295cf10b4d5ac3120128050d5ef03024:DDuQmBJy0KFoh83hhY3QVNMHV8fPLycT','membres CEFC',0,0,31,'2011-08-23 20:47:47','0000-00-00 00:00:00','','language=\ntimezone=1\n\n'),(383,'Chantal','Sitelle','cleger@eagle-ms.be','bb68342eeaa405d585fd25e9aaec321b:FcCJADEFUOURwD5RqpXK2vczRarCmwe3','Registered',0,0,18,'2011-10-22 21:10:35','2011-10-22 21:11:37','','\n'),(384,'Thevenot','Vero','teufamily@sfr.fr','afe4ca62da42c00793ad4fbaa947c044:R9udup4nOXQSogWicM5c3P71IAJjAw4c','Registered',0,0,18,'2011-11-06 21:47:42','0000-00-00 00:00:00','','language=\ntimezone=1\nadmin_language=\neditor=\nhelpsite=\n\n'),(392,'Damien Frapy','dfrapy','damien.frapy@wanadoo.fr','33c60977790f812d7027a3e7f9472f1f:7KDZEBpjI5HzSYzaPlbROy4UbmnDOSnN','Registered',0,0,18,'2013-06-19 15:56:14','2013-06-19 15:57:50','','admin_language=fr-FR\nlanguage=fr-FR\neditor=jce\nhelpsite=\ntimezone=1\n\n'),(395,'Laurent Vienot','lvienot','l.vienot@gaussin.com','ba09fe09b948372cd20eb0ff68a1ac1e:d0arrMgUJ15rZCT8YoeJklXFoNQPd5k5','membres CEFC',0,0,31,'2013-10-28 14:34:35','0000-00-00 00:00:00','','admin_language=fr-FR\nlanguage=fr-FR\neditor=jce\nhelpsite=\ntimezone=1\n\n'),(396,'Bertrand Michaud','bmichaud','bertrand_michaud@hotmail.com','110edfd0e2967c50a5e671a9e9a35f6f:YwAaPfj7ENPqCofKS5y0FnsiiedbHBG0','membres CEFC',0,0,31,'2013-10-28 14:35:39','0000-00-00 00:00:00','','admin_language=fr-FR\nlanguage=fr-FR\neditor=jce\nhelpsite=\ntimezone=1\n\n'),(397,'Christophe Chaillet','cchaillet','chris.chaillet@free.fr','3edd8527117a9cf3d97486df46840be2:uOpEFyvXOZmrJGrKkPMJEofLIHp8cPaZ','membres CEFC',0,0,31,'2014-01-14 19:09:14','0000-00-00 00:00:00','','admin_language=fr-FR\nlanguage=fr-FR\neditor=jce\nhelpsite=\ntimezone=1\n\n'),(398,'Louis Marline','Neamik','louis.marline90@gmail.com','46507420724e8c34497fe1be63e28906:mp2srjVcJJXx44e0R56XtK499sRixnnV','membres CEFC',0,0,31,'2014-06-23 20:08:32','2014-08-24 22:07:06','','language=\ntimezone=1\n\n'),(399,'Nicolas Roy','coquinounet','nicolasroy96@gmail.com','c23c811416815869a3a4097649c7df6e:EKGfKn4mkkkbcVdwYpgnBJMHTTd0f10c','membres CEFC',0,0,31,'2014-06-23 20:25:38','2014-06-23 20:27:35','','language=\ntimezone=1\n\n'),(400,'Gérard Mierzwa','gmierzwa','gerard.mierzwa@numericable.fr','933c147c50760f08e2e027424e834a38:xEt2cffMNMNtAPx5NkhQyVKxxNVugGr8','membres CEFC',0,0,31,'2016-12-07 21:45:18','0000-00-00 00:00:00','','admin_language=fr-FR\nlanguage=fr-FR\neditor=jce\nhelpsite=\ntimezone=1\n\n'),(407,'Franck Poirel','fpoirel','franck.poirel@laposte.net','61aa11c57210713922befa3f3b8d69d2:orcqA274hDabAIcigjMQLZoucZ66elDx','membres CEFC',0,0,31,'2017-02-18 17:11:07','0000-00-00 00:00:00','','admin_language=fr-FR\nlanguage=fr-FR\neditor=jce\nhelpsite=\ntimezone=1\n\n'),(408,'Hervald1','hervald1','hervald@cefc.asso.fr','6937d0a70b60f411','Super Administrator',0,0,25,'2007-06-14 11:21:32','2017-09-03 16:38:50','','editor=jce\r\nexpired=\r\nexpired_time=\r\nadmin_language=fr-FR\r\nlanguage=fr-FR\r\nhelpsite=http://help.joomla.org\r\ntimezone=1\r\n\r\n');

--
-- Table structure for table `jos_weblinks`
--

CREATE TABLE `jos_weblinks` (
  `id` int(11) unsigned NOT NULL AUTO_INCREMENT,
  `catid` int(11) NOT NULL DEFAULT '0',
  `sid` int(11) NOT NULL DEFAULT '0',
  `title` varchar(250) NOT NULL DEFAULT '',
  `alias` varchar(255) NOT NULL DEFAULT '',
  `url` varchar(250) NOT NULL DEFAULT '',
  `description` text NOT NULL,
  `date` datetime NOT NULL DEFAULT '0000-00-00 00:00:00',
  `hits` int(11) NOT NULL DEFAULT '0',
  `published` tinyint(1) NOT NULL DEFAULT '0',
  `checked_out` int(11) NOT NULL DEFAULT '0',
  `checked_out_time` datetime NOT NULL DEFAULT '0000-00-00 00:00:00',
  `ordering` int(11) NOT NULL DEFAULT '0',
  `archived` tinyint(1) NOT NULL DEFAULT '0',
  `approved` tinyint(1) NOT NULL DEFAULT '1',
  `params` text NOT NULL,
  PRIMARY KEY (`id`),
  KEY `catid` (`catid`,`published`,`archived`)
) ENGINE=MyISAM AUTO_INCREMENT=11 DEFAULT CHARSET=utf8;

--
-- Dumping data for table `jos_weblinks`
--

INSERT INTO `jos_weblinks` VALUES (1,2,0,'Joomla!','joomla','http://www.joomla.org','Home of Joomla!','2005-02-14 15:19:02',31,0,0,'0000-00-00 00:00:00',1,0,1,'target=0'),(2,2,0,'php.net','phpnet','http://www.php.net','The language that Joomla! is developed in','2004-07-07 11:33:24',0,0,0,'0000-00-00 00:00:00',9,0,1,''),(3,2,0,'MySQL','mysql','http://www.mysql.com','The database that Joomla! uses','2004-07-07 10:18:31',0,0,0,'0000-00-00 00:00:00',10,0,1,''),(4,2,0,'OpenSourceMatters','opensourcematters','http://www.opensourcematters.org','Home of OSM','2005-02-14 15:19:02',2,0,0,'0000-00-00 00:00:00',6,0,1,'target=0'),(5,2,0,'Joomla! - Forums','joomla-forums','http://forum.joomla.org','Joomla! Forums','2005-02-14 15:19:02',2,0,0,'0000-00-00 00:00:00',7,0,1,'target=0'),(6,2,0,'Joomla.fr','joomlafr','http://www.joomla.fr','Le portail Joomla! francophone','2005-02-14 15:19:02',1,0,0,'0000-00-00 00:00:00',8,0,1,'target=0'),(7,26,0,'Compagnie Excalibur Rhône','compagnie-excalibur-rh','http://xkrhone.free.fr/association.php','contact : xkrhone@free.fr','2008-05-14 14:27:11',445,1,0,'0000-00-00 00:00:00',1,0,1,'target=0'),(8,26,0,'Compagnie Excalibur Dauphiné','compagnie-excalibur-dauphin','http://excalibur-dauphine.org/','contact : secretaire@excalibur-dauphine.org','2008-05-14 14:16:06',1071,1,0,'0000-00-00 00:00:00',3,0,1,'target=0'),(9,26,0,'Compagnie Excalibur Ile de France','compagnie-excalibur-ile-de-france','http://excaliburidf.free.fr/accueil_general.htm','contact : excaliburidf@free.fr','2008-05-14 14:16:28',670,1,0,'0000-00-00 00:00:00',4,0,1,'target=0'),(10,26,0,'Compagnie Excalibur Bretagne','compagnie-excalibur-bretagne','http://-','contact : bene.yann@wanadoo.fr','2008-05-14 14:15:41',432,1,0,'0000-00-00 00:00:00',2,0,1,'target=0');


